{"id":8998,"date":"2024-10-20T23:49:04","date_gmt":"2024-10-20T23:49:04","guid":{"rendered":"https:\/\/noas.no\/riketstilstand\/?page_id=8998"},"modified":"2024-10-21T19:58:10","modified_gmt":"2024-10-21T19:58:10","slug":"colombia","status":"publish","type":"page","link":"https:\/\/noas.no\/riketstilstand\/2024-2\/landprofiler\/colombia\/","title":{"rendered":"Colombia"},"content":{"rendered":"\t\t<div data-elementor-type=\"wp-page\" data-elementor-id=\"8998\" class=\"elementor elementor-8998\">\n\t\t\t\t\t\t<section class=\"elementor-section elementor-top-section elementor-element elementor-element-af9c566 elementor-section-full_width elementor-section-height-min-height elementor-section-height-default elementor-section-items-middle\" data-id=\"af9c566\" data-element_type=\"section\" data-e-type=\"section\" data-settings=\"{&quot;background_background&quot;:&quot;classic&quot;}\">\n\t\t\t\t\t\t\t<div class=\"elementor-background-overlay\"><\/div>\n\t\t\t\t\t\t\t<div class=\"elementor-container elementor-column-gap-default\">\n\t\t\t\t\t<div class=\"elementor-column elementor-col-100 elementor-top-column elementor-element elementor-element-d9e2d67\" data-id=\"d9e2d67\" data-element_type=\"column\" data-e-type=\"column\">\n\t\t\t<div class=\"elementor-widget-wrap elementor-element-populated\">\n\t\t\t\t\t\t<div class=\"elementor-element elementor-element-0035ca4 elementor-widget elementor-widget-heading\" data-id=\"0035ca4\" data-element_type=\"widget\" data-e-type=\"widget\" data-widget_type=\"heading.default\">\n\t\t\t\t<div class=\"elementor-widget-container\">\n\t\t\t\t\t<h1 class=\"elementor-heading-title elementor-size-default\">Landprofiler 2024<\/h1>\t\t\t\t<\/div>\n\t\t\t\t<\/div>\n\t\t\t\t\t<\/div>\n\t\t<\/div>\n\t\t\t\t\t<\/div>\n\t\t<\/section>\n\t\t\t\t<section class=\"elementor-section elementor-top-section elementor-element elementor-element-7b08c5c5 elementor-section-boxed elementor-section-height-default elementor-section-height-default\" data-id=\"7b08c5c5\" data-element_type=\"section\" data-e-type=\"section\">\n\t\t\t\t\t\t<div class=\"elementor-container elementor-column-gap-default\">\n\t\t\t\t\t<div class=\"elementor-column elementor-col-100 elementor-top-column elementor-element elementor-element-115ec608\" data-id=\"115ec608\" data-element_type=\"column\" data-e-type=\"column\">\n\t\t\t<div class=\"elementor-widget-wrap elementor-element-populated\">\n\t\t\t\t\t\t<div class=\"elementor-element elementor-element-46069d0d elementor-widget elementor-widget-text-editor\" data-id=\"46069d0d\" data-element_type=\"widget\" data-e-type=\"widget\" data-widget_type=\"text-editor.default\">\n\t\t\t\t<div class=\"elementor-widget-container\">\n\t\t\t\t\t\t\t\t\t<div id=\"page-body-header\" class=\"extra-wrapper\"><div id=\"page-header-62f54b1323142a1e20131433\" class=\"sqs-layout sqs-grid-12 columns-12\" data-layout-label=\"Landprofiler Header Content\" data-type=\"block-field\" data-updated-on=\"1660510503982\"><div id=\"yui_3_17_2_1_1662956236214_322\" class=\"row sqs-row\"><div id=\"yui_3_17_2_1_1662956236214_321\" class=\"col sqs-col-12 span-12\"><div id=\"block-82b1c374f2fbfdd26b47\" class=\"sqs-block html-block sqs-block-html\" data-block-type=\"2\"><div id=\"yui_3_17_2_1_1662956236214_320\" class=\"sqs-block-content\"><p id=\"yui_3_17_2_1_1662956236214_319\" class=\"\"><span id=\"yui_3_17_2_1_1662956236214_318\"><b>Landprofiler<\/b><\/span><strong>:\u00a0\u00a0<\/strong> <a href=\"https:\/\/noas.no\/riketstilstand\/afghanistan\/\">Afghanistan<\/a>\u00a0 &#8211;\u00a0 <a href=\"https:\/\/noas.no\/riketstilstand\/eritrea\/\">Eritrea\u00a0<\/a> &#8211;\u00a0 <a href=\"https:\/\/noas.no\/riketstilstand\/etiopia\/\">Etiopia\u00a0<\/a> &#8211;\u00a0 <a href=\"https:\/\/noas.no\/riketstilstand\/irak\/\">Irak\u00a0<\/a> &#8211;\u00a0 <a href=\"https:\/\/noas.no\/riketstilstand\/iran\/\">Iran\u00a0\u00a0<\/a> &#8211; <a href=\"https:\/\/noas.no\/riketstilstand\/somalia\/\">Somalia <\/a>&#8211;\u00a0 <a href=\"https:\/\/noas.no\/riketstilstand\/syria\/\">Syria <\/a>&#8211; <a href=\"https:\/\/noas.no\/riketstilstand\/tyrkia\/\">Tyrkia<\/a><\/p><\/div><\/div><\/div><\/div><\/div><\/div>\t\t\t\t\t\t\t\t<\/div>\n\t\t\t\t<\/div>\n\t\t\t\t\t<\/div>\n\t\t<\/div>\n\t\t\t\t\t<\/div>\n\t\t<\/section>\n\t\t\t\t<section class=\"elementor-section elementor-top-section elementor-element elementor-element-3d4a1cc elementor-section-boxed elementor-section-height-default elementor-section-height-default\" data-id=\"3d4a1cc\" data-element_type=\"section\" data-e-type=\"section\">\n\t\t\t\t\t\t<div class=\"elementor-container elementor-column-gap-default\">\n\t\t\t\t\t<div class=\"elementor-column elementor-col-25 elementor-top-column elementor-element elementor-element-4a5afd84\" data-id=\"4a5afd84\" data-element_type=\"column\" data-e-type=\"column\">\n\t\t\t<div class=\"elementor-widget-wrap elementor-element-populated\">\n\t\t\t\t\t\t<div class=\"elementor-element elementor-element-2297fd6b elementor-widget elementor-widget-heading\" data-id=\"2297fd6b\" data-element_type=\"widget\" data-e-type=\"widget\" data-widget_type=\"heading.default\">\n\t\t\t\t<div class=\"elementor-widget-container\">\n\t\t\t\t\t<h2 class=\"elementor-heading-title elementor-size-default\"><a href=\"#\">Colombia\n<\/a><\/h2>\t\t\t\t<\/div>\n\t\t\t\t<\/div>\n\t\t\t\t\t<\/div>\n\t\t<\/div>\n\t\t\t\t<div class=\"elementor-column elementor-col-50 elementor-top-column elementor-element elementor-element-19ccdff3\" data-id=\"19ccdff3\" data-element_type=\"column\" data-e-type=\"column\">\n\t\t\t<div class=\"elementor-widget-wrap\">\n\t\t\t\t\t\t\t<\/div>\n\t\t<\/div>\n\t\t\t\t<div class=\"elementor-column elementor-col-25 elementor-top-column elementor-element elementor-element-2b7a1766\" data-id=\"2b7a1766\" data-element_type=\"column\" data-e-type=\"column\">\n\t\t\t<div class=\"elementor-widget-wrap\">\n\t\t\t\t\t\t\t<\/div>\n\t\t<\/div>\n\t\t\t\t\t<\/div>\n\t\t<\/section>\n\t\t\t\t<section class=\"elementor-section elementor-top-section elementor-element elementor-element-77394d6d elementor-section-boxed elementor-section-height-default elementor-section-height-default\" data-id=\"77394d6d\" data-element_type=\"section\" data-e-type=\"section\">\n\t\t\t\t\t\t<div class=\"elementor-container elementor-column-gap-default\">\n\t\t\t\t\t<div class=\"elementor-column elementor-col-50 elementor-top-column elementor-element elementor-element-4d8cdde\" data-id=\"4d8cdde\" data-element_type=\"column\" data-e-type=\"column\">\n\t\t\t<div class=\"elementor-widget-wrap elementor-element-populated\">\n\t\t\t\t\t\t<div class=\"elementor-element elementor-element-7f80c51 elementor-widget elementor-widget-image\" data-id=\"7f80c51\" data-element_type=\"widget\" data-e-type=\"widget\" data-widget_type=\"image.default\">\n\t\t\t\t<div class=\"elementor-widget-container\">\n\t\t\t\t\t\t\t\t\t\t\t\t\t\t\t<img fetchpriority=\"high\" decoding=\"async\" width=\"767\" height=\"310\" src=\"https:\/\/noas.no\/riketstilstand\/wp-content\/uploads\/2024\/10\/2.png\" class=\"attachment-large size-large wp-image-9017\" alt=\"\" srcset=\"https:\/\/noas.no\/riketstilstand\/wp-content\/uploads\/2024\/10\/2.png 767w, https:\/\/noas.no\/riketstilstand\/wp-content\/uploads\/2024\/10\/2-300x121.png 300w\" sizes=\"(max-width: 767px) 100vw, 767px\" \/>\t\t\t\t\t\t\t\t\t\t\t\t\t\t\t<\/div>\n\t\t\t\t<\/div>\n\t\t\t\t<div class=\"elementor-element elementor-element-520a6760 elementor-widget elementor-widget-heading\" data-id=\"520a6760\" data-element_type=\"widget\" data-e-type=\"widget\" data-widget_type=\"heading.default\">\n\t\t\t\t<div class=\"elementor-widget-container\">\n\t\t\t\t\t<h2 class=\"elementor-heading-title elementor-size-default\"><b>En v\u00e6pnet konflikt i 60 \u00e5r \n\n<\/b>\n<\/h2>\t\t\t\t<\/div>\n\t\t\t\t<\/div>\n\t\t\t\t<div class=\"elementor-element elementor-element-a47e24f elementor-widget elementor-widget-text-editor\" data-id=\"a47e24f\" data-element_type=\"widget\" data-e-type=\"widget\" data-widget_type=\"text-editor.default\">\n\t\t\t\t<div class=\"elementor-widget-container\">\n\t\t\t\t\t\t\t\t\t<p>Colombia har v\u00e6rt i en v\u00e6pnet konflikt i 60 \u00e5r og er . Siden 2016-2017 har det v\u00e6rt en \u00f8kning av colombianske asyls\u00f8kere til Europa, og de utgjorde den <a href=\"https:\/\/euaa.europa.eu\/latest-asylum-trends-asylum\">femte st\u00f8rste gruppen<\/a> i 2023. Andelen som fikk innvilget sin asyls\u00f8knad i 2023\u00a0var 5-10%.\u00a0De fleste s\u00f8ker asyl i Spania, som har tatt skritt mot \u00e5 gi tillatelser til papirl\u00f8se som har oppholdt seg i landet siden 2021.<\/p><p>I Norge har prosentandelen variert, antakeligvis p\u00e5 grunn av et relativt lavt antall s\u00f8kere. Det har allikevel v\u00e6rt en betydelig \u00f8kning de siste \u00e5rene. Ventetiden for \u00e5 f\u00e5 vedtak har v\u00e6rt p\u00e5 opptil to \u00e5r, i noen tilfeller lenger.<\/p><p><a href=\"https:\/\/euaa.europa.eu\/publications\/colombia-country-focus\">Colombia<\/a> har v\u00e6rt et av landene i Latin-Amerika med st\u00f8rst ulikhet i fordelingen av land og \u00f8konomiske ressurser. FARC-geriljaen vokste frem p\u00e5 1960-tallet og mobiliserte blant annet for jordreformer og omfordeling av rikdom. Myndighetene, gerilja, narkotikakarteller og paramilit\u00e6re grupper ofte i ledtog med private landeiere, , har kjempet om kontroll over landets lukrative legale og illegale \u00f8konomier. De v\u00e6pnede gruppene ut\u00f8ver sosial, territoriell og strategisk kontroll over st\u00f8rre omr\u00e5der med manglende statlig tilstedev\u00e6relse, og har st\u00e5tt bak <a href=\"https:\/\/view.officeapps.live.com\/op\/view.aspx?src=https%3A%2F%2Flandinfo.no%2Fwp-content%2Fuploads%2F2021%2F05%2FColombia-tutorial.docx&amp;wdOrigin=BROWSELINK\">omfattende brudd p\u00e5 menneskerettighetene.<\/a><\/p><p>Et av resultatene av fredsforhandlingene i 2016 var at FARC-geriljaen skulle demobiliseres. Maktvakuumet etter FARC f\u00f8rte likevel til at konfliktniv\u00e5et eskalerte, konflikten ble langt mer uoversiktlig<em>,<\/em> og til en <a href=\"https:\/\/landinfo.no\/wp-content\/uploads\/2020\/02\/Colombia-respons-Fremvekst-av-ulike-v%C3%A6pnede-akt%C3%B8rer-etter-fredsprosessen-og-drapene-p%C3%A5-sosiale-ledere-03022020.pdf\">fremvekst av ulike irregul\u00e6re v\u00e6pnede akt\u00f8rer<\/a> som har tatt kontroll over FARCs tidligere omr\u00e5der.<\/p>\t\t\t\t\t\t\t\t<\/div>\n\t\t\t\t<\/div>\n\t\t\t\t<section class=\"elementor-section elementor-inner-section elementor-element elementor-element-926d670 elementor-section-boxed elementor-section-height-default elementor-section-height-default\" data-id=\"926d670\" data-element_type=\"section\" data-e-type=\"section\">\n\t\t\t\t\t\t<div class=\"elementor-container elementor-column-gap-default\">\n\t\t\t\t\t<div class=\"elementor-column elementor-col-100 elementor-inner-column elementor-element elementor-element-9f66bf1\" data-id=\"9f66bf1\" data-element_type=\"column\" data-e-type=\"column\">\n\t\t\t<div class=\"elementor-widget-wrap elementor-element-populated\">\n\t\t\t\t\t\t<div class=\"elementor-element elementor-element-e48c8a4 elementor-widget__width-initial elementor-widget elementor-widget-text-editor\" data-id=\"e48c8a4\" data-element_type=\"widget\" data-e-type=\"widget\" data-widget_type=\"text-editor.default\">\n\t\t\t\t<div class=\"elementor-widget-container\">\n\t\t\t\t\t\t\t\t\t<p>Det colombianske instituttet for fred og utvikling, Indepaz, skrev i 2022 at <a href=\"https:\/\/landinfo.no\/wp-content\/uploads\/2022\/10\/Colombia-respons-Rekruttering-til-irregulaere-vaepnede-grupper-07102022.pdf\">1362 sosiale ledere hadde blitt drept<\/a> siden fredsavtalen ble undertegnet i 2016. <a href=\"https:\/\/euaa.europa.eu\/publications\/colombia-country-focus\">\u00abSosiale ledere\u00bb<\/a> er et vidt begrep i colombiansk kontekst. Det kan v\u00e6re <a href=\"https:\/\/landinfo.no\/wp-content\/uploads\/2020\/11\/Colombia-respons-Miljoaktivister-og-hva-de-risikerer-som-folge-av-sitt-arbeid-11112020.pdf\">milj\u00f8aktivister<\/a> som jobber mot gruvedrift, aktivister som har v\u00e6rt aktive i fredsprosessen og jobber for alternativer til kokaproduksjon, eller for urfolks rettigheter i utsatte omr\u00e5der.\u00a0Flere colombianere som har oppgitt slik aktivitet har f\u00e5tt asyl i Norge. NOAS har sett tilfeller der de ikke har f\u00e5tt det fordi de har avsluttet aktiviteten og ikke mottatt alvorlige reaksjoner i ettertid, eller har bosatt seg i et annet omr\u00e5de i Colombia uten \u00e5 ha mottatt reaksjoner.<\/p>\t\t\t\t\t\t\t\t<\/div>\n\t\t\t\t<\/div>\n\t\t\t\t\t<\/div>\n\t\t<\/div>\n\t\t\t\t\t<\/div>\n\t\t<\/section>\n\t\t\t\t<div class=\"elementor-element elementor-element-d048b46 elementor-widget__width-initial elementor-widget elementor-widget-text-editor\" data-id=\"d048b46\" data-element_type=\"widget\" data-e-type=\"widget\" data-widget_type=\"text-editor.default\">\n\t\t\t\t<div class=\"elementor-widget-container\">\n\t\t\t\t\t\t\t\t\t<p>I 2021 br\u00f8t det ut <a href=\"https:\/\/landinfo.no\/wp-content\/uploads\/2022\/08\/Colombia-respons-Demonstrasjonene-mot-regjeringen-i-2021-og-reaksjoner-overfor-demonstrantene-i-etterkant-30082022.pdf\">landsomfattende protester<\/a> p\u00e5 grunn av en skattereform og myndighetenes h\u00e5ndtering av koka-avlingene. Politiet og milit\u00e6ret brukte v\u00e5pen og fysisk vold, ogs\u00e5 seksualisert vold og arrestasjoner. Av de f\u00e5 som har fremmet anmeldelser mot politiet har flere blitt utsatt for alvorlige trusler og andre overgrep i ettertid. Flere som har hatt forbindelser til protestene har f\u00e5tt beskyttelse i Norge.<\/p><p>Alle de v\u00e6pnede akt\u00f8rene<a href=\"https:\/\/landinfo.no\/wp-content\/uploads\/2022\/10\/Colombia-respons-Rekruttering-til-irregulaere-vaepnede-grupper-07102022.pdf\"> rekrutterer<\/a> til sine grupper ved tvang eller \u00abfrivillighet\u00bb. Rekruttering av mindre\u00e5rige \u00f8kte etter fredsavtalen, og ytterligere etter Covid 19 som f\u00f8lge av forverringen av den humanit\u00e6re situasjonen, og gruppenes \u00f8kte spillerom. Tvangsrekruttering er den vanligste grunnen til at familier fordrives internt i landet. De fleste ender opp i slumomr\u00e5der i store byer der kriminelle grupper befinner seg. Noen grupper, s\u00e6rlig paramilit\u00e6re, har nettverk i hele landet som gj\u00f8r at personer kan gjenfinnes.<\/p><p>Flere asyls\u00f8kere fra Colombia har oppgitt at de har mottatt trusler og har m\u00e5ttet flykte <a href=\"https:\/\/www.udiregelverk.no\/rettskilder\/udi-retningslinjer\/udi-2016-019\/\">til et annet<\/a><a href=\"https:\/\/www.udiregelverk.no\/rettskilder\/udi-retningslinjer\/udi-2016-019\/\">\u00a0 i Colombia<\/a>, der de har fortsatt \u00e5 motta trusler. I tilfellene der forvaltningen har ment at det har v\u00e6rt troverdig at personen har mottatt trusler, men at det ikke har fortsatt n\u00e5r personen har bosatt seg i et annet omr\u00e5de, har de blitt henvist dit.<\/p><p>N\u00e5r det kommer til myndighetsbeskyttelse, s\u00e5 har colombianske myndigheter et <a href=\"https:\/\/landinfo.no\/wp-content\/uploads\/2022\/12\/Colombia-respons-Myndighetsbeskyttelse-om-UNPs-funksjon-og-politiets-rolle-02122022.pdf\">beskyttelsesprogram<\/a> for personer som er utsatt for risiko i kraft av sitt arbeid. Flere organisasjoner mener imidlertid at det ikke fungerer og kan sette den utsatte i st\u00f8rre fare enn tidligere.\u00a0<\/p><p>Politiet har manglende tillit i befolkningen og er kjent for \u00e5 v\u00e6re korrupte, <a href=\"https:\/\/landinfo.no\/wp-content\/uploads\/2022\/12\/Colombia-respons-Myndighetsbeskyttelse-om-UNPs-funksjon-og-politiets-rolle-02122022.pdf\">opptre brutalt<\/a> og selv st\u00e5 bak alvorlige overgrep. Allianser mellom ulike samfunnsakt\u00f8rer, politiet og milit\u00e6ret kan bety at \u00e5 anmelde politiet selv er umulig. I noen omr\u00e5der der kriminelle grupperinger har stor innflytelse og kontroll, er politiet i praksis frav\u00e6rende. NOAS har sett tilfeller der<\/p>\t\t\t\t\t\t\t\t<\/div>\n\t\t\t\t<\/div>\n\t\t\t\t\t<\/div>\n\t\t<\/div>\n\t\t\t\t<div class=\"elementor-column elementor-col-50 elementor-top-column elementor-element elementor-element-2e818678\" data-id=\"2e818678\" data-element_type=\"column\" data-e-type=\"column\">\n\t\t\t<div class=\"elementor-widget-wrap elementor-element-populated\">\n\t\t\t\t\t\t<div class=\"elementor-element elementor-element-03a3cb6 elementor-widget elementor-widget-text-editor\" data-id=\"03a3cb6\" data-element_type=\"widget\" data-e-type=\"widget\" data-widget_type=\"text-editor.default\">\n\t\t\t\t<div class=\"elementor-widget-container\">\n\t\t\t\t\t\t\t\t\t<div class=\"col sqs-col-3 span-3\">\n<div id=\"block-abc1cf7f494e5702d1c0\" class=\"sqs-block quote-block sqs-block-quote null\" data-block-type=\"31\">\n<div class=\"sqs-block-content\">\n<figure class=\"block-animation-none\">\n<div id=\"page-body-wrapper\" class=\"full-width\">\n<div id=\"page-body\">\n<div id=\"content-wrapper\">\n<div id=\"content\">\n<div class=\"main-content\" data-content-field=\"main-content\" data-collection-id=\"62f2bf58b749a7425be23a91\" data-edit-main-image=\"Page Banner\">\n<div id=\"page-62f2bf58b749a7425be23a91\" class=\"sqs-layout sqs-grid-12 columns-12\" data-type=\"page\" data-updated-on=\"1660265189390\">\n<div class=\"row sqs-row\">\n<div class=\"col sqs-col-12 span-12\">\n<div class=\"row sqs-row\">\n<div class=\"col sqs-col-3 span-3\">\n<div id=\"block-f80a79ee62891752ba5d\" class=\"sqs-block quote-block sqs-block-quote null\" data-block-type=\"31\">\n<div class=\"sqs-block-content\">\n<figure class=\"block-animation-none\">\n<div id=\"block-yui_3_17_2_1_1660254951275_36466\" class=\"sqs-block quote-block sqs-block-quote null sqs-col-4 span-4 float float-right\" data-block-type=\"31\">\n<div id=\"yui_3_17_2_1_1663039081972_319\" class=\"sqs-block-content\">\n<figure id=\"yui_3_17_2_1_1663039081972_318\" class=\"block-animation-none\"><em>\u201cB\u00e5de sivilsamfunn og aktivister som havner i interessekonflikt med v\u00e6pnede akt\u00f8rer er utsatt.\u00a0\u201d<\/em><\/figure>\n<\/div>\n<\/div>\n<div id=\"block-yui_3_17_2_1_1660263554139_21715\" class=\"sqs-block html-block sqs-block-html\" data-block-type=\"2\">\n<div class=\"sqs-block-content\"><\/div>\n<\/div><\/figure>\n<\/div>\n<\/div>\n<\/div>\n<\/div>\n<\/div>\n<\/div>\n<\/div>\n<\/div>\n<\/div>\n<\/div>\n<\/div>\n<\/div>\n<blockquote data-animation-role=\"quote\">\n<div id=\"page-body-wrapper\" class=\"full-width\">\n<div id=\"page-body\">\n<div id=\"content-wrapper\">\n<div id=\"content\">\n<div id=\"page-body-footer\" class=\"extra-wrapper\">\n<div id=\"page-footer-62f2bf58b749a7425be23a91\" class=\"sqs-layout sqs-grid-12 columns-12 empty\" data-layout-label=\"Barns beste, foreldres synder og urimelig juss Footer Content\" data-type=\"block-field\">\n<div class=\"row sqs-row\">\n<div class=\"col sqs-col-12 span-12\"><\/div>\n<\/div>\n<\/div>\n<\/div>\n<\/div>\n<\/div>\n<div id=\"body-clearer\" class=\"clearer\"><\/div>\n<\/div>\n<\/div>\n<div id=\"page-footer-wrapper\">\n<div id=\"page-footer\">\n<div id=\"footer-blocks\" class=\"sqs-layout sqs-grid-12 columns-12\" data-layout-label=\"Footer Content\" data-type=\"block-field\" data-updated-on=\"1660587613512\">\n<div id=\"yui_3_17_2_1_1662945310240_76\" class=\"row sqs-row\">\n<div id=\"yui_3_17_2_1_1662945310240_75\" class=\"col sqs-col-3 span-3\">\n<div id=\"block-yui_3_17_2_1_1660077840242_34376\" class=\"sqs-block spacer-block sqs-block-spacer\" data-aspect-ratio=\"5.445544554455446\" data-block-type=\"21\">\n<div id=\"yui_3_17_2_1_1662945310240_101\" class=\"sqs-block-content sqs-intrinsic\"><\/div>\n<\/div>\n<div id=\"block-yui_3_17_2_110_1496042355005_15969\" class=\"sqs-block image-block sqs-block-image sqs-text-ready\" data-aspect-ratio=\"15.594059405940595\" data-block-type=\"5\">\n<div id=\"yui_3_17_2_1_1662945310240_74\" class=\"sqs-block-content\">\n<div id=\"yui_3_17_2_1_1662945310240_73\" class=\"image-block-outer-wrapper layout-caption-below design-layout-inline combination-animation-none individual-animation-none individual-text-animation-none sqs-narrow-width\" data-test=\"image-block-inline-outer-wrapper\">\n<figure id=\"yui_3_17_2_1_1662945310240_72\" class=\" sqs-block-image-figure intrinsic \">\n<div id=\"yui_3_17_2_1_1662945310240_70\" class=\"image-block-wrapper\" data-animation-role=\"image\">\n<div id=\"yui_3_17_2_1_1662945310240_69\" class=\"sqs-image-shape-container-element has-aspect-ratio \"><\/div>\n<\/div><\/figure>\n<\/div>\n<\/div>\n<\/div>\n<\/div>\n<\/div>\n<\/div>\n<\/div>\n<\/div><\/blockquote>\n<\/figure>\n<\/div>\n<\/div>\n<\/div>\n<div class=\"col sqs-col-6 span-6\">\n<div id=\"block-734f054f8bd1ffbd58c8\" class=\"sqs-block spacer-block sqs-block-spacer sized vsize-1\" data-block-type=\"21\">\n<div class=\"sqs-block-content\"><\/div>\n<\/div>\n<div id=\"block-2bab7b18f4b4d2f1f87c\" class=\"sqs-block html-block sqs-block-html\" data-block-type=\"2\">\n<div class=\"sqs-block-content\"><\/div>\n<\/div>\n<\/div>\t\t\t\t\t\t\t\t<\/div>\n\t\t\t\t<\/div>\n\t\t\t\t\t<\/div>\n\t\t<\/div>\n\t\t\t\t\t<\/div>\n\t\t<\/section>\n\t\t\t\t<\/div>\n\t\t","protected":false},"excerpt":{"rendered":"<p>Landprofiler 2024 Landprofiler:\u00a0\u00a0 Afghanistan\u00a0 &#8211;\u00a0 Eritrea\u00a0 &#8211;\u00a0 Etiopia\u00a0 &#8211;\u00a0 Irak\u00a0 &#8211;\u00a0 Iran\u00a0\u00a0 &#8211; Somalia &#8211;\u00a0 Syria &#8211; Tyrkia Colombia En v\u00e6pnet konflikt i 60 \u00e5r Colombia har v\u00e6rt i en v\u00e6pnet konflikt i 60 \u00e5r og er . Siden 2016-2017 har det v\u00e6rt en \u00f8kning av colombianske asyls\u00f8kere til Europa, og de utgjorde den femte [&hellip;]<\/p>\n","protected":false},"author":1,"featured_media":0,"parent":8871,"menu_order":0,"comment_status":"closed","ping_status":"closed","template":"","meta":{"_acf_changed":false,"site-sidebar-layout":"no-sidebar","site-content-layout":"page-builder","ast-site-content-layout":"full-width-container","site-content-style":"unboxed","site-sidebar-style":"unboxed","ast-global-header-display":"","ast-banner-title-visibility":"","ast-main-header-display":"","ast-hfb-above-header-display":"","ast-hfb-below-header-display":"","ast-hfb-mobile-header-display":"","site-post-title":"disabled","ast-breadcrumbs-content":"","ast-featured-img":"disabled","footer-sml-layout":"","ast-disable-related-posts":"","theme-transparent-header-meta":"default","adv-header-id-meta":"","stick-header-meta":"","header-above-stick-meta":"","header-main-stick-meta":"","header-below-stick-meta":"","astra-migrate-meta-layouts":"set","ast-page-background-enabled":"default","ast-page-background-meta":{"desktop":{"background-color":"var(--ast-global-color-4)","background-image":"","background-repeat":"repeat","background-position":"center center","background-size":"auto","background-attachment":"scroll","background-type":"","background-media":"","overlay-type":"","overlay-color":"","overlay-opacity":"","overlay-gradient":""},"tablet":{"background-color":"","background-image":"","background-repeat":"repeat","background-position":"center center","background-size":"auto","background-attachment":"scroll","background-type":"","background-media":"","overlay-type":"","overlay-color":"","overlay-opacity":"","overlay-gradient":""},"mobile":{"background-color":"","background-image":"","background-repeat":"repeat","background-position":"center center","background-size":"auto","background-attachment":"scroll","background-type":"","background-media":"","overlay-type":"","overlay-color":"","overlay-opacity":"","overlay-gradient":""}},"ast-content-background-meta":{"desktop":{"background-color":"var(--ast-global-color-5)","background-image":"","background-repeat":"repeat","background-position":"center center","background-size":"auto","background-attachment":"scroll","background-type":"","background-media":"","overlay-type":"","overlay-color":"","overlay-opacity":"","overlay-gradient":""},"tablet":{"background-color":"var(--ast-global-color-5)","background-image":"","background-repeat":"repeat","background-position":"center center","background-size":"auto","background-attachment":"scroll","background-type":"","background-media":"","overlay-type":"","overlay-color":"","overlay-opacity":"","overlay-gradient":""},"mobile":{"background-color":"var(--ast-global-color-5)","background-image":"","background-repeat":"repeat","background-position":"center center","background-size":"auto","background-attachment":"scroll","background-type":"","background-media":"","overlay-type":"","overlay-color":"","overlay-opacity":"","overlay-gradient":""}},"footnotes":""},"class_list":["post-8998","page","type-page","status-publish","hentry"],"acf":[],"_links":{"self":[{"href":"https:\/\/noas.no\/riketstilstand\/wp-json\/wp\/v2\/pages\/8998","targetHints":{"allow":["GET"]}}],"collection":[{"href":"https:\/\/noas.no\/riketstilstand\/wp-json\/wp\/v2\/pages"}],"about":[{"href":"https:\/\/noas.no\/riketstilstand\/wp-json\/wp\/v2\/types\/page"}],"author":[{"embeddable":true,"href":"https:\/\/noas.no\/riketstilstand\/wp-json\/wp\/v2\/users\/1"}],"replies":[{"embeddable":true,"href":"https:\/\/noas.no\/riketstilstand\/wp-json\/wp\/v2\/comments?post=8998"}],"version-history":[{"count":13,"href":"https:\/\/noas.no\/riketstilstand\/wp-json\/wp\/v2\/pages\/8998\/revisions"}],"predecessor-version":[{"id":9150,"href":"https:\/\/noas.no\/riketstilstand\/wp-json\/wp\/v2\/pages\/8998\/revisions\/9150"}],"up":[{"embeddable":true,"href":"https:\/\/noas.no\/riketstilstand\/wp-json\/wp\/v2\/pages\/8871"}],"wp:attachment":[{"href":"https:\/\/noas.no\/riketstilstand\/wp-json\/wp\/v2\/media?parent=8998"}],"curies":[{"name":"wp","href":"https:\/\/api.w.org\/{rel}","templated":true}]}}