{"id":8924,"date":"2024-10-18T14:52:19","date_gmt":"2024-10-18T14:52:19","guid":{"rendered":"https:\/\/noas.no\/riketstilstand\/?page_id=8924"},"modified":"2024-10-21T16:54:43","modified_gmt":"2024-10-21T16:54:43","slug":"gaza","status":"publish","type":"page","link":"https:\/\/noas.no\/riketstilstand\/2024-2\/landprofiler\/gaza\/","title":{"rendered":"Palestina"},"content":{"rendered":"\t\t<div data-elementor-type=\"wp-page\" data-elementor-id=\"8924\" class=\"elementor elementor-8924\">\n\t\t\t\t\t\t<section class=\"elementor-section elementor-top-section elementor-element elementor-element-a25249d elementor-section-full_width elementor-section-height-min-height elementor-section-height-default elementor-section-items-middle\" data-id=\"a25249d\" data-element_type=\"section\" data-e-type=\"section\" data-settings=\"{&quot;background_background&quot;:&quot;classic&quot;}\">\n\t\t\t\t\t\t\t<div class=\"elementor-background-overlay\"><\/div>\n\t\t\t\t\t\t\t<div class=\"elementor-container elementor-column-gap-default\">\n\t\t\t\t\t<div class=\"elementor-column elementor-col-100 elementor-top-column elementor-element elementor-element-55441c6\" data-id=\"55441c6\" data-element_type=\"column\" data-e-type=\"column\">\n\t\t\t<div class=\"elementor-widget-wrap elementor-element-populated\">\n\t\t\t\t\t\t<div class=\"elementor-element elementor-element-bc5851a elementor-widget elementor-widget-heading\" data-id=\"bc5851a\" data-element_type=\"widget\" data-e-type=\"widget\" data-widget_type=\"heading.default\">\n\t\t\t\t<div class=\"elementor-widget-container\">\n\t\t\t\t\t<h1 class=\"elementor-heading-title elementor-size-default\">Landprofiler 2024<\/h1>\t\t\t\t<\/div>\n\t\t\t\t<\/div>\n\t\t\t\t\t<\/div>\n\t\t<\/div>\n\t\t\t\t\t<\/div>\n\t\t<\/section>\n\t\t\t\t<section class=\"elementor-section elementor-top-section elementor-element elementor-element-7924dcd5 elementor-section-boxed elementor-section-height-default elementor-section-height-default\" data-id=\"7924dcd5\" data-element_type=\"section\" data-e-type=\"section\">\n\t\t\t\t\t\t<div class=\"elementor-container elementor-column-gap-default\">\n\t\t\t\t\t<div class=\"elementor-column elementor-col-100 elementor-top-column elementor-element elementor-element-6a8c2c8b\" data-id=\"6a8c2c8b\" data-element_type=\"column\" data-e-type=\"column\">\n\t\t\t<div class=\"elementor-widget-wrap elementor-element-populated\">\n\t\t\t\t\t\t<div class=\"elementor-element elementor-element-56c986ff elementor-widget elementor-widget-heading\" data-id=\"56c986ff\" data-element_type=\"widget\" data-e-type=\"widget\" data-widget_type=\"heading.default\">\n\t\t\t\t<div class=\"elementor-widget-container\">\n\t\t\t\t\t<h2 class=\"elementor-heading-title elementor-size-default\"><a href=\"#\">Palestina\n<\/a><\/h2>\t\t\t\t<\/div>\n\t\t\t\t<\/div>\n\t\t\t\t\t<\/div>\n\t\t<\/div>\n\t\t\t\t\t<\/div>\n\t\t<\/section>\n\t\t\t\t<section class=\"elementor-section elementor-top-section elementor-element elementor-element-69ef4ed elementor-section-boxed elementor-section-height-default elementor-section-height-default\" data-id=\"69ef4ed\" data-element_type=\"section\" data-e-type=\"section\">\n\t\t\t\t\t\t<div class=\"elementor-container elementor-column-gap-default\">\n\t\t\t\t\t<div class=\"elementor-column elementor-col-50 elementor-top-column elementor-element elementor-element-da287b0\" data-id=\"da287b0\" data-element_type=\"column\" data-e-type=\"column\">\n\t\t\t<div class=\"elementor-widget-wrap elementor-element-populated\">\n\t\t\t\t\t\t<div class=\"elementor-element elementor-element-b1e7dda elementor-widget__width-initial elementor-widget elementor-widget-text-editor\" data-id=\"b1e7dda\" data-element_type=\"widget\" data-e-type=\"widget\" data-widget_type=\"text-editor.default\">\n\t\t\t\t<div class=\"elementor-widget-container\">\n\t\t\t\t\t\t\t\t\t<p><strong>Det<\/strong><strong> er registrert 50 asyls\u00f8kere med palestinsk statsborgerskap hittil i 2024 og det er forel\u00f8pig fattet 15 Dublin\/ trygt tredjeland vedtak. Tall levert fra UDI.<\/strong><\/p>\t\t\t\t\t\t\t\t<\/div>\n\t\t\t\t<\/div>\n\t\t\t\t\t<\/div>\n\t\t<\/div>\n\t\t\t\t<div class=\"elementor-column elementor-col-50 elementor-top-column elementor-element elementor-element-4422323\" data-id=\"4422323\" data-element_type=\"column\" data-e-type=\"column\">\n\t\t\t<div class=\"elementor-widget-wrap elementor-element-populated\">\n\t\t\t\t\t\t<div class=\"elementor-element elementor-element-ab51baa elementor-widget__width-initial elementor-widget elementor-widget-text-editor\" data-id=\"ab51baa\" data-element_type=\"widget\" data-e-type=\"widget\" data-widget_type=\"text-editor.default\">\n\t\t\t\t<div class=\"elementor-widget-container\">\n\t\t\t\t\t\t\t\t\t<h3><strong>Palestinere fra Gaza har krav p\u00e5 beskyttelse<\/strong><\/h3>\n<p>Israel erkl\u00e6rte krig og satt i gang massive missilangrep og bakkeoperasjoner i Gaza etter at Hamas angrep Israel den 7. oktober 2023. I perioden fra 7. oktober 2023 til 12. september 2024 ble minst 41&nbsp;118 palestinere drept og 95&nbsp;125 skadet, if\u00f8lge tallene <a href=\"https:\/\/www.ochaopt.org\/content\/humanitarian-situation-update-210-west-bank\">rapportert<\/a> av FNs kontor for koordinering av humanit\u00e6r innsats (OCHA). Minst 1,9 millioner palestinere (9 av 10) er internfordrevne i Gaza, if\u00f8lge <a href=\"https:\/\/www.unrwa.org\/resources\/reports\/unrwa-situation-report-136-situation-gaza-strip-and-west-bank-including-east\">situasjonsrapport<\/a> av 13. september fra FNs hjelpeorganisasjon for palestinske flyktninger (UNRWA). Den strenge grensekontrollen gj\u00f8r at palestinere ikke kan s\u00f8ke tilflukt p\u00e5 en effektiv m\u00e5te for \u00e5 unnslippe krigshandlingene.<\/p>\n<p>I Norge er utreiseplikten for personer med endelig vedtak som inneb\u00e6rer en retur til Gaza midlertidig <a href=\"https:\/\/www.une.no\/sakstyper\/beskyttelseasyl\/returstopp\/\">suspendert<\/a> frem til 18.3.2025. I flere nylige avgj\u00f8relser fra Utlendingsnemnda (UNE) vises det til at UNRWA ikke lenger oppfyller sitt mandat. Palestinere fra Gaza tidligere registrert av UNRWA anses derfor \u00e5 falle inn under flyktningkonvensjonens artikkel 1D annet ledd, og denne gruppen f\u00e5r beskyttelse i Norge etter utlendingsloven \u00a7 28 f\u00f8rste ledd bokstav a. Utlendingsdirektoratet (UDI) skal f\u00f8lge samme praksis i tr\u00e5d med regjeringens <a href=\"https:\/\/www.regjeringen.no\/no\/dokumenter\/gi-032021-instruks-om-praktisering-av-utlendingsloven-31-forste-ledd-jf.-flyktningkonvensjonen-art.-1-d\/id2851094\/\">instruks<\/a> fra mai 2021.<\/p>\n<h3><strong>Familieinnvandring fra Gaza <\/strong><\/h3>\n<p>Vanligvis m\u00e5 personen som vil komme til Norge p\u00e5 familiegjenforening v\u00e6re den som leverer s\u00f8knaden ved et lokalt VFS kontor. P\u00e5 grunn av sikkerhetssituasjonen og den humanit\u00e6re situasjonen i Gaza var det ikke det mulig. UDI innf\u00f8rte en ny ordning 30. januar 2024 for saker om familieinnvandring fra Gaza. Den nye ordningen \u00e5pner for at referansepersonen i Norge kan fremme s\u00f8knaden om familieinnvandring. Referansepersonen er personen i Norge som familiemedlemmet i Gaza s\u00f8ker familieinnvandring med. Det har ikke kommet endringer i reglene for hvem som kan komme p\u00e5 familieinnvandring, og den nye ordningen gjelder kun s\u00f8knadsprosessen, ID-kontroll, utstedelse av innreisevisum og hva som m\u00e5 gj\u00f8res n\u00e5r man kommer til Norge. Ordningen gjelder kun for statsl\u00f8se palestinere som oppholder seg i Gaza.<\/p>\n<p>De generelle reglene for hvem som kan komme p\u00e5 familieinnvandring og hva som skal til, kan du lese mer om her:&nbsp;<a href=\"https:\/\/www.udi.no\/skal-soke\/familieinnvandring\/\">Familieinnvandring \u2013 UDI<\/a><\/p>\n<h3><strong>Norske myndigheter hjelper ikke med utreise fra Gaza <\/strong><\/h3>\n<p>Departementet har en egen instruks for assistert utreise for norske borgere og deres familiemedlemmer i Israel, Palestina og Libanon:&nbsp;<a href=\"https:\/\/www.regjeringen.no\/no\/dokumenter\/gi-192023-revidert-instruks-om-innreisetillatelse-ifm.-assistert-utreise-for-norske-borgere-og-deres-familiemedlemmer-fra-israel-palestina-og-libanon\/id3014446\/\">Instruks GI-19\/2023<\/a>. En s\u00f8ker som f\u00e5r innvilget en tillatelse, kan ikke regne med \u00e5 f\u00e5 bistand til assistert utreise fra norske myndigheter. Dette inneb\u00e6rer at s\u00f8keren selv m\u00e5 komme seg ut av Gaza for \u00e5 m\u00f8te opp ved en norsk utenriksstasjon\/ s\u00f8knadssenter i forbindelse med behandling av s\u00f8knaden og\/eller for \u00e5 f\u00e5 innreisevisum.<\/p>\n<h3><strong>S\u00f8knader fra Gaza blir prioritert<\/strong><\/h3>\n<p>UDI har blitt bedt om \u00e5 prioritere s\u00f8knader om oppholdstillatelse fra personer som er i Palestina eller Israel. P\u00e5&nbsp;<a href=\"https:\/\/www.udi.no\/viktige-meldinger\/informasjon-om-situasjonen-i-palestina-og-israel-og-soknader-om-opphold-i-norge\/#link-33203\">UDIs nettsider<\/a>&nbsp;st\u00e5r det at det kan v\u00e6re praktiske hindre som gj\u00f8r at det tar lenger tid f\u00f8r saken er ferdig behandlet, for eksempel om det er dokumentasjon som mangler.<\/p>\t\t\t\t\t\t\t\t<\/div>\n\t\t\t\t<\/div>\n\t\t\t\t<div class=\"elementor-element elementor-element-4f2c1d4c elementor-widget elementor-widget-button\" data-id=\"4f2c1d4c\" data-element_type=\"widget\" data-e-type=\"widget\" data-widget_type=\"button.default\">\n\t\t\t\t<div class=\"elementor-widget-container\">\n\t\t\t\t\t\t\t\t\t<div class=\"elementor-button-wrapper\">\n\t\t\t\t\t<a class=\"elementor-button elementor-button-link elementor-size-md\" href=\"https:\/\/www.udiregelverk.no\/rettskilder\/udi-retningslinjer\/udi-2010-029\/\">\n\t\t\t\t\t\t<span class=\"elementor-button-content-wrapper\">\n\t\t\t\t\t\t\t\t\t<span class=\"elementor-button-text\">LES UDIS PRAKSISNOTAT FOR VESTBREDDEN OG GAZA<\/span>\n\t\t\t\t\t<\/span>\n\t\t\t\t\t<\/a>\n\t\t\t\t<\/div>\n\t\t\t\t\t\t\t\t<\/div>\n\t\t\t\t<\/div>\n\t\t\t\t\t<\/div>\n\t\t<\/div>\n\t\t\t\t\t<\/div>\n\t\t<\/section>\n\t\t\t\t<\/div>\n\t\t","protected":false},"excerpt":{"rendered":"<p>Landprofiler 2024 Palestina Det er registrert 50 asyls\u00f8kere med palestinsk statsborgerskap hittil i 2024 og det er forel\u00f8pig fattet 15 Dublin\/ trygt tredjeland vedtak. Tall levert fra UDI. Palestinere fra Gaza har krav p\u00e5 beskyttelse Israel erkl\u00e6rte krig og satt i gang massive missilangrep og bakkeoperasjoner i Gaza etter at Hamas angrep Israel den 7. [&hellip;]<\/p>\n","protected":false},"author":1,"featured_media":0,"parent":8871,"menu_order":0,"comment_status":"closed","ping_status":"closed","template":"","meta":{"_acf_changed":false,"site-sidebar-layout":"no-sidebar","site-content-layout":"page-builder","ast-site-content-layout":"full-width-container","site-content-style":"unboxed","site-sidebar-style":"unboxed","ast-global-header-display":"","ast-banner-title-visibility":"","ast-main-header-display":"","ast-hfb-above-header-display":"","ast-hfb-below-header-display":"","ast-hfb-mobile-header-display":"","site-post-title":"disabled","ast-breadcrumbs-content":"","ast-featured-img":"disabled","footer-sml-layout":"","ast-disable-related-posts":"","theme-transparent-header-meta":"default","adv-header-id-meta":"","stick-header-meta":"","header-above-stick-meta":"","header-main-stick-meta":"","header-below-stick-meta":"","astra-migrate-meta-layouts":"set","ast-page-background-enabled":"default","ast-page-background-meta":{"desktop":{"background-color":"var(--ast-global-color-4)","background-image":"","background-repeat":"repeat","background-position":"center center","background-size":"auto","background-attachment":"scroll","background-type":"","background-media":"","overlay-type":"","overlay-color":"","overlay-opacity":"","overlay-gradient":""},"tablet":{"background-color":"","background-image":"","background-repeat":"repeat","background-position":"center center","background-size":"auto","background-attachment":"scroll","background-type":"","background-media":"","overlay-type":"","overlay-color":"","overlay-opacity":"","overlay-gradient":""},"mobile":{"background-color":"","background-image":"","background-repeat":"repeat","background-position":"center center","background-size":"auto","background-attachment":"scroll","background-type":"","background-media":"","overlay-type":"","overlay-color":"","overlay-opacity":"","overlay-gradient":""}},"ast-content-background-meta":{"desktop":{"background-color":"var(--ast-global-color-5)","background-image":"","background-repeat":"repeat","background-position":"center center","background-size":"auto","background-attachment":"scroll","background-type":"","background-media":"","overlay-type":"","overlay-color":"","overlay-opacity":"","overlay-gradient":""},"tablet":{"background-color":"var(--ast-global-color-5)","background-image":"","background-repeat":"repeat","background-position":"center center","background-size":"auto","background-attachment":"scroll","background-type":"","background-media":"","overlay-type":"","overlay-color":"","overlay-opacity":"","overlay-gradient":""},"mobile":{"background-color":"var(--ast-global-color-5)","background-image":"","background-repeat":"repeat","background-position":"center center","background-size":"auto","background-attachment":"scroll","background-type":"","background-media":"","overlay-type":"","overlay-color":"","overlay-opacity":"","overlay-gradient":""}},"footnotes":""},"class_list":["post-8924","page","type-page","status-publish","hentry"],"acf":[],"_links":{"self":[{"href":"https:\/\/noas.no\/riketstilstand\/wp-json\/wp\/v2\/pages\/8924","targetHints":{"allow":["GET"]}}],"collection":[{"href":"https:\/\/noas.no\/riketstilstand\/wp-json\/wp\/v2\/pages"}],"about":[{"href":"https:\/\/noas.no\/riketstilstand\/wp-json\/wp\/v2\/types\/page"}],"author":[{"embeddable":true,"href":"https:\/\/noas.no\/riketstilstand\/wp-json\/wp\/v2\/users\/1"}],"replies":[{"embeddable":true,"href":"https:\/\/noas.no\/riketstilstand\/wp-json\/wp\/v2\/comments?post=8924"}],"version-history":[{"count":12,"href":"https:\/\/noas.no\/riketstilstand\/wp-json\/wp\/v2\/pages\/8924\/revisions"}],"predecessor-version":[{"id":9126,"href":"https:\/\/noas.no\/riketstilstand\/wp-json\/wp\/v2\/pages\/8924\/revisions\/9126"}],"up":[{"embeddable":true,"href":"https:\/\/noas.no\/riketstilstand\/wp-json\/wp\/v2\/pages\/8871"}],"wp:attachment":[{"href":"https:\/\/noas.no\/riketstilstand\/wp-json\/wp\/v2\/media?parent=8924"}],"curies":[{"name":"wp","href":"https:\/\/api.w.org\/{rel}","templated":true}]}}