{"id":88,"date":"2022-09-06T21:06:47","date_gmt":"2022-09-06T21:06:47","guid":{"rendered":"https:\/\/noas.no\/riketstilstand\/?page_id=88"},"modified":"2023-04-17T19:42:28","modified_gmt":"2023-04-17T19:42:28","slug":"hederspris","status":"publish","type":"page","link":"https:\/\/noas.no\/riketstilstand\/hederspris\/","title":{"rendered":"HEDERSPRIS"},"content":{"rendered":"\t\t<div data-elementor-type=\"wp-page\" data-elementor-id=\"88\" class=\"elementor elementor-88\">\n\t\t\t\t\t\t<section class=\"elementor-section elementor-top-section elementor-element elementor-element-1c9667d1 elementor-section-full_width elementor-section-height-full elementor-section-height-default elementor-section-items-middle\" data-id=\"1c9667d1\" data-element_type=\"section\" data-e-type=\"section\" data-settings=\"{&quot;background_background&quot;:&quot;classic&quot;}\">\n\t\t\t\t\t\t\t<div class=\"elementor-background-overlay\"><\/div>\n\t\t\t\t\t\t\t<div class=\"elementor-container elementor-column-gap-default\">\n\t\t\t\t\t<div class=\"elementor-column elementor-col-100 elementor-top-column elementor-element elementor-element-18b9c683\" data-id=\"18b9c683\" data-element_type=\"column\" data-e-type=\"column\">\n\t\t\t<div class=\"elementor-widget-wrap elementor-element-populated\">\n\t\t\t\t\t\t<div class=\"elementor-element elementor-element-5dc68c77 elementor-widget elementor-widget-heading\" data-id=\"5dc68c77\" data-element_type=\"widget\" data-e-type=\"widget\" data-widget_type=\"heading.default\">\n\t\t\t\t<div class=\"elementor-widget-container\">\n\t\t\t\t\t<h4 class=\"elementor-heading-title elementor-size-default\">Annette Thommessens hederspris<\/h4>\t\t\t\t<\/div>\n\t\t\t\t<\/div>\n\t\t\t\t<div class=\"elementor-element elementor-element-366e1d51 elementor-widget elementor-widget-heading\" data-id=\"366e1d51\" data-element_type=\"widget\" data-e-type=\"widget\" data-widget_type=\"heading.default\">\n\t\t\t\t<div class=\"elementor-widget-container\">\n\t\t\t\t\t<h4 class=\"elementor-heading-title elementor-size-default\"><i>Hedersprisen for 2020-2021 ble tildelt Trude Jacobsen og Dr\u00e5pen i Havet.<\/i><\/h4>\t\t\t\t<\/div>\n\t\t\t\t<\/div>\n\t\t\t\t\t<\/div>\n\t\t<\/div>\n\t\t\t\t\t<\/div>\n\t\t<\/section>\n\t\t\t\t<section class=\"elementor-section elementor-top-section elementor-element elementor-element-1d2ee41 elementor-section-boxed elementor-section-height-default elementor-section-height-default\" data-id=\"1d2ee41\" data-element_type=\"section\" data-e-type=\"section\">\n\t\t\t\t\t\t<div class=\"elementor-container elementor-column-gap-default\">\n\t\t\t\t\t<div class=\"elementor-column elementor-col-100 elementor-top-column elementor-element elementor-element-3b3889f\" data-id=\"3b3889f\" data-element_type=\"column\" data-e-type=\"column\">\n\t\t\t<div class=\"elementor-widget-wrap elementor-element-populated\">\n\t\t\t\t\t\t<div class=\"elementor-element elementor-element-8dcf5a8 elementor-widget elementor-widget-text-editor\" data-id=\"8dcf5a8\" data-element_type=\"widget\" data-e-type=\"widget\" data-widget_type=\"text-editor.default\">\n\t\t\t\t<div class=\"elementor-widget-container\">\n\t\t\t\t\t\t\t\t\t<p><em>Syriske flyktninger ankommer \u00f8ya Lesvos etter en lang reise over Middelhavet. Foto: Nicolas Economou<\/em><\/p>\t\t\t\t\t\t\t\t<\/div>\n\t\t\t\t<\/div>\n\t\t\t\t\t<\/div>\n\t\t<\/div>\n\t\t\t\t\t<\/div>\n\t\t<\/section>\n\t\t\t\t<section class=\"elementor-section elementor-top-section elementor-element elementor-element-2c21db2 elementor-section-content-top elementor-section-boxed elementor-section-height-default elementor-section-height-default\" data-id=\"2c21db2\" data-element_type=\"section\" data-e-type=\"section\">\n\t\t\t\t\t\t<div class=\"elementor-container elementor-column-gap-default\">\n\t\t\t\t\t<div class=\"elementor-column elementor-col-25 elementor-top-column elementor-element elementor-element-d1f4c3e\" data-id=\"d1f4c3e\" data-element_type=\"column\" data-e-type=\"column\">\n\t\t\t<div class=\"elementor-widget-wrap elementor-element-populated\">\n\t\t\t\t\t\t<div class=\"elementor-element elementor-element-35e0365 elementor-widget elementor-widget-text-editor\" data-id=\"35e0365\" data-element_type=\"widget\" data-e-type=\"widget\" data-widget_type=\"text-editor.default\">\n\t\t\t\t<div class=\"elementor-widget-container\">\n\t\t\t\t\t\t\t\t\t<blockquote>\u201cEn ting er \u00e5 \u00f8nske det, en annen ting er \u00e5 faktisk gj\u00f8re det. Dette er en kvinne som skaper begeistring med stor gjennomf\u00f8ringsevne og kapasitet \u201d<\/blockquote>\n\u2014 Nora Thommessen under prisutdelingen.\t\t\t\t\t\t\t\t<\/div>\n\t\t\t\t<\/div>\n\t\t\t\t\t<\/div>\n\t\t<\/div>\n\t\t\t\t<div class=\"elementor-column elementor-col-50 elementor-top-column elementor-element elementor-element-48e9002\" data-id=\"48e9002\" data-element_type=\"column\" data-e-type=\"column\">\n\t\t\t<div class=\"elementor-widget-wrap elementor-element-populated\">\n\t\t\t\t\t\t<div class=\"elementor-element elementor-element-fb808ee elementor-widget elementor-widget-text-editor\" data-id=\"fb808ee\" data-element_type=\"widget\" data-e-type=\"widget\" data-widget_type=\"text-editor.default\">\n\t\t\t\t<div class=\"elementor-widget-container\">\n\t\t\t\t\t\t\t\t\t<h3><strong>Dramatiske bilder fra Middelhavet<\/strong><\/h3>\n<p class=\"\">Sommeren 2015 opplevde Europa en kraftig \u00f8kning i antall mennesker p\u00e5 flukt. De aller fleste ankom de greske \u00f8yene. De dramatiske bildene fra Middelhavet ber\u00f8rte Trude Jacobsen sterkt, og hun bestemte seg for \u00e5 reise til Hellas.<\/p>\n<p class=\"\">Hun fylte bagger med kl\u00e6r og utstyr, opprettet en Facebook-gruppe slik at venner og familie kunne f\u00f8lge med, og satt seg p\u00e5 et fly til Lesvos. P\u00e5 den tiden kom nesten 6000 mennesker til Lesvos hver eneste dag, men ingen hjelpeorganisasjoner var p\u00e5 plass.<\/p>\n<p class=\"\">I l\u00f8pet av tre dager meldte 11.000 mennesker seg inn i <a href=\"https:\/\/www.drapenihavet.no\">Dr\u00e5pen i Havet<\/a>, som Jacobsen kalte gruppa. Siden den gang har Dr\u00e5pen i Havet koordinert over 7.000 frivillige fra 70 land i arbeidet for mennesker p\u00e5 flukt.<\/p>\n\n<h3><strong>Genuint engasjement<\/strong><\/h3>\n<p class=\"\">Trude Jacobsen og Dr\u00e5pen i Havet mottok Annette Thommessens hederspris \u00abfor sitt genuine og konkrete engasjement for hjelp og beskyttelse til flyktninger p\u00e5 de greske \u00f8yene\u00bb.<\/p>\n<p class=\"\">Prisen ble utdelt av Nora Thommessen, barnebarnet til Annette Thommessen som etablerte NOAS i 1984 og ledet organisasjonen fram til sin d\u00f8d i 1994.<\/p>\n<p class=\"\">Hun hedret Trude Jacobsen for sitt sterke engasjement og handlingsevne.<\/p>\n<p class=\"\">\u2013 En ting er \u00e5 \u00f8nske det, en annen ting er \u00e5 faktisk gj\u00f8re det. Dette er en kvinne som skaper begeistring med stor kapasitet og gjennomf\u00f8ringsevne, sa Nora Thommessen under prisutdelingen.<\/p>\n<p class=\"\">Les mer om minnefondet, hedersprisen og tidligere prismottakere <a href=\"https:\/\/www.noas.no\/annette-thommessens-minnefond\/\">her.<\/a><\/p>\t\t\t\t\t\t\t\t<\/div>\n\t\t\t\t<\/div>\n\t\t\t\t\t<\/div>\n\t\t<\/div>\n\t\t\t\t<div class=\"elementor-column elementor-col-25 elementor-top-column elementor-element elementor-element-9f9326f\" data-id=\"9f9326f\" data-element_type=\"column\" data-e-type=\"column\">\n\t\t\t<div class=\"elementor-widget-wrap elementor-element-populated\">\n\t\t\t\t\t\t<div class=\"elementor-element elementor-element-17f1853 elementor-widget elementor-widget-text-editor\" data-id=\"17f1853\" data-element_type=\"widget\" data-e-type=\"widget\" data-widget_type=\"text-editor.default\">\n\t\t\t\t<div class=\"elementor-widget-container\">\n\t\t\t\t\t\t\t\t\t<p><strong>Om minnefondet og hedersprisen<br \/><\/strong>Annette A. Thommessen (1932 -1994) stiftet NOAS i 1984, og ledet organisasjonen helt frem til sin bortgang. Minnefondet og hedersprisen ble opprettet for \u00e5 hedre hennes minne, og bidra til at hennes engasjement og arbeid for asyls\u00f8kere i Norge blir f\u00f8rt videre. Fondet har som form\u00e5l \u00e5 stimulere til \u00f8kt rettssikkerhet for asyls\u00f8kere og flyktninger og forst\u00e5else for asyls\u00f8keres og flyktningers situasjon i Norge. Fondet kan alene, eller sammen med andre samarbeidspartnere, utdele en \u00e5rlig pris til en eller flere personer eller organisasjoner som har utvist et engasjement og\/eller st\u00e5tt for et arbeid som faller innenfor fondets form\u00e5l.<\/p>\t\t\t\t\t\t\t\t<\/div>\n\t\t\t\t<\/div>\n\t\t\t\t\t<\/div>\n\t\t<\/div>\n\t\t\t\t\t<\/div>\n\t\t<\/section>\n\t\t\t\t<\/div>\n\t\t","protected":false},"excerpt":{"rendered":"<p>Annette Thommessens hederspris Hedersprisen for 2020-2021 ble tildelt Trude Jacobsen og Dr\u00e5pen i Havet. Syriske flyktninger ankommer \u00f8ya Lesvos etter en lang reise over Middelhavet. Foto: Nicolas Economou \u201cEn ting er \u00e5 \u00f8nske det, en annen ting er \u00e5 faktisk gj\u00f8re det. Dette er en kvinne som skaper begeistring med stor gjennomf\u00f8ringsevne og kapasitet \u201d [&hellip;]<\/p>\n","protected":false},"author":1,"featured_media":0,"parent":0,"menu_order":0,"comment_status":"closed","ping_status":"closed","template":"","meta":{"_acf_changed":false,"site-sidebar-layout":"no-sidebar","site-content-layout":"page-builder","ast-site-content-layout":"default","site-content-style":"default","site-sidebar-style":"default","ast-global-header-display":"","ast-banner-title-visibility":"","ast-main-header-display":"","ast-hfb-above-header-display":"","ast-hfb-below-header-display":"","ast-hfb-mobile-header-display":"","site-post-title":"disabled","ast-breadcrumbs-content":"","ast-featured-img":"disabled","footer-sml-layout":"","ast-disable-related-posts":"","theme-transparent-header-meta":"default","adv-header-id-meta":"","stick-header-meta":"","header-above-stick-meta":"","header-main-stick-meta":"","header-below-stick-meta":"","astra-migrate-meta-layouts":"default","ast-page-background-enabled":"default","ast-page-background-meta":{"desktop":{"background-color":"var(--ast-global-color-4)","background-image":"","background-repeat":"repeat","background-position":"center center","background-size":"auto","background-attachment":"scroll","background-type":"","background-media":"","overlay-type":"","overlay-color":"","overlay-opacity":"","overlay-gradient":""},"tablet":{"background-color":"","background-image":"","background-repeat":"repeat","background-position":"center center","background-size":"auto","background-attachment":"scroll","background-type":"","background-media":"","overlay-type":"","overlay-color":"","overlay-opacity":"","overlay-gradient":""},"mobile":{"background-color":"","background-image":"","background-repeat":"repeat","background-position":"center center","background-size":"auto","background-attachment":"scroll","background-type":"","background-media":"","overlay-type":"","overlay-color":"","overlay-opacity":"","overlay-gradient":""}},"ast-content-background-meta":{"desktop":{"background-color":"var(--ast-global-color-5)","background-image":"","background-repeat":"repeat","background-position":"center center","background-size":"auto","background-attachment":"scroll","background-type":"","background-media":"","overlay-type":"","overlay-color":"","overlay-opacity":"","overlay-gradient":""},"tablet":{"background-color":"var(--ast-global-color-5)","background-image":"","background-repeat":"repeat","background-position":"center center","background-size":"auto","background-attachment":"scroll","background-type":"","background-media":"","overlay-type":"","overlay-color":"","overlay-opacity":"","overlay-gradient":""},"mobile":{"background-color":"var(--ast-global-color-5)","background-image":"","background-repeat":"repeat","background-position":"center center","background-size":"auto","background-attachment":"scroll","background-type":"","background-media":"","overlay-type":"","overlay-color":"","overlay-opacity":"","overlay-gradient":""}},"footnotes":""},"class_list":["post-88","page","type-page","status-publish","hentry"],"acf":[],"_links":{"self":[{"href":"https:\/\/noas.no\/riketstilstand\/wp-json\/wp\/v2\/pages\/88","targetHints":{"allow":["GET"]}}],"collection":[{"href":"https:\/\/noas.no\/riketstilstand\/wp-json\/wp\/v2\/pages"}],"about":[{"href":"https:\/\/noas.no\/riketstilstand\/wp-json\/wp\/v2\/types\/page"}],"author":[{"embeddable":true,"href":"https:\/\/noas.no\/riketstilstand\/wp-json\/wp\/v2\/users\/1"}],"replies":[{"embeddable":true,"href":"https:\/\/noas.no\/riketstilstand\/wp-json\/wp\/v2\/comments?post=88"}],"version-history":[{"count":148,"href":"https:\/\/noas.no\/riketstilstand\/wp-json\/wp\/v2\/pages\/88\/revisions"}],"predecessor-version":[{"id":7153,"href":"https:\/\/noas.no\/riketstilstand\/wp-json\/wp\/v2\/pages\/88\/revisions\/7153"}],"wp:attachment":[{"href":"https:\/\/noas.no\/riketstilstand\/wp-json\/wp\/v2\/media?parent=88"}],"curies":[{"name":"wp","href":"https:\/\/api.w.org\/{rel}","templated":true}]}}