{"id":7481,"date":"2023-05-22T09:49:00","date_gmt":"2023-05-22T09:49:00","guid":{"rendered":"https:\/\/noas.no\/riketstilstand\/?page_id=7481"},"modified":"2023-05-26T10:24:40","modified_gmt":"2023-05-26T10:24:40","slug":"statslose","status":"publish","type":"page","link":"https:\/\/noas.no\/riketstilstand\/2023-2\/statslose\/","title":{"rendered":"Statsl\u00f8se"},"content":{"rendered":"\t\t<div data-elementor-type=\"wp-page\" data-elementor-id=\"7481\" class=\"elementor elementor-7481\">\n\t\t\t\t\t\t<section class=\"elementor-section elementor-top-section elementor-element elementor-element-45e0a689 elementor-section-height-full elementor-section-stretched elementor-section-boxed elementor-section-height-default elementor-section-items-middle\" data-id=\"45e0a689\" data-element_type=\"section\" data-e-type=\"section\" data-settings=\"{&quot;stretch_section&quot;:&quot;section-stretched&quot;,&quot;background_background&quot;:&quot;classic&quot;}\">\n\t\t\t\t\t\t\t<div class=\"elementor-background-overlay\"><\/div>\n\t\t\t\t\t\t\t<div class=\"elementor-container elementor-column-gap-default\">\n\t\t\t\t\t<div class=\"elementor-column elementor-col-100 elementor-top-column elementor-element elementor-element-22522c61\" data-id=\"22522c61\" data-element_type=\"column\" data-e-type=\"column\">\n\t\t\t<div class=\"elementor-widget-wrap elementor-element-populated\">\n\t\t\t\t\t\t<div class=\"elementor-element elementor-element-65894813 elementor-widget elementor-widget-heading\" data-id=\"65894813\" data-element_type=\"widget\" data-e-type=\"widget\" data-widget_type=\"heading.default\">\n\t\t\t\t<div class=\"elementor-widget-container\">\n\t\t\t\t\t<div class=\"elementor-heading-title elementor-size-default\">Statsl\u00f8se<\/div>\t\t\t\t<\/div>\n\t\t\t\t<\/div>\n\t\t\t\t<div class=\"elementor-element elementor-element-cef79a8 elementor-widget elementor-widget-text-editor\" data-id=\"cef79a8\" data-element_type=\"widget\" data-e-type=\"widget\" data-widget_type=\"text-editor.default\">\n\t\t\t\t<div class=\"elementor-widget-container\">\n\t\t\t\t\t\t\t\t\t<p><em>Statsl\u00f8se i Norge uten oppholdstillatelse er rettighetsl\u00f8se og uten noen stat de kan returnere til. Norge bryter FN-konvensjon om statsl\u00f8se.<\/em><\/p>\t\t\t\t\t\t\t\t<\/div>\n\t\t\t\t<\/div>\n\t\t\t\t\t<\/div>\n\t\t<\/div>\n\t\t\t\t\t<\/div>\n\t\t<\/section>\n\t\t\t\t<section class=\"elementor-section elementor-top-section elementor-element elementor-element-ea57f57 elementor-section-boxed elementor-section-height-default elementor-section-height-default\" data-id=\"ea57f57\" data-element_type=\"section\" data-e-type=\"section\">\n\t\t\t\t\t\t<div class=\"elementor-container elementor-column-gap-default\">\n\t\t\t\t\t<div class=\"elementor-column elementor-col-25 elementor-top-column elementor-element elementor-element-e56ca7e\" data-id=\"e56ca7e\" data-element_type=\"column\" data-e-type=\"column\">\n\t\t\t<div class=\"elementor-widget-wrap elementor-element-populated\">\n\t\t\t\t\t\t<div class=\"elementor-element elementor-element-f11e285 elementor-widget elementor-widget-text-editor\" data-id=\"f11e285\" data-element_type=\"widget\" data-e-type=\"widget\" data-widget_type=\"text-editor.default\">\n\t\t\t\t<div class=\"elementor-widget-container\">\n\t\t\t\t\t\t\t\t\t<blockquote><p>\u201cStatsl\u00f8se uten lovlig opphold opplever alvorlige menneskerettighetsbrudd i Norge.\u201d<\/p><\/blockquote>\t\t\t\t\t\t\t\t<\/div>\n\t\t\t\t<\/div>\n\t\t\t\t\t<\/div>\n\t\t<\/div>\n\t\t\t\t<div class=\"elementor-column elementor-col-50 elementor-top-column elementor-element elementor-element-e15af89\" data-id=\"e15af89\" data-element_type=\"column\" data-e-type=\"column\">\n\t\t\t<div class=\"elementor-widget-wrap elementor-element-populated\">\n\t\t\t\t\t\t<div class=\"elementor-element elementor-element-c54807c elementor-widget elementor-widget-text-editor\" data-id=\"c54807c\" data-element_type=\"widget\" data-e-type=\"widget\" data-widget_type=\"text-editor.default\">\n\t\t\t\t<div class=\"elementor-widget-container\">\n\t\t\t\t\t\t\t\t\t<div id=\"block-fc66f55eb01c5cde85b4\" class=\"sqs-block html-block sqs-block-html\" data-block-type=\"2\"><div class=\"sqs-block-content\"><p class=\"\">If\u00f8lge <a href=\"https:\/\/www.ssb.no\/statbank\/table\/05196\/\">Statistisk sentralbyr\u00e5<\/a> er det 1600 statsl\u00f8se i Norge. De langt fleste av disse har f\u00e5tt oppholdstillatelse etter s\u00f8knad om beskyttelse. Det er sannsynligvis kun noen titalls statsl\u00f8se uten lovlig opphold, og det er denne gruppen NOAS er s\u00e6rlig bekymret for. Statsl\u00f8se uten lovlig opphold opplever alvorlige menneskerettighetsbrudd i Norge.<\/p><p class=\"\">De fleste statsl\u00f8se asyls\u00f8kere i Norge er palestinere, men statsl\u00f8se kommer ogs\u00e5 fra andre land og omr\u00e5der. En stor gruppe blant de palestinske asyls\u00f8kerne som har kommet hit de siste \u00e5rene er fra Syria, og har i all hovedsak f\u00e5tt beskyttelse.\u00a0<\/p><p class=\"\">Hvert \u00e5r vurderer NOAS og sivilsamfunnsalliansen <a href=\"https:\/\/www.statelessness.eu\/\">Det europeiske nettverket for statsl\u00f8se<\/a> om Norges behandling av statsl\u00f8se er i tr\u00e5d med folkeretten og god praksis i <a href=\"https:\/\/index.statelessness.eu\/country\/norway\">den europeiske statsl\u00f8shetsindeksen<\/a>.<\/p><p>\u00a0<\/p><h3><strong>Norge bryter FN-konvensjon om statsl\u00f8se<\/strong><\/h3><p class=\"\">FNs h\u00f8ykommiss\u00e6r for flyktninger (UNHCR) utga i 2015 en\u00a0<a href=\"https:\/\/www.refworld.org\/docid\/5653140d4.html\">rapport<\/a> om statsl\u00f8se i Norge. I f\u00f8lge rapporten strider norsk lovgivning og praksis p\u00e5 flere omr\u00e5der med <a href=\"https:\/\/www.fn.no\/om-fn\/avtaler\/flyktninger\/fns-konvensjon-om-statsloeses-stilling\">FNs konvensjon om statsl\u00f8ses stilling av 1954<\/a>, som Norge er tilsluttet.<\/p><p class=\"\">UNHCR anbefalte \u00e5 ta inn en definisjon av statsl\u00f8se i nasjonalt regelverk, slik at forvaltningen kan vurdere om en person er statsl\u00f8s eller ikke. Uten en definisjon av statsl\u00f8shet og en oppholdsstatus for statsl\u00f8se, vil det finnes statsl\u00f8se som er rettsl\u00f8se.\u00a0De avskj\u00e6res i stor grad fra tilgang til de grunnleggende rettigheter som statsl\u00f8skonvensjonen fra 1954 foreskriver, som rett til utdanning, legehjelp, arbeid og bevegelsesfrihet.<\/p><p class=\"\">Statsl\u00f8shetskonvensjonen gir ikke uttrykkelig rett til oppholdstillatelse, men lovlig opphold er en logisk og n\u00f8dvendig forutsetning etter norsk lovverk for at statsl\u00f8se skal f\u00e5 sine rettigheter etter konvensjonen i Norge.\u00a0<\/p><p class=\"\">I mai 2019 ble Norge eksaminert av FNs menneskerettighetsr\u00e5d\u00a0om Norges etterlevelse av menneskerettslige forpliktelser. I likhet med\u00a0<a href=\"https:\/\/www.ohchr.org\/en\/countries\/norway\">FNs barnekomit\u00e9 og FNs menneskerettighetskomit\u00e9<\/a>, anbefalte\u00a0FNs menneskerettighetsr\u00e5d Norge om \u00e5 ta inn en definisjon av statsl\u00f8se i norsk regelverk. Den norske regjeringen ville bare forplikte seg til \u00e5 vurdere sp\u00f8rsm\u00e5let. S\u00e5 langt har det ikke blitt fulgt opp.<\/p><h3>\u00a0<\/h3><h3><strong>Saker i retten<\/strong><\/h3><p class=\"\">I november 2020 utga NOAS en <a href=\"https:\/\/www.noas.no\/wp-content\/uploads\/2020\/11\/NOAS_Statsl%C3%B8se-i-norsk-rettspraksis_WEB.pdf\">rapport<\/a> som f\u00f8lger opp FNs kartlegging, og viser at n\u00f8dvendige endringer ikke er gjennomf\u00f8rt. Fortsatt f\u00e5r statsl\u00f8se ikke oppfylt sine rettigheter etter FN-konvensjonen om statsl\u00f8ses stilling, selv om det har g\u00e5tt over 60 \u00e5r siden Norge ratifiserte konvensjonen.\u00a0<\/p><p class=\"\">NOAS har gjennom <a href=\"https:\/\/noas.no\/riketstilstand\/2023-2\/saker-i-domstolen\/\">domstolsprosjektet\u00a0<\/a>pr\u00f8vd flere saker om statsl\u00f8shet for norsk rett. Rapporten fra november 2020 viser at norsk rettspraksis st\u00e5r i sterk kontrast til FNs anbefalinger. Statsl\u00f8se m\u00e5 pr\u00f8ve alle mulige m\u00e5ter for \u00e5 bli registrert som statsborgere av sitt antatte opprinnelsesland, selv om utsiktene for \u00e5 f\u00e5 et slikt statsborgerskap for mange ikke er reelle. De havner mellom to stoler.<\/p><p class=\"\">\u00a0<\/p><\/div><div class=\"sqs-block-content\"><h3><strong>Vurderer ikke konvensjonen<\/strong><\/h3><p class=\"\">I asylsaker ser NOAS dessverre at utlendingsforvaltningen ofte avviser argumenter om statsl\u00f8shet, uten en konkret individuell vurderingen i samsvar med konvensjonen av om vedkommende er statsl\u00f8s. Vi ser eksempler p\u00e5 at forvaltningen legger til grunn at statsl\u00f8se har rettslig krav p\u00e5 statsborgerskap i et annet land, uten en individuell vurdering av hvordan det aktuelle landets regelverk anvendes i praksis. \u00a0<\/p><p class=\"\">Norsk praksis er her ikke i samsvar med <a href=\"https:\/\/www.unhcr.org\/protection\/statelessness\/53b698ab9\/handbook-protection-stateless-persons.html\">UNHCRs h\u00e5ndbok om beskyttelse av statsl\u00f8se<\/a> etter statsl\u00f8shetskonvensjonen.<\/p><\/div><\/div><div id=\"block-yui_3_17_2_1_1613588099787_7111\" class=\"sqs-block html-block sqs-block-html\" data-block-type=\"2\"><div class=\"sqs-block-content\"><h3>\u00a0<\/h3><h3><strong>Barn som f\u00f8des til statsl\u00f8shet i Norge<\/strong><\/h3><p class=\"\">B\u00e5de UNHCR og NOAS har flere ganger minnet norske myndigheter p\u00e5 Norges folkerettslige forpliktelse til \u00e5 begrense statsl\u00f8shet. I oktober 2016 <a href=\"https:\/\/www.noas.no\/viktig-seier-for-statslose-barn-fodt-i-norge\/\">instruerte endelig Justis- og beredskapsdepartementet<\/a> UDI om tolkning av statsborgerloven, for \u00e5 sikre at barn f\u00f8dt til statsl\u00f8shet i Norge kan f\u00e5 norsk statsborgerskap i tr\u00e5d med folkeretten.\u00a0<\/p><p class=\"\">If\u00f8lge instruksen har barn f\u00f8dt til statsl\u00f8shet rett til norsk statsborgerskap etter tre \u00e5rs sammenhengende oppholdstid i Norge, selv om verken barnet eller foreldrene har hatt oppholdstillatelse. Det stilles ikke krav om botid dersom en av foreldrene oppfyller vilk\u00e5rene for permanent oppholdstillatelse eller dersom en av foreldrene har oppholdt seg i Norge de siste tre \u00e5rene med oppholdsrett som E\u00d8S-borger.<\/p><\/div><\/div>\t\t\t\t\t\t\t\t<\/div>\n\t\t\t\t<\/div>\n\t\t\t\t\t<\/div>\n\t\t<\/div>\n\t\t\t\t<div class=\"elementor-column elementor-col-25 elementor-top-column elementor-element elementor-element-3137197\" data-id=\"3137197\" data-element_type=\"column\" data-e-type=\"column\">\n\t\t\t<div class=\"elementor-widget-wrap elementor-element-populated\">\n\t\t\t\t\t\t<div class=\"elementor-element elementor-element-2451aad elementor-widget elementor-widget-text-editor\" data-id=\"2451aad\" data-element_type=\"widget\" data-e-type=\"widget\" data-widget_type=\"text-editor.default\">\n\t\t\t\t<div class=\"elementor-widget-container\">\n\t\t\t\t\t\t\t\t\t<blockquote><p><br \/><br \/><br \/><br \/><br \/><br \/><br \/><br \/><br \/><br \/><br \/><br \/><br \/>\u201cUten en definisjon av statsl\u00f8shet og en oppholdsstatus for statsl\u00f8se, vil det finnes statsl\u00f8se som er rettsl\u00f8se.\u201d<\/p><\/blockquote>\t\t\t\t\t\t\t\t<\/div>\n\t\t\t\t<\/div>\n\t\t\t\t\t<\/div>\n\t\t<\/div>\n\t\t\t\t\t<\/div>\n\t\t<\/section>\n\t\t\t\t<\/div>\n\t\t","protected":false},"excerpt":{"rendered":"<p>Statsl\u00f8se Statsl\u00f8se i Norge uten oppholdstillatelse er rettighetsl\u00f8se og uten noen stat de kan returnere til. Norge bryter FN-konvensjon om statsl\u00f8se. \u201cStatsl\u00f8se uten lovlig opphold opplever alvorlige menneskerettighetsbrudd i Norge.\u201d If\u00f8lge Statistisk sentralbyr\u00e5 er det 1600 statsl\u00f8se i Norge. De langt fleste av disse har f\u00e5tt oppholdstillatelse etter s\u00f8knad om beskyttelse. Det er sannsynligvis kun [&hellip;]<\/p>\n","protected":false},"author":1,"featured_media":0,"parent":7372,"menu_order":0,"comment_status":"closed","ping_status":"closed","template":"","meta":{"_acf_changed":false,"site-sidebar-layout":"no-sidebar","site-content-layout":"page-builder","ast-site-content-layout":"default","site-content-style":"default","site-sidebar-style":"default","ast-global-header-display":"","ast-banner-title-visibility":"","ast-main-header-display":"","ast-hfb-above-header-display":"","ast-hfb-below-header-display":"","ast-hfb-mobile-header-display":"","site-post-title":"disabled","ast-breadcrumbs-content":"","ast-featured-img":"disabled","footer-sml-layout":"","ast-disable-related-posts":"","theme-transparent-header-meta":"default","adv-header-id-meta":"","stick-header-meta":"","header-above-stick-meta":"","header-main-stick-meta":"","header-below-stick-meta":"","astra-migrate-meta-layouts":"default","ast-page-background-enabled":"default","ast-page-background-meta":{"desktop":{"background-color":"var(--ast-global-color-4)","background-image":"","background-repeat":"repeat","background-position":"center center","background-size":"auto","background-attachment":"scroll","background-type":"","background-media":"","overlay-type":"","overlay-color":"","overlay-opacity":"","overlay-gradient":""},"tablet":{"background-color":"","background-image":"","background-repeat":"repeat","background-position":"center center","background-size":"auto","background-attachment":"scroll","background-type":"","background-media":"","overlay-type":"","overlay-color":"","overlay-opacity":"","overlay-gradient":""},"mobile":{"background-color":"","background-image":"","background-repeat":"repeat","background-position":"center center","background-size":"auto","background-attachment":"scroll","background-type":"","background-media":"","overlay-type":"","overlay-color":"","overlay-opacity":"","overlay-gradient":""}},"ast-content-background-meta":{"desktop":{"background-color":"var(--ast-global-color-5)","background-image":"","background-repeat":"repeat","background-position":"center center","background-size":"auto","background-attachment":"scroll","background-type":"","background-media":"","overlay-type":"","overlay-color":"","overlay-opacity":"","overlay-gradient":""},"tablet":{"background-color":"var(--ast-global-color-5)","background-image":"","background-repeat":"repeat","background-position":"center center","background-size":"auto","background-attachment":"scroll","background-type":"","background-media":"","overlay-type":"","overlay-color":"","overlay-opacity":"","overlay-gradient":""},"mobile":{"background-color":"var(--ast-global-color-5)","background-image":"","background-repeat":"repeat","background-position":"center center","background-size":"auto","background-attachment":"scroll","background-type":"","background-media":"","overlay-type":"","overlay-color":"","overlay-opacity":"","overlay-gradient":""}},"footnotes":""},"class_list":["post-7481","page","type-page","status-publish","hentry"],"acf":[],"_links":{"self":[{"href":"https:\/\/noas.no\/riketstilstand\/wp-json\/wp\/v2\/pages\/7481","targetHints":{"allow":["GET"]}}],"collection":[{"href":"https:\/\/noas.no\/riketstilstand\/wp-json\/wp\/v2\/pages"}],"about":[{"href":"https:\/\/noas.no\/riketstilstand\/wp-json\/wp\/v2\/types\/page"}],"author":[{"embeddable":true,"href":"https:\/\/noas.no\/riketstilstand\/wp-json\/wp\/v2\/users\/1"}],"replies":[{"embeddable":true,"href":"https:\/\/noas.no\/riketstilstand\/wp-json\/wp\/v2\/comments?post=7481"}],"version-history":[{"count":40,"href":"https:\/\/noas.no\/riketstilstand\/wp-json\/wp\/v2\/pages\/7481\/revisions"}],"predecessor-version":[{"id":8346,"href":"https:\/\/noas.no\/riketstilstand\/wp-json\/wp\/v2\/pages\/7481\/revisions\/8346"}],"up":[{"embeddable":true,"href":"https:\/\/noas.no\/riketstilstand\/wp-json\/wp\/v2\/pages\/7372"}],"wp:attachment":[{"href":"https:\/\/noas.no\/riketstilstand\/wp-json\/wp\/v2\/media?parent=7481"}],"curies":[{"name":"wp","href":"https:\/\/api.w.org\/{rel}","templated":true}]}}