{"id":7468,"date":"2023-05-22T09:44:46","date_gmt":"2023-05-22T09:44:46","guid":{"rendered":"https:\/\/noas.no\/riketstilstand\/?page_id=7468"},"modified":"2023-05-26T09:33:22","modified_gmt":"2023-05-26T09:33:22","slug":"saker-i-domstolen","status":"publish","type":"page","link":"https:\/\/noas.no\/riketstilstand\/2023-2\/saker-i-domstolen\/","title":{"rendered":"Saker i domstolen"},"content":{"rendered":"\t\t<div data-elementor-type=\"wp-page\" data-elementor-id=\"7468\" class=\"elementor elementor-7468\">\n\t\t\t\t\t\t<section class=\"elementor-section elementor-top-section elementor-element elementor-element-451a01a9 elementor-section-full_width elementor-section-height-full elementor-section-height-default elementor-section-items-middle\" data-id=\"451a01a9\" data-element_type=\"section\" data-e-type=\"section\" data-settings=\"{&quot;background_background&quot;:&quot;classic&quot;}\">\n\t\t\t\t\t\t\t<div class=\"elementor-background-overlay\"><\/div>\n\t\t\t\t\t\t\t<div class=\"elementor-container elementor-column-gap-default\">\n\t\t\t\t\t<div class=\"elementor-column elementor-col-100 elementor-top-column elementor-element elementor-element-56fb379f\" data-id=\"56fb379f\" data-element_type=\"column\" data-e-type=\"column\">\n\t\t\t<div class=\"elementor-widget-wrap elementor-element-populated\">\n\t\t\t\t\t\t<div class=\"elementor-element elementor-element-648502bd elementor-widget elementor-widget-heading\" data-id=\"648502bd\" data-element_type=\"widget\" data-e-type=\"widget\" data-widget_type=\"heading.default\">\n\t\t\t\t<div class=\"elementor-widget-container\">\n\t\t\t\t\t<h4 class=\"elementor-heading-title elementor-size-default\">Asylsaker i domstolen\n<\/h4>\t\t\t\t<\/div>\n\t\t\t\t<\/div>\n\t\t\t\t<div class=\"elementor-element elementor-element-af26dbb elementor-widget__width-initial elementor-widget elementor-widget-text-editor\" data-id=\"af26dbb\" data-element_type=\"widget\" data-e-type=\"widget\" data-widget_type=\"text-editor.default\">\n\t\t\t\t<div class=\"elementor-widget-container\">\n\t\t\t\t\t\t\t\t\t<p><em>Mulighet for rettslig pr\u00f8ving av asylsaker er viktig for rettssikkerheten. I NOAS\u2019 domstolsprosjekt vinner vi fram 55\u00a0 prosent av sakene.<\/em><\/p>\t\t\t\t\t\t\t\t<\/div>\n\t\t\t\t<\/div>\n\t\t\t\t\t<\/div>\n\t\t<\/div>\n\t\t\t\t\t<\/div>\n\t\t<\/section>\n\t\t\t\t<section class=\"elementor-section elementor-top-section elementor-element elementor-element-4b8c5a9c elementor-section-boxed elementor-section-height-default elementor-section-height-default\" data-id=\"4b8c5a9c\" data-element_type=\"section\" data-e-type=\"section\">\n\t\t\t\t\t\t<div class=\"elementor-container elementor-column-gap-default\">\n\t\t\t\t\t<div class=\"elementor-column elementor-col-100 elementor-top-column elementor-element elementor-element-2da0ec91\" data-id=\"2da0ec91\" data-element_type=\"column\" data-e-type=\"column\">\n\t\t\t<div class=\"elementor-widget-wrap elementor-element-populated\">\n\t\t\t\t\t\t<div class=\"elementor-element elementor-element-dd42ebb elementor-widget elementor-widget-text-editor\" data-id=\"dd42ebb\" data-element_type=\"widget\" data-e-type=\"widget\" data-widget_type=\"text-editor.default\">\n\t\t\t\t<div class=\"elementor-widget-container\">\n\t\t\t\t\t\t\t\t\t<p><em>NORGES H\u00d8YESTERETT. FOTO: SHUTTERSTOCK<\/em><\/p>\t\t\t\t\t\t\t\t<\/div>\n\t\t\t\t<\/div>\n\t\t\t\t\t<\/div>\n\t\t<\/div>\n\t\t\t\t\t<\/div>\n\t\t<\/section>\n\t\t\t\t<section class=\"elementor-section elementor-top-section elementor-element elementor-element-75e6b598 elementor-section-boxed elementor-section-height-default elementor-section-height-default\" data-id=\"75e6b598\" data-element_type=\"section\" data-e-type=\"section\">\n\t\t\t\t\t\t<div class=\"elementor-container elementor-column-gap-default\">\n\t\t\t\t\t<div class=\"elementor-column elementor-col-25 elementor-top-column elementor-element elementor-element-6a838378\" data-id=\"6a838378\" data-element_type=\"column\" data-e-type=\"column\">\n\t\t\t<div class=\"elementor-widget-wrap elementor-element-populated\">\n\t\t\t\t\t\t<div class=\"elementor-element elementor-element-f5fc822 elementor-widget elementor-widget-text-editor\" data-id=\"f5fc822\" data-element_type=\"widget\" data-e-type=\"widget\" data-widget_type=\"text-editor.default\">\n\t\t\t\t<div class=\"elementor-widget-container\">\n\t\t\t\t\t\t\t\t\t<div class=\"col sqs-col-3 span-3\"><div id=\"block-abc1cf7f494e5702d1c0\" class=\"sqs-block quote-block sqs-block-quote null\" data-block-type=\"31\"><div class=\"sqs-block-content\"><figure class=\"block-animation-none\"><div id=\"page-body-wrapper\" class=\"full-width\"><div id=\"page-body\"><div id=\"content-wrapper\"><div id=\"content\"><div class=\"main-content\" data-content-field=\"main-content\" data-collection-id=\"62f2bf58b749a7425be23a91\" data-edit-main-image=\"Page Banner\"><div id=\"page-62f2bf58b749a7425be23a91\" class=\"sqs-layout sqs-grid-12 columns-12\" data-type=\"page\" data-updated-on=\"1660265189390\"><div class=\"row sqs-row\"><div class=\"col sqs-col-12 span-12\"><div class=\"row sqs-row\"><div class=\"col sqs-col-3 span-3\"><div id=\"block-f80a79ee62891752ba5d\" class=\"sqs-block quote-block sqs-block-quote null\" data-block-type=\"31\"><div class=\"sqs-block-content\"><figure class=\"block-animation-none\"><div class=\"col sqs-col-3 span-3\"><div id=\"block-6b80aa8275b668cf3847\" class=\"sqs-block quote-block sqs-block-quote null\" data-block-type=\"31\"><div class=\"sqs-block-content\"><figure class=\"block-animation-none\"><em>\u201cN\u00e5r Storting og regjering ikke lytter til faglige og juridiske argumenter fra FN, som har et s\u00e6rlig mandat for \u00e5 tolke flyktningkonvensjonen,\u00a0 \u00f8ker behovet for domstolspr\u00f8ving.<\/em><em>\u201d<\/em><\/figure><\/div><\/div><\/div><div id=\"yui_3_17_2_1_1663036341152_74\" class=\"col sqs-col-6 span-6\"><div id=\"block-be054a565e6c1e62ca40\" class=\"sqs-block html-block sqs-block-html\" data-block-type=\"2\"><div class=\"sqs-block-content\">\u00a0<\/div><\/div><\/div><\/figure><\/div><\/div><\/div><\/div><\/div><\/div><\/div><\/div><\/div><\/div><\/div><\/div><blockquote data-animation-role=\"quote\"><div id=\"page-body-wrapper\" class=\"full-width\"><div id=\"page-body\"><div id=\"content-wrapper\"><div id=\"content\"><div id=\"page-body-footer\" class=\"extra-wrapper\"><div id=\"page-footer-62f2bf58b749a7425be23a91\" class=\"sqs-layout sqs-grid-12 columns-12 empty\" data-layout-label=\"Barns beste, foreldres synder og urimelig juss Footer Content\" data-type=\"block-field\"><div class=\"row sqs-row\"><div class=\"col sqs-col-12 span-12\">\u00a0<\/div><\/div><\/div><\/div><\/div><\/div><div id=\"body-clearer\" class=\"clearer\">\u00a0<\/div><\/div><\/div><div id=\"page-footer-wrapper\"><div id=\"page-footer\"><div id=\"footer-blocks\" class=\"sqs-layout sqs-grid-12 columns-12\" data-layout-label=\"Footer Content\" data-type=\"block-field\" data-updated-on=\"1660587613512\"><div id=\"yui_3_17_2_1_1662945310240_76\" class=\"row sqs-row\"><div id=\"yui_3_17_2_1_1662945310240_75\" class=\"col sqs-col-3 span-3\"><div id=\"block-yui_3_17_2_1_1660077840242_34376\" class=\"sqs-block spacer-block sqs-block-spacer\" data-aspect-ratio=\"5.445544554455446\" data-block-type=\"21\"><div id=\"yui_3_17_2_1_1662945310240_101\" class=\"sqs-block-content sqs-intrinsic\">\u00a0<\/div><\/div><div id=\"block-yui_3_17_2_110_1496042355005_15969\" class=\"sqs-block image-block sqs-block-image sqs-text-ready\" data-aspect-ratio=\"15.594059405940595\" data-block-type=\"5\"><div id=\"yui_3_17_2_1_1662945310240_74\" class=\"sqs-block-content\"><div id=\"yui_3_17_2_1_1662945310240_73\" class=\"image-block-outer-wrapper layout-caption-below design-layout-inline combination-animation-none individual-animation-none individual-text-animation-none sqs-narrow-width\" data-test=\"image-block-inline-outer-wrapper\"><figure id=\"yui_3_17_2_1_1662945310240_72\" class=\" sqs-block-image-figure intrinsic \"><div id=\"yui_3_17_2_1_1662945310240_70\" class=\"image-block-wrapper\" data-animation-role=\"image\"><div id=\"yui_3_17_2_1_1662945310240_69\" class=\"sqs-image-shape-container-element has-aspect-ratio \">\u00a0<\/div><\/div><\/figure><\/div><\/div><\/div><\/div><\/div><\/div><\/div><\/div><\/blockquote><\/figure><\/div><\/div><\/div><div class=\"col sqs-col-6 span-6\"><div id=\"block-734f054f8bd1ffbd58c8\" class=\"sqs-block spacer-block sqs-block-spacer sized vsize-1\" data-block-type=\"21\"><div class=\"sqs-block-content\">\u00a0<\/div><\/div><div id=\"block-2bab7b18f4b4d2f1f87c\" class=\"sqs-block html-block sqs-block-html\" data-block-type=\"2\"><div class=\"sqs-block-content\">\u00a0<\/div><\/div><\/div>\t\t\t\t\t\t\t\t<\/div>\n\t\t\t\t<\/div>\n\t\t\t\t\t<\/div>\n\t\t<\/div>\n\t\t\t\t<div class=\"elementor-column elementor-col-50 elementor-top-column elementor-element elementor-element-6b0bf490\" data-id=\"6b0bf490\" data-element_type=\"column\" data-e-type=\"column\">\n\t\t\t<div class=\"elementor-widget-wrap elementor-element-populated\">\n\t\t\t\t\t\t<div class=\"elementor-element elementor-element-6d28f7e elementor-widget elementor-widget-heading\" data-id=\"6d28f7e\" data-element_type=\"widget\" data-e-type=\"widget\" data-widget_type=\"heading.default\">\n\t\t\t\t<div class=\"elementor-widget-container\">\n\t\t\t\t\t<h2 class=\"elementor-heading-title elementor-size-default\"><b>\u00d8kt behov for domstolspr\u00f8ving av asylsaker\n<\/b><\/h2>\t\t\t\t<\/div>\n\t\t\t\t<\/div>\n\t\t\t\t<div class=\"elementor-element elementor-element-cef4d47 elementor-widget elementor-widget-text-editor\" data-id=\"cef4d47\" data-element_type=\"widget\" data-e-type=\"widget\" data-widget_type=\"text-editor.default\">\n\t\t\t\t<div class=\"elementor-widget-container\">\n\t\t\t\t\t\t\t\t\t<p>Norge har siden 2015 innf\u00f8rt <a href=\"https:\/\/www.riketstilstand.noas.no\/2016\/regjeringens-innstrammingspakke\">kraftige innstramninger <\/a>i asylregelverk- og praksis. Noen av innstramningene utfordrer internasjonale forpliktelser, og enkelte av innstramningstiltakene inneb\u00e6rer klare brudd med FNs flyktningkonvensjon og menneskerettighetene. Til tross for advarsler fra FNs h\u00f8ykommiss\u00e6r for flyktninger (UNHCR), NOAS og andre akt\u00f8rer, har Stortinget vedtatt og videref\u00f8rt innstramninger i strid med folkeretten.<\/p><p>N\u00e5r Storting og regjering ikke lytter til faglige og juridiske argumenter fra FN, som har et s\u00e6rlig mandat for \u00e5 tolke Flyktningkonvensjonen, \u00f8ker behovet for domstolspr\u00f8ving.<\/p><p>Mangelfull rettssikkerhet i <a href=\"https:\/\/noas.no\/riketstilstand\/2023-2\/rettssikkerhet-i-une\/\">Utlendingsnemndas (UNEs) klagebehandling<\/a>\u00a0 av asylsaker forsterker behovet for domstolspr\u00f8ving. I 2022 tapte UNE 24 av 53 saker der det forel\u00e5 en rettskraftig avgj\u00f8relse, som utgj\u00f8r <a href=\"https:\/\/www.une.no\/aktuelt\/arkiv\/2023\/rettssaker-i-2022\/\">tap i 45 prosent av sakene<\/a>.<\/p><p>\u00a0<\/p><h3><strong>F\u00e5 asyls\u00f8kere f\u00e5r pr\u00f8ve saken i retten<\/strong><\/h3><p>Det truer rettssikkerheten at asyls\u00f8kere kun helt unntaksvis gis fri sakf\u00f8rsel i forbindelse med domstolspr\u00f8ving av asylsaken. De aller fleste asyls\u00f8kere har derfor <a href=\"https:\/\/www.noas.no\/flere-une-avgjorelser-bor-bli-provd-i-domstolen\/\">ingen reell mulighet<\/a> til \u00e5 f\u00e5 saken pr\u00f8vd for retten.<\/p><p>Rettshjelpsutvalget foresl\u00e5r at det bevilges fire millioner kroner for \u00e5 sikre at det f\u00f8res flere prinsipielle saker for retten\u00a0, og at \u00ab\u00e9n eller flere organisasjoner som jobber p\u00e5 utlendingsfeltet, for eksempel NOAS, gis \u00f8remerket st\u00f8tte til \u00e5 f\u00f8re prinsipielle utlendingssaker for domstolene\u00bb.<\/p><p>\u00a0<\/p>\t\t\t\t\t\t\t\t<\/div>\n\t\t\t\t<\/div>\n\t\t\t\t\t<\/div>\n\t\t<\/div>\n\t\t\t\t<div class=\"elementor-column elementor-col-25 elementor-top-column elementor-element elementor-element-396a1af6 elementor-hidden-mobile\" data-id=\"396a1af6\" data-element_type=\"column\" data-e-type=\"column\">\n\t\t\t<div class=\"elementor-widget-wrap\">\n\t\t\t\t\t\t\t<\/div>\n\t\t<\/div>\n\t\t\t\t\t<\/div>\n\t\t<\/section>\n\t\t\t\t<section class=\"elementor-section elementor-top-section elementor-element elementor-element-981d9f0 elementor-section-boxed elementor-section-height-default elementor-section-height-default\" data-id=\"981d9f0\" data-element_type=\"section\" data-e-type=\"section\">\n\t\t\t\t\t\t<div class=\"elementor-container elementor-column-gap-default\">\n\t\t\t\t\t<div class=\"elementor-column elementor-col-25 elementor-top-column elementor-element elementor-element-f5133ac elementor-hidden-tablet\" data-id=\"f5133ac\" data-element_type=\"column\" data-e-type=\"column\">\n\t\t\t<div class=\"elementor-widget-wrap\">\n\t\t\t\t\t\t\t<\/div>\n\t\t<\/div>\n\t\t\t\t<div class=\"elementor-column elementor-col-50 elementor-top-column elementor-element elementor-element-546b37f\" data-id=\"546b37f\" data-element_type=\"column\" data-e-type=\"column\">\n\t\t\t<div class=\"elementor-widget-wrap elementor-element-populated\">\n\t\t\t\t\t\t<div class=\"elementor-element elementor-element-bf9edd6 elementor-widget elementor-widget-text-editor\" data-id=\"bf9edd6\" data-element_type=\"widget\" data-e-type=\"widget\" data-widget_type=\"text-editor.default\">\n\t\t\t\t<div class=\"elementor-widget-container\">\n\t\t\t\t\t\t\t\t\t<div id=\"block-be054a565e6c1e62ca40\" class=\"sqs-block html-block sqs-block-html\" data-block-type=\"2\"><div class=\"sqs-block-content\"><h3><strong>NOAS\u2019 domstolsprosjekt\u00a0<\/strong><\/h3><p>I 2015 etablerte NOAS et domstolsprosjekt i samarbeid med flere advokatfirmaer, for \u00e5 pr\u00f8ve utvalgte, prinsipielle asylsaker for retten. Sakene velges ut blant sakene NOAS mottar i rettshjelpsarbeidet. Advokatfirmaene jobber i utgangspunktet gratis, og f\u00e5r kun betalt dersom saken vinnes.<\/p><p>Siden oppstart av prosjektet har vi registrert endelig avgj\u00f8relse i 74 saker: det endte med tap i 33 saker (45 prosent), mens vi vant frem i 41 saker (55 prosent), enten i retten eller i UNE etter at varsel\/stevning ble sendt.<\/p><p>Sakene som pr\u00f8ves reiser ulike juridiske og landfaglige problemstillinger. I mai 2022 vant for eksempel prosjektet fram i Borgarting lagmannsrett i en sak om den s\u00e5kalte <a href=\"https:\/\/lovdata.no\/lov\/2008-05-15-35\/%C2%A731\">eksklusjonsbestemmelsen<\/a> i utlendingsloven. En flyktning kan if\u00f8lge bestemmelsen unntas retten til flyktningstatus, blant annet om han\/hun \u00abhar gjort seg skyldig i en alvorlig ikke-politisk forbrytelse utenfor Norges grenser\u00bb, f\u00f8r ankomst til Norge.<\/p><\/div><\/div><div id=\"block-yui_3_17_2_1_1660206982228_21470\" class=\"sqs-block image-block sqs-block-image sqs-text-ready\" data-block-type=\"5\"><div id=\"yui_3_17_2_1_1663935404672_73\" class=\"sqs-block-content\"><div id=\"yui_3_17_2_1_1663935404672_72\" class=\" image-block-outer-wrapper layout-caption-below design-layout-inline combination-animation-none individual-animation-none individual-text-animation-none \" data-test=\"image-block-inline-outer-wrapper\"><figure id=\"yui_3_17_2_1_1663935404672_71\" class=\" sqs-block-image-figure intrinsic \"><div id=\"yui_3_17_2_1_1663935404672_70\" class=\"image-block-wrapper\" data-animation-role=\"image\"><div id=\"yui_3_17_2_1_1663935404672_69\" class=\"sqs-image-shape-container-element has-aspect-ratio \"><img decoding=\"async\" class=\"thumb-image loaded\" src=\"https:\/\/images.squarespace-cdn.com\/content\/v1\/56e6a2632b8dde4bafc35e0b\/1553523663156-NZKU3NQ1LWSLPKH19G33\/Domstol2.jpg?format=750w\" alt=\"\" data-src=\"https:\/\/images.squarespace-cdn.com\/content\/v1\/56e6a2632b8dde4bafc35e0b\/1553523663156-NZKU3NQ1LWSLPKH19G33\/Domstol2.jpg\" data-image=\"https:\/\/images.squarespace-cdn.com\/content\/v1\/56e6a2632b8dde4bafc35e0b\/1553523663156-NZKU3NQ1LWSLPKH19G33\/Domstol2.jpg\" data-image-dimensions=\"1841x1157\" data-image-focal-point=\"0.5,0.5\" data-load=\"false\" data-image-id=\"62f4c022529f1911dbbe7cc9\" data-type=\"image\" data-image-resolution=\"750w\" \/><\/div><\/div><figcaption class=\"image-caption-wrapper\"><div class=\"image-caption\"><p class=\"\">DOMSTOLSPROSJEKTET HAR VUNNET FREM I\u00a063\u00a0PROSENT AV SAKENE TATT TIL RETTEN SIDEN STARTEN AV PROSJEKTET. <em>FOTO: SHUTTERSTOCK<\/em><\/p><\/div><\/figcaption><\/figure><\/div><\/div><\/div><div id=\"block-yui_3_17_2_1_1660206982228_48570\" class=\"sqs-block html-block sqs-block-html\" data-block-type=\"2\"><div class=\"sqs-block-content\"><p>Saken gjaldt et medlem i det kurdiske partiet KDPI, som i forbindelse med et oppdrag for partiet med andre partimedlemmer (Tashkilat team) ble beskutt av iranske soldater og skj\u00f8t tilbake i forsvar.\u00a0<\/p><p>Selv om klageren var p\u00e5 et politisk oppdrag, definerte UDI og UNE hendelsen som en ikke-politisk forbrytelse. UNE mente det ikke var en n\u00e6r og direkte sammenheng mellom skytingen og politiske motiv, og at drap eller fors\u00f8k p\u00e5 drap uansett aldri er en legitim politisk handling.<\/p><p><a href=\"https:\/\/lovdata.no\/pro\/auth\/login#document\/LBSIV\/avgjorelse\/lb-2021-126206\">Lagmannsretten konkluderte<\/a> at forvaltningens vurdering var feil, og uttaler i dommen at man ikke kan legge til grunn at et drapsfors\u00f8k alltid vil oppfylle lovens krav om en \u00abikke-politisk\u00bb forbrytelse. Retten sl\u00e5r ogs\u00e5 fast at det ikke er omstridt at KDPI kjemper for legitime og demokratiske verdier, og at det er p\u00e5 det rene at form\u00e5let med oppdraget Tashkilat-teamet dro p\u00e5 var rent politisk.<\/p><p>Lagmannsretten mener forbindelsen mellom forbrytelsen og det politiske motivet ikke er brutt ved at handlingen for eksempel hadde p\u00e5regnelig tap av tilfeldige menneskeliv, og at det etter en samlet vurdering \u00aber tilstrekkelig sammenheng mellom det politiske form\u00e5let, som var i samsvar med menneskerettslige prinsipper, og forbrytelsen\u00bb.<\/p><p>Det ble ogs\u00e5 sett hen til at iranske myndigheter har forbudt all form for kurdisk politisk aktivitet i Iran, og at brudd p\u00e5 forbudet kan gi streng straff.<\/p><p>Lagmannsrettens beslutning var derfor at det ikke er grunnlag for eksklusjon fra flyktningstatus, og forvaltningens vedtak ble kjent ugyldig<\/p><p>Dommen er viktig, og har betydning for flere som har blitt rammet av en uriktig praksis i utlendingsforvaltningen de siste \u00e5rene. Sakene omhandler flyktninger som har et behov for beskyttelse, men som p\u00e5 uriktig grunnlag har blitt ekskludert fra flyktningstatus.<\/p><p>Domstolsprosjektet har tidligere vunnet frem og f\u00e5tt endret praksis ovenfor iranske kurdiske pershmerga, som f\u00f8rst ble nektet flyktningstatus i Norge fordi de hadde beskyttet kurdiske landomr\u00e5der i Irak og Yezidier mot IS. UNE omgjorde vedtakene etter stevning, f\u00f8r saken kom opp i domstolen. UNE konkluderte, stikk i strid med tidligere vedtak, at personenes form\u00e5l med \u00e5 delta i kampene mot IS m\u00e5 anses som reelt, legitimt, og i tr\u00e5d med generelle menneskerettigheter.<\/p><\/div><\/div>\t\t\t\t\t\t\t\t<\/div>\n\t\t\t\t<\/div>\n\t\t\t\t\t<\/div>\n\t\t<\/div>\n\t\t\t\t<div class=\"elementor-column elementor-col-25 elementor-top-column elementor-element elementor-element-9aa435e\" data-id=\"9aa435e\" data-element_type=\"column\" data-e-type=\"column\">\n\t\t\t<div class=\"elementor-widget-wrap elementor-element-populated\">\n\t\t\t\t\t\t<div class=\"elementor-element elementor-element-76d5031 elementor-widget elementor-widget-text-editor\" data-id=\"76d5031\" data-element_type=\"widget\" data-e-type=\"widget\" data-widget_type=\"text-editor.default\">\n\t\t\t\t<div class=\"elementor-widget-container\">\n\t\t\t\t\t\t\t\t\t<blockquote><p>\u201cRettshjelpsutvalget foresl\u00e5r at det bevilges fire millioner kroner for \u00e5 sikre at det f\u00f8res flere prinsipielle saker for retten\u201d<\/p><\/blockquote>\t\t\t\t\t\t\t\t<\/div>\n\t\t\t\t<\/div>\n\t\t\t\t\t<\/div>\n\t\t<\/div>\n\t\t\t\t\t<\/div>\n\t\t<\/section>\n\t\t\t\t<\/div>\n\t\t","protected":false},"excerpt":{"rendered":"<p>Asylsaker i domstolen Mulighet for rettslig pr\u00f8ving av asylsaker er viktig for rettssikkerheten. I NOAS\u2019 domstolsprosjekt vinner vi fram 55\u00a0 prosent av sakene. NORGES H\u00d8YESTERETT. FOTO: SHUTTERSTOCK \u201cN\u00e5r Storting og regjering ikke lytter til faglige og juridiske argumenter fra FN, som har et s\u00e6rlig mandat for \u00e5 tolke flyktningkonvensjonen,\u00a0 \u00f8ker behovet for domstolspr\u00f8ving.\u201d \u00a0 \u00a0\u00a0\u00a0 [&hellip;]<\/p>\n","protected":false},"author":1,"featured_media":0,"parent":7372,"menu_order":0,"comment_status":"closed","ping_status":"closed","template":"","meta":{"_acf_changed":false,"site-sidebar-layout":"no-sidebar","site-content-layout":"page-builder","ast-site-content-layout":"default","site-content-style":"default","site-sidebar-style":"default","ast-global-header-display":"","ast-banner-title-visibility":"","ast-main-header-display":"","ast-hfb-above-header-display":"","ast-hfb-below-header-display":"","ast-hfb-mobile-header-display":"","site-post-title":"disabled","ast-breadcrumbs-content":"","ast-featured-img":"disabled","footer-sml-layout":"","ast-disable-related-posts":"","theme-transparent-header-meta":"default","adv-header-id-meta":"","stick-header-meta":"","header-above-stick-meta":"","header-main-stick-meta":"","header-below-stick-meta":"","astra-migrate-meta-layouts":"default","ast-page-background-enabled":"default","ast-page-background-meta":{"desktop":{"background-color":"var(--ast-global-color-4)","background-image":"","background-repeat":"repeat","background-position":"center center","background-size":"auto","background-attachment":"scroll","background-type":"","background-media":"","overlay-type":"","overlay-color":"","overlay-opacity":"","overlay-gradient":""},"tablet":{"background-color":"","background-image":"","background-repeat":"repeat","background-position":"center center","background-size":"auto","background-attachment":"scroll","background-type":"","background-media":"","overlay-type":"","overlay-color":"","overlay-opacity":"","overlay-gradient":""},"mobile":{"background-color":"","background-image":"","background-repeat":"repeat","background-position":"center center","background-size":"auto","background-attachment":"scroll","background-type":"","background-media":"","overlay-type":"","overlay-color":"","overlay-opacity":"","overlay-gradient":""}},"ast-content-background-meta":{"desktop":{"background-color":"var(--ast-global-color-5)","background-image":"","background-repeat":"repeat","background-position":"center center","background-size":"auto","background-attachment":"scroll","background-type":"","background-media":"","overlay-type":"","overlay-color":"","overlay-opacity":"","overlay-gradient":""},"tablet":{"background-color":"var(--ast-global-color-5)","background-image":"","background-repeat":"repeat","background-position":"center center","background-size":"auto","background-attachment":"scroll","background-type":"","background-media":"","overlay-type":"","overlay-color":"","overlay-opacity":"","overlay-gradient":""},"mobile":{"background-color":"var(--ast-global-color-5)","background-image":"","background-repeat":"repeat","background-position":"center center","background-size":"auto","background-attachment":"scroll","background-type":"","background-media":"","overlay-type":"","overlay-color":"","overlay-opacity":"","overlay-gradient":""}},"footnotes":""},"class_list":["post-7468","page","type-page","status-publish","hentry"],"acf":[],"_links":{"self":[{"href":"https:\/\/noas.no\/riketstilstand\/wp-json\/wp\/v2\/pages\/7468","targetHints":{"allow":["GET"]}}],"collection":[{"href":"https:\/\/noas.no\/riketstilstand\/wp-json\/wp\/v2\/pages"}],"about":[{"href":"https:\/\/noas.no\/riketstilstand\/wp-json\/wp\/v2\/types\/page"}],"author":[{"embeddable":true,"href":"https:\/\/noas.no\/riketstilstand\/wp-json\/wp\/v2\/users\/1"}],"replies":[{"embeddable":true,"href":"https:\/\/noas.no\/riketstilstand\/wp-json\/wp\/v2\/comments?post=7468"}],"version-history":[{"count":28,"href":"https:\/\/noas.no\/riketstilstand\/wp-json\/wp\/v2\/pages\/7468\/revisions"}],"predecessor-version":[{"id":8242,"href":"https:\/\/noas.no\/riketstilstand\/wp-json\/wp\/v2\/pages\/7468\/revisions\/8242"}],"up":[{"embeddable":true,"href":"https:\/\/noas.no\/riketstilstand\/wp-json\/wp\/v2\/pages\/7372"}],"wp:attachment":[{"href":"https:\/\/noas.no\/riketstilstand\/wp-json\/wp\/v2\/media?parent=7468"}],"curies":[{"name":"wp","href":"https:\/\/api.w.org\/{rel}","templated":true}]}}