{"id":7464,"date":"2023-05-22T09:43:58","date_gmt":"2023-05-22T09:43:58","guid":{"rendered":"https:\/\/noas.no\/riketstilstand\/?page_id=7464"},"modified":"2023-06-07T14:10:39","modified_gmt":"2023-06-07T14:10:39","slug":"gaza","status":"publish","type":"page","link":"https:\/\/noas.no\/riketstilstand\/2023-2\/landprofiler\/gaza\/","title":{"rendered":"Gaza"},"content":{"rendered":"\t\t<div data-elementor-type=\"wp-page\" data-elementor-id=\"7464\" class=\"elementor elementor-7464\">\n\t\t\t\t\t\t<section class=\"elementor-section elementor-top-section elementor-element elementor-element-a25249d elementor-section-full_width elementor-section-height-min-height elementor-section-height-default elementor-section-items-middle\" data-id=\"a25249d\" data-element_type=\"section\" data-e-type=\"section\" data-settings=\"{&quot;background_background&quot;:&quot;classic&quot;}\">\n\t\t\t\t\t\t\t<div class=\"elementor-background-overlay\"><\/div>\n\t\t\t\t\t\t\t<div class=\"elementor-container elementor-column-gap-default\">\n\t\t\t\t\t<div class=\"elementor-column elementor-col-100 elementor-top-column elementor-element elementor-element-55441c6\" data-id=\"55441c6\" data-element_type=\"column\" data-e-type=\"column\">\n\t\t\t<div class=\"elementor-widget-wrap elementor-element-populated\">\n\t\t\t\t\t\t<div class=\"elementor-element elementor-element-bc5851a elementor-widget elementor-widget-heading\" data-id=\"bc5851a\" data-element_type=\"widget\" data-e-type=\"widget\" data-widget_type=\"heading.default\">\n\t\t\t\t<div class=\"elementor-widget-container\">\n\t\t\t\t\t<h1 class=\"elementor-heading-title elementor-size-default\">Landprofiler 2022<\/h1>\t\t\t\t<\/div>\n\t\t\t\t<\/div>\n\t\t\t\t\t<\/div>\n\t\t<\/div>\n\t\t\t\t\t<\/div>\n\t\t<\/section>\n\t\t\t\t<section class=\"elementor-section elementor-top-section elementor-element elementor-element-7924dcd5 elementor-section-boxed elementor-section-height-default elementor-section-height-default\" data-id=\"7924dcd5\" data-element_type=\"section\" data-e-type=\"section\">\n\t\t\t\t\t\t<div class=\"elementor-container elementor-column-gap-default\">\n\t\t\t\t\t<div class=\"elementor-column elementor-col-100 elementor-top-column elementor-element elementor-element-6a8c2c8b\" data-id=\"6a8c2c8b\" data-element_type=\"column\" data-e-type=\"column\">\n\t\t\t<div class=\"elementor-widget-wrap elementor-element-populated\">\n\t\t\t\t\t\t<div class=\"elementor-element elementor-element-56c986ff elementor-widget elementor-widget-heading\" data-id=\"56c986ff\" data-element_type=\"widget\" data-e-type=\"widget\" data-widget_type=\"heading.default\">\n\t\t\t\t<div class=\"elementor-widget-container\">\n\t\t\t\t\t<h2 class=\"elementor-heading-title elementor-size-default\"><a href=\"#\">Gaza\n<\/a><\/h2>\t\t\t\t<\/div>\n\t\t\t\t<\/div>\n\t\t\t\t\t<\/div>\n\t\t<\/div>\n\t\t\t\t\t<\/div>\n\t\t<\/section>\n\t\t\t\t<section class=\"elementor-section elementor-top-section elementor-element elementor-element-ecd464e elementor-section-boxed elementor-section-height-default elementor-section-height-default\" data-id=\"ecd464e\" data-element_type=\"section\" data-e-type=\"section\">\n\t\t\t\t\t\t<div class=\"elementor-container elementor-column-gap-default\">\n\t\t\t\t\t<div class=\"elementor-column elementor-col-100 elementor-top-column elementor-element elementor-element-da881f3\" data-id=\"da881f3\" data-element_type=\"column\" data-e-type=\"column\">\n\t\t\t<div class=\"elementor-widget-wrap\">\n\t\t\t\t\t\t\t<\/div>\n\t\t<\/div>\n\t\t\t\t\t<\/div>\n\t\t<\/section>\n\t\t\t\t<section class=\"elementor-section elementor-top-section elementor-element elementor-element-69ef4ed elementor-section-boxed elementor-section-height-default elementor-section-height-default\" data-id=\"69ef4ed\" data-element_type=\"section\" data-e-type=\"section\">\n\t\t\t\t\t\t<div class=\"elementor-container elementor-column-gap-default\">\n\t\t\t\t\t<div class=\"elementor-column elementor-col-16 elementor-top-column elementor-element elementor-element-da287b0\" data-id=\"da287b0\" data-element_type=\"column\" data-e-type=\"column\">\n\t\t\t<div class=\"elementor-widget-wrap elementor-element-populated\">\n\t\t\t\t\t\t<div class=\"elementor-element elementor-element-b1e7dda elementor-widget__width-initial elementor-widget elementor-widget-text-editor\" data-id=\"b1e7dda\" data-element_type=\"widget\" data-e-type=\"widget\" data-widget_type=\"text-editor.default\">\n\t\t\t\t<div class=\"elementor-widget-container\">\n\t\t\t\t\t\t\t\t\t<h6><span style=\"font-size: 1.1em; font-style: inherit; font-family: var( --e-global-typography-text-font-family ), Sans-serif; background-color: var(--ast-global-color-5);\">Manglende statistikk<\/span><\/h6><p>Palestinere blir registrert som statsl\u00f8se og fremg\u00e5r samlet med andre statsl\u00f8se i UDIs statistikk. NOAS har derfor ikke tall p\u00e5 hvor mange fra Gaza som har s\u00f8kt om beskyttelse og f\u00e5tt opphold eller avslag i 2022.<\/p>\t\t\t\t\t\t\t\t<\/div>\n\t\t\t\t<\/div>\n\t\t\t\t\t<\/div>\n\t\t<\/div>\n\t\t\t\t<div class=\"elementor-column elementor-col-66 elementor-top-column elementor-element elementor-element-4422323\" data-id=\"4422323\" data-element_type=\"column\" data-e-type=\"column\">\n\t\t\t<div class=\"elementor-widget-wrap elementor-element-populated\">\n\t\t\t\t\t\t<div class=\"elementor-element elementor-element-ab51baa elementor-widget__width-initial elementor-widget elementor-widget-text-editor\" data-id=\"ab51baa\" data-element_type=\"widget\" data-e-type=\"widget\" data-widget_type=\"text-editor.default\">\n\t\t\t\t<div class=\"elementor-widget-container\">\n\t\t\t\t\t\t\t\t\t<h3><strong>Ustabil sikkerhetssituasjon uten l\u00f8sning i sikte<\/strong>\u00a0<\/h3><p>Sikkerhetssituasjonen i Gaza b\u00e6rer preg av en manglende l\u00f8sning p\u00e5 de strukturelle \u00e5rsakene til konflikten. Dette gj\u00f8r at <a href=\"https:\/\/landinfo.no\/wp-content\/uploads\/2021\/12\/Temanotat-Palestina-Humanitaere-forhold-i-Gaza-01122021.pdfhttps:\/landinfo.no\/wp-content\/uploads\/2021\/12\/Temanotat-Palestina-Humanitaere-forhold-i-Gaza-01122021.pdf\">sikkerhetssituasjonen forblir sv\u00e6rt ustabil<\/a> og krigshandlinger blusser opp regelmessig. Siden Hamas sin maktovertagelse i Gaza i 2007 har det v\u00e6r fem kriger med Israel, den siste store i mai 2021 og to av kortere varighet i august 2022 og i mai 2023. Mellom krigene har det ogs\u00e5 v\u00e6rt flere milit\u00e6re konfrontasjoner og h\u00f8y spenning.\u00a0<\/p><p>Gaza er av de tettest befolkede omr\u00e5dene i verden og er p\u00e5 st\u00f8rrelse med Mj\u00f8sa. De gjentakende syklusene med vold rammer derfor sivilbefolkningen hardt, med en h\u00f8y andel drepte og skadde sivile n\u00e5r krigshandlingene f\u00f8rst oppst\u00e5r. Den strenge grensekontrollen gj\u00f8r ogs\u00e5 at sivile ikke kan s\u00f8ke tilflukt p\u00e5 en effektiv m\u00e5te for \u00e5 unnslippe krigshandlingene.\u00a0<\/p><p>Situasjonen i Gaza m\u00e5 forst\u00e5s i sammenheng med det som skjer p\u00e5 Vestbredden. <a href=\"https:\/\/www.ohchr.org\/en\/press-releases\/2022\/12\/israel-un-experts-condemn-record-year-israeli-violence-occupied-west-bank\">Fjor\u00e5ret var det d\u00f8deligste<\/a> der siden 2005, og flere <a href=\"https:\/\/landinfo.no\/wp-content\/uploads\/2023\/02\/Palestina-temanotat-PAs-behandling-av-politisk-opposisjonelle-pa-Vestbreidda-07022023.pdf\">v\u00e6pnede palestinske militser<\/a> har vokst frem. <a href=\"https:\/\/www.un.org\/unispal\/wp-content\/uploads\/2022\/10\/A.77.356_210922.pdf\">FNs spesialrapport\u00f8r for menneskerettigheter<\/a> og <a href=\"https:\/\/www.hrw.org\/report\/2021\/04\/27\/threshold-crossed\/israeli-authorities-and-crimes-apartheid-and-persecution\">andre sivilsamfunnsakt\u00f8rer<\/a> mener at palestinere som lever under okkupasjon blir utsatt for kollektiv avstraffelse, og at situasjonen er forverret i den grad at terskelen for apartheid er n\u00e5dd. Siden h\u00f8yre-koalisjonen til Benjamin Netanyahu kom sammen i desember, frykter flere at situasjonen i de palestinske omr\u00e5dene kan tilspisse seg ytterligere.<\/p><div class=\"mceTemp\">\u00a0<\/div><h3><strong>Forverret humanit\u00e6r situasjon<\/strong>\u00a0<\/h3><p><a href=\"https:\/\/landinfo.no\/wp-content\/uploads\/2021\/12\/Temanotat-Palestina-Humanitaere-forhold-i-Gaza-01122021.pdf\">FN har i lengre tid advart<\/a> om at Gaza ville bli \u00abulevelig\u00bb og at den humanit\u00e6re krisen er \u00abuten sidestykke\u00bb. Jevnlige krigshandlinger medf\u00f8rer massive skader p\u00e5 boliger, infrastruktur og basistjenester, og den israelsk-egyptiske blokaden setter sterke restriksjoner p\u00e5 import av materialer til gjenoppbygging, medisinske og humanit\u00e6re n\u00f8dvendigheter, og persontrafikk. Samtidig forverres situasjonen av den interne palestinske splittelsen.\u00a0\u00a0<\/p><p>Fjor\u00e5ret var igjen preget av konflikt, \u00f8konomisk stagnasjon, \u00f8kning i mat- og bensinpriser p\u00e5 grunn av krigen i Ukraina, og etterd\u00f8nningene av Covid 19-pandemien.\u00a0\u00a0<\/p><p>FN sier at 80 prosent av befolkningen er avhengige av internasjonal bistand og at 40 prosent av registrerte flyktninger lever i dyp fattigdom. <a href=\"https:\/\/reliefweb.int\/report\/occupied-palestinian-territory\/gaza-strip-humanitarian-impact-15-years-blockade-june-2022-enarhe\">UNOCHA skrev<\/a> at arbeidsledigheten p\u00e5 46.6 prosent i 2022 var blant den h\u00f8yeste i verden, og andelen som lever i matusikkerhet var <a href=\"https:\/\/www.wfp.org\/operations\/annual-country-report?operation_id=PS01&amp;year=2022#\/25091\">if\u00f8lge Verdens matvareprogram (WFP<\/a>) p\u00e5 75 prosent. <a href=\"https:\/\/landinfo.no\/wp-content\/uploads\/2022\/03\/Temanotat-Palestina-UNRWAs-tjenester-pa-Gazastripen-i-lys-av-finansieringskrisen-GRHA-16032022.pdf\">Bidragene til UNRWA har stagnert<\/a> det siste ti\u00e5ret, og finansieringen er uforutsigbar blant annet p\u00e5 grunn av skifter i de politiske prioriteringene til donorland.\u00a0<\/p><p><a href=\"https:\/\/landinfo.no\/wp-content\/uploads\/2021\/12\/Temanotat-Palestina-Humanitaere-forhold-i-Gaza-01122021.pdfhttps:\/landinfo.no\/wp-content\/uploads\/2021\/12\/Temanotat-Palestina-Humanitaere-forhold-i-Gaza-01122021.pdf\">Helsesektoren er ogs\u00e5 sterkt preget<\/a> av en langvarig krisesituasjon. Om lag 97 prosent av grunnvannet er uegnet for menneskelig konsum, og mangelen p\u00e5 elektrisitetsforsyning f\u00f8rer til livstruende situasjoner. Kapasitetsutfordringene forverres av vansker knyttet til finansiering, reduksjon i legedekningen og sterk befolkningsvekst. Det er ogs\u00e5 kronisk mangel p\u00e5 essensielle medisiner ved de offentlige sykehusene.\u00a0De mange rundene med krigf\u00f8ring og et liv i fattigdom har slitt p\u00e5 befolkningens psykiske helse. <a href=\"https:\/\/www.unicef.org\/stories\/children-bear-brunt-violence-gaza\">If\u00f8lge UNICEF<\/a> hadde 1 av 3 barn behov for traumebehandling allerede f\u00f8r krigen i mai 2021.\u00a0\u00a0<\/p><figure id=\"attachment_8556\" aria-describedby=\"caption-attachment-8556\" style=\"width: 1398px\" class=\"wp-caption alignnone\"><img fetchpriority=\"high\" decoding=\"async\" class=\"wp-image-8556 size-full\" src=\"https:\/\/noas.no\/riketstilstand\/wp-content\/uploads\/2023\/05\/Skjermbilde-2023-05-26-kl.-15.01.50.png\" alt=\"\" width=\"1398\" height=\"918\" srcset=\"https:\/\/noas.no\/riketstilstand\/wp-content\/uploads\/2023\/05\/Skjermbilde-2023-05-26-kl.-15.01.50.png 1398w, https:\/\/noas.no\/riketstilstand\/wp-content\/uploads\/2023\/05\/Skjermbilde-2023-05-26-kl.-15.01.50-300x197.png 300w, https:\/\/noas.no\/riketstilstand\/wp-content\/uploads\/2023\/05\/Skjermbilde-2023-05-26-kl.-15.01.50-1024x672.png 1024w, https:\/\/noas.no\/riketstilstand\/wp-content\/uploads\/2023\/05\/Skjermbilde-2023-05-26-kl.-15.01.50-768x504.png 768w\" sizes=\"(max-width: 1398px) 100vw, 1398px\" \/><figcaption id=\"caption-attachment-8556\" class=\"wp-caption-text\">Al-Aqsa-moskeen, en av de tre helligste stedene i islam, blir okkupert av israelske sikkerhetsstyrker hver Ramadan.<\/figcaption><\/figure><h3>\u00a0<\/h3><h3><strong>Ikke beskyttelse eller opphold p\u00e5 generelt grunnlag <\/strong><\/h3><p>Norske myndigheter har ikke gitt beskyttelse p\u00e5 bakgrunn av den generelle sikkerhetssituasjonen alene siden det generelle vernet mot retur ble opphevet i 2009, etter den andre intifadaen og krigen i 2008-2009.<\/p><p>NOAS har ikke sett at den forverrede humanit\u00e6re situasjonen alene gir oppholdstillatelse. NOAS\u2019 erfaring er at opphold p\u00e5 humanit\u00e6rt grunnlag har blitt gitt til personer med alvorlige helseproblemer som trenger behandling eller oppf\u00f8lging som ikke er tilgjengelig i Gaza.<\/p><p>Opposisjonell aktivitet kan utl\u00f8se reaksjoner fra Hamas og andre ikke-statlige akt\u00f8rer som gir et beskyttelsesbehov. Palestinere har over lang tid blitt presset av israelske myndigheter til \u00e5 fungere som informanter, noe Hamas har svart p\u00e5 med strenge straffer, inkludert henrettelser, for \u00e5 avskrekke. S\u00e5kalt <a href=\"https:\/\/landinfo.no\/wp-content\/uploads\/2020\/04\/Respons-Palestina-Mistanke-om-kollaborat%C3%B8rvirksomhet-ved-retur-til-Gazastripen-GRHA-07042020-2.pdf\">kollaborat\u00f8rvirksomhet<\/a> vil kunne medf\u00f8re reaksjoner som gir grunnlag for beskyttelse, avhengig av alvorlighetsgraden i interaksjonen med israelerne.\u00a0<\/p><p>Kvinner som risikerer \u00e5 bli utsatt for s\u00e5kalt \u00e6resrelatert vold av familiemedlemmer eller andre, kan gis beskyttelse dersom slike forhold er sannsynliggjort. \u00a0<\/p><h3>\u00a0<\/h3><h3><strong>Anbefaler returstans<\/strong><\/h3><p><a href=\"https:\/\/www.refworld.org\/docid\/6239805f4.html\">UNHCR anbefaler \u00e5 stanse tvangsreturer<\/a> til Gaza og kom med en oppdatert vurdering av dette i mars 2022. Anbefalingen kom p\u00e5 bakgrunn av et mangfold av kriser etter gjentatte utbrudd av krigshandlinger, alvorlige anklager om brudd p\u00e5 internasjonal humanit\u00e6rrett og de internasjonale menneskerettighetene, og en forverret humanit\u00e6r situasjon.\u00a0<\/p><p>Utlendingsnemnda har i visse perioder opphevet plikten til \u00e5 forlate Norge for de med endelig avslag, sist i juni 2021 til januar 2022. Personer fra Gaza har siden da hatt utreiseplikt.<\/p><p>Politiets utlendingsenhet (PU) foretok ingen tvangsreturer i 2022, men etter opphevelsen av suspensjonen av utreiseplikt til Gaza i januar 2022, er det heller ingen ny returstans.\u00a0\u00a0<\/p><p>\u00a0<\/p>\t\t\t\t\t\t\t\t<\/div>\n\t\t\t\t<\/div>\n\t\t\t\t<div class=\"elementor-element elementor-element-4f2c1d4c elementor-widget elementor-widget-button\" data-id=\"4f2c1d4c\" data-element_type=\"widget\" data-e-type=\"widget\" data-widget_type=\"button.default\">\n\t\t\t\t<div class=\"elementor-widget-container\">\n\t\t\t\t\t\t\t\t\t<div class=\"elementor-button-wrapper\">\n\t\t\t\t\t<a class=\"elementor-button elementor-button-link elementor-size-md\" href=\"https:\/\/www.udiregelverk.no\/rettskilder\/udi-retningslinjer\/udi-2010-029\/\">\n\t\t\t\t\t\t<span class=\"elementor-button-content-wrapper\">\n\t\t\t\t\t\t\t\t\t<span class=\"elementor-button-text\">LES UDIS PRAKSISNOTAT FOR VESTBREDDEN OG GAZA<\/span>\n\t\t\t\t\t<\/span>\n\t\t\t\t\t<\/a>\n\t\t\t\t<\/div>\n\t\t\t\t\t\t\t\t<\/div>\n\t\t\t\t<\/div>\n\t\t\t\t\t<\/div>\n\t\t<\/div>\n\t\t\t\t<div class=\"elementor-column elementor-col-16 elementor-top-column elementor-element elementor-element-844902a\" data-id=\"844902a\" data-element_type=\"column\" data-e-type=\"column\">\n\t\t\t<div class=\"elementor-widget-wrap elementor-element-populated\">\n\t\t\t\t\t\t<div class=\"elementor-element elementor-element-23fd9f3 elementor-widget elementor-widget-text-editor\" data-id=\"23fd9f3\" data-element_type=\"widget\" data-e-type=\"widget\" data-widget_type=\"text-editor.default\">\n\t\t\t\t<div class=\"elementor-widget-container\">\n\t\t\t\t\t\t\t\t\t<p>\u00a0<\/p><p>\u00a0<\/p><p>\u00a0<\/p><p>\u00a0<\/p><p>\u00a0<\/p><p>\u00a0<\/p><p>\u00a0<\/p><p>\u00a0<\/p><p><em>&#8220;FN har i lengre tid advart om at Gaza ville bli \u00abulevelig\u00bb og at den humanit\u00e6re krisen er \u00abuten sidestykke\u00bb.&#8221;<\/em><\/p>\t\t\t\t\t\t\t\t<\/div>\n\t\t\t\t<\/div>\n\t\t\t\t\t<\/div>\n\t\t<\/div>\n\t\t\t\t\t<\/div>\n\t\t<\/section>\n\t\t\t\t<\/div>\n\t\t","protected":false},"excerpt":{"rendered":"<p>Landprofiler 2022 Gaza Manglende statistikk Palestinere blir registrert som statsl\u00f8se og fremg\u00e5r samlet med andre statsl\u00f8se i UDIs statistikk. NOAS har derfor ikke tall p\u00e5 hvor mange fra Gaza som har s\u00f8kt om beskyttelse og f\u00e5tt opphold eller avslag i 2022. Ustabil sikkerhetssituasjon uten l\u00f8sning i sikte\u00a0 Sikkerhetssituasjonen i Gaza b\u00e6rer preg av en manglende [&hellip;]<\/p>\n","protected":false},"author":1,"featured_media":0,"parent":7441,"menu_order":0,"comment_status":"closed","ping_status":"closed","template":"","meta":{"_acf_changed":false,"site-sidebar-layout":"no-sidebar","site-content-layout":"page-builder","ast-site-content-layout":"default","site-content-style":"default","site-sidebar-style":"default","ast-global-header-display":"","ast-banner-title-visibility":"","ast-main-header-display":"","ast-hfb-above-header-display":"","ast-hfb-below-header-display":"","ast-hfb-mobile-header-display":"","site-post-title":"disabled","ast-breadcrumbs-content":"","ast-featured-img":"disabled","footer-sml-layout":"","ast-disable-related-posts":"","theme-transparent-header-meta":"default","adv-header-id-meta":"","stick-header-meta":"","header-above-stick-meta":"","header-main-stick-meta":"","header-below-stick-meta":"","astra-migrate-meta-layouts":"default","ast-page-background-enabled":"default","ast-page-background-meta":{"desktop":{"background-color":"var(--ast-global-color-4)","background-image":"","background-repeat":"repeat","background-position":"center center","background-size":"auto","background-attachment":"scroll","background-type":"","background-media":"","overlay-type":"","overlay-color":"","overlay-opacity":"","overlay-gradient":""},"tablet":{"background-color":"","background-image":"","background-repeat":"repeat","background-position":"center center","background-size":"auto","background-attachment":"scroll","background-type":"","background-media":"","overlay-type":"","overlay-color":"","overlay-opacity":"","overlay-gradient":""},"mobile":{"background-color":"","background-image":"","background-repeat":"repeat","background-position":"center center","background-size":"auto","background-attachment":"scroll","background-type":"","background-media":"","overlay-type":"","overlay-color":"","overlay-opacity":"","overlay-gradient":""}},"ast-content-background-meta":{"desktop":{"background-color":"var(--ast-global-color-5)","background-image":"","background-repeat":"repeat","background-position":"center center","background-size":"auto","background-attachment":"scroll","background-type":"","background-media":"","overlay-type":"","overlay-color":"","overlay-opacity":"","overlay-gradient":""},"tablet":{"background-color":"var(--ast-global-color-5)","background-image":"","background-repeat":"repeat","background-position":"center center","background-size":"auto","background-attachment":"scroll","background-type":"","background-media":"","overlay-type":"","overlay-color":"","overlay-opacity":"","overlay-gradient":""},"mobile":{"background-color":"var(--ast-global-color-5)","background-image":"","background-repeat":"repeat","background-position":"center center","background-size":"auto","background-attachment":"scroll","background-type":"","background-media":"","overlay-type":"","overlay-color":"","overlay-opacity":"","overlay-gradient":""}},"footnotes":""},"class_list":["post-7464","page","type-page","status-publish","hentry"],"acf":[],"_links":{"self":[{"href":"https:\/\/noas.no\/riketstilstand\/wp-json\/wp\/v2\/pages\/7464","targetHints":{"allow":["GET"]}}],"collection":[{"href":"https:\/\/noas.no\/riketstilstand\/wp-json\/wp\/v2\/pages"}],"about":[{"href":"https:\/\/noas.no\/riketstilstand\/wp-json\/wp\/v2\/types\/page"}],"author":[{"embeddable":true,"href":"https:\/\/noas.no\/riketstilstand\/wp-json\/wp\/v2\/users\/1"}],"replies":[{"embeddable":true,"href":"https:\/\/noas.no\/riketstilstand\/wp-json\/wp\/v2\/comments?post=7464"}],"version-history":[{"count":160,"href":"https:\/\/noas.no\/riketstilstand\/wp-json\/wp\/v2\/pages\/7464\/revisions"}],"predecessor-version":[{"id":8790,"href":"https:\/\/noas.no\/riketstilstand\/wp-json\/wp\/v2\/pages\/7464\/revisions\/8790"}],"up":[{"embeddable":true,"href":"https:\/\/noas.no\/riketstilstand\/wp-json\/wp\/v2\/pages\/7441"}],"wp:attachment":[{"href":"https:\/\/noas.no\/riketstilstand\/wp-json\/wp\/v2\/media?parent=7464"}],"curies":[{"name":"wp","href":"https:\/\/api.w.org\/{rel}","templated":true}]}}