{"id":6543,"date":"2022-12-08T12:54:45","date_gmt":"2022-12-08T12:54:45","guid":{"rendered":"https:\/\/noas.no\/riketstilstand\/?page_id=6543"},"modified":"2023-04-16T16:58:28","modified_gmt":"2023-04-16T16:58:28","slug":"statlose","status":"publish","type":"page","link":"https:\/\/noas.no\/riketstilstand\/2021-2\/statlose\/","title":{"rendered":"Statl\u00f8se"},"content":{"rendered":"\t\t<div data-elementor-type=\"wp-page\" data-elementor-id=\"6543\" class=\"elementor elementor-6543\">\n\t\t\t\t\t\t<section class=\"elementor-section elementor-top-section elementor-element elementor-element-451a01a9 elementor-section-full_width elementor-section-height-full elementor-section-height-default elementor-section-items-middle\" data-id=\"451a01a9\" data-element_type=\"section\" data-e-type=\"section\" data-settings=\"{&quot;background_background&quot;:&quot;classic&quot;}\">\n\t\t\t\t\t\t\t<div class=\"elementor-background-overlay\"><\/div>\n\t\t\t\t\t\t\t<div class=\"elementor-container elementor-column-gap-default\">\n\t\t\t\t\t<div class=\"elementor-column elementor-col-100 elementor-top-column elementor-element elementor-element-56fb379f\" data-id=\"56fb379f\" data-element_type=\"column\" data-e-type=\"column\">\n\t\t\t<div class=\"elementor-widget-wrap elementor-element-populated\">\n\t\t\t\t\t\t<div class=\"elementor-element elementor-element-648502bd elementor-widget elementor-widget-heading\" data-id=\"648502bd\" data-element_type=\"widget\" data-e-type=\"widget\" data-widget_type=\"heading.default\">\n\t\t\t\t<div class=\"elementor-widget-container\">\n\t\t\t\t\t<h4 class=\"elementor-heading-title elementor-size-default\">Statsl\u00f8se<\/h4>\t\t\t\t<\/div>\n\t\t\t\t<\/div>\n\t\t\t\t<div class=\"elementor-element elementor-element-af26dbb elementor-widget__width-initial elementor-widget elementor-widget-text-editor\" data-id=\"af26dbb\" data-element_type=\"widget\" data-e-type=\"widget\" data-widget_type=\"text-editor.default\">\n\t\t\t\t<div class=\"elementor-widget-container\">\n\t\t\t\t\t\t\t\t\t<p>Statsl\u00f8se i Norge uten opphold er rettighetsl\u00f8se og uten noen stat de kan returnere til. Norge bryter FN-konvensjon om statsl\u00f8se.<\/p>\t\t\t\t\t\t\t\t<\/div>\n\t\t\t\t<\/div>\n\t\t\t\t\t<\/div>\n\t\t<\/div>\n\t\t\t\t\t<\/div>\n\t\t<\/section>\n\t\t\t\t<section class=\"elementor-section elementor-top-section elementor-element elementor-element-4b8c5a9c elementor-section-boxed elementor-section-height-default elementor-section-height-default\" data-id=\"4b8c5a9c\" data-element_type=\"section\" data-e-type=\"section\">\n\t\t\t\t\t\t<div class=\"elementor-container elementor-column-gap-default\">\n\t\t\t\t\t<div class=\"elementor-column elementor-col-100 elementor-top-column elementor-element elementor-element-2da0ec91\" data-id=\"2da0ec91\" data-element_type=\"column\" data-e-type=\"column\">\n\t\t\t<div class=\"elementor-widget-wrap elementor-element-populated\">\n\t\t\t\t\t\t<div class=\"elementor-element elementor-element-dd42ebb elementor-widget elementor-widget-text-editor\" data-id=\"dd42ebb\" data-element_type=\"widget\" data-e-type=\"widget\" data-widget_type=\"text-editor.default\">\n\t\t\t\t<div class=\"elementor-widget-container\">\n\t\t\t\t\t\t\t\t\t<p><em>FOTO: SHUTTERSTOCK<\/em><\/p>\t\t\t\t\t\t\t\t<\/div>\n\t\t\t\t<\/div>\n\t\t\t\t\t<\/div>\n\t\t<\/div>\n\t\t\t\t\t<\/div>\n\t\t<\/section>\n\t\t\t\t<section class=\"elementor-section elementor-top-section elementor-element elementor-element-75e6b598 elementor-section-boxed elementor-section-height-default elementor-section-height-default\" data-id=\"75e6b598\" data-element_type=\"section\" data-e-type=\"section\">\n\t\t\t\t\t\t<div class=\"elementor-container elementor-column-gap-default\">\n\t\t\t\t\t<div class=\"elementor-column elementor-col-25 elementor-top-column elementor-element elementor-element-6a838378\" data-id=\"6a838378\" data-element_type=\"column\" data-e-type=\"column\">\n\t\t\t<div class=\"elementor-widget-wrap\">\n\t\t\t\t\t\t\t<\/div>\n\t\t<\/div>\n\t\t\t\t<div class=\"elementor-column elementor-col-50 elementor-top-column elementor-element elementor-element-6b0bf490\" data-id=\"6b0bf490\" data-element_type=\"column\" data-e-type=\"column\">\n\t\t\t<div class=\"elementor-widget-wrap elementor-element-populated\">\n\t\t\t\t\t\t<div class=\"elementor-element elementor-element-cef4d47 elementor-widget elementor-widget-text-editor\" data-id=\"cef4d47\" data-element_type=\"widget\" data-e-type=\"widget\" data-widget_type=\"text-editor.default\">\n\t\t\t\t<div class=\"elementor-widget-container\">\n\t\t\t\t\t\t\t\t\t<p>I Norge er det registrert i overkant av 2000 statsl\u00f8se. De langt fleste av disse har f\u00e5tt oppholdstillatelse etter s\u00f8knad om beskyttelse. Det er sannsynligvis kun noen titalls statsl\u00f8se uten lovlig opphold, og det er denne gruppen NOAS er s\u00e6rlig bekymret for. Statsl\u00f8se uten lovlig opphold opplever alvorlige menneskerettighetsbrudd i Norge.<\/p><p>De fleste statsl\u00f8se asyls\u00f8kere i Norge er palestinere, men statsl\u00f8se kommer ogs\u00e5 fra andre land og omr\u00e5der. En stor gruppe blant de palestinske asyls\u00f8kerne som har kommet hit de siste \u00e5rene er fra Syria, og har i all hovedsak f\u00e5tt beskyttelse.<\/p><p>\u00c5rlig unders\u00f8ker NOAS og Det europeiske nettverket for statsl\u00f8se om Norges behandling av statsl\u00f8se er i tr\u00e5d med folkeretten og god praksis. Resultatet finnes i <a href=\"https:\/\/index.statelessness.eu\/country\/norway\">den europeiske statsl\u00f8shetsindeksen<\/a>.<\/p>\t\t\t\t\t\t\t\t<\/div>\n\t\t\t\t<\/div>\n\t\t\t\t<div class=\"elementor-element elementor-element-42545a62 elementor-widget elementor-widget-heading\" data-id=\"42545a62\" data-element_type=\"widget\" data-e-type=\"widget\" data-widget_type=\"heading.default\">\n\t\t\t\t<div class=\"elementor-widget-container\">\n\t\t\t\t\t<h2 class=\"elementor-heading-title elementor-size-default\"><b>Norge bryter FN-konvensjon om statsl\u00f8se<\/b><\/h2>\t\t\t\t<\/div>\n\t\t\t\t<\/div>\n\t\t\t\t<div class=\"elementor-element elementor-element-a0f8a95 elementor-widget elementor-widget-text-editor\" data-id=\"a0f8a95\" data-element_type=\"widget\" data-e-type=\"widget\" data-widget_type=\"text-editor.default\">\n\t\t\t\t<div class=\"elementor-widget-container\">\n\t\t\t\t\t\t\t\t\t<p>FNs h\u00f8ykommiss\u00e6r for flyktninger (UNHCR) utga i 2015 en\u00a0<a href=\"https:\/\/www.refworld.org\/docid\/5653140d4.html\">rapport<\/a> om statsl\u00f8se i Norge. Rapporten konkluderer at norsk lovgivning og praksis p\u00e5 flere omr\u00e5der strider med FNs konvensjon om statsl\u00f8ses stilling av 1954, som Norge er tilsluttet.<\/p><p>Hovedanbefalingen i UNHCRs kartlegging var \u00e5 ta inn en definisjon av statsl\u00f8se i nasjonalt regelverk, slik at forvaltningen kan vurdere om en person er statsl\u00f8s eller ikke. Uten en definisjon av statsl\u00f8shet og oppholdsstatus for statsl\u00f8se, vil det finnes statsl\u00f8se som er rettsl\u00f8se. De avskj\u00e6res i stor grad fra tilgang til de grunnleggende rettigheter som statsl\u00f8skonvensjonen fra 1954 foreskriver; som rett til utdanning, legehjelp, arbeid og bevegelsesfrihet. Statsl\u00f8shetskonvensjonen gir ikke uttrykkelig rett til oppholdstillatelse, men lovlig opphold er en logisk og n\u00f8dvendig forutsetning etter norsk lovverk for at statsl\u00f8se skal f\u00e5 sine rettigheter etter konvensjonen i Norge.<\/p><p>I mai 2019 ble Norge eksaminert av FNs menneskerettighetsr\u00e5d\u00a0om Norges etterlevelse av menneskerettslige forpliktelser. I likhet med\u00a0<a href=\"https:\/\/www.ohchr.org\/EN\/Countries\/ENACARegion\/Pages\/NOIndex.aspx\">FNs barnekomit\u00e9 og FNs menneskerettighetskomit\u00e9<\/a>, anbefalte\u00a0FNs menneskerettighetsr\u00e5d Norge om \u00e5 ta inn en definisjon av statsl\u00f8se i norsk regelverk. Den norske regjeringen ville bare forplikte seg til \u00e5 <a href=\"https:\/\/www.regjeringen.no\/globalassets\/departementene\/ud\/vedlegg\/mr\/190826_norges_tillegg_upr.pdf\"><em>vurdere<\/em> \u00e5 innta en definisjon om statsl\u00f8shet<\/a> i norsk lov. S\u00e5 langt har dette ikke blitt fulgt opp.<\/p>\t\t\t\t\t\t\t\t<\/div>\n\t\t\t\t<\/div>\n\t\t\t\t\t<\/div>\n\t\t<\/div>\n\t\t\t\t<div class=\"elementor-column elementor-col-25 elementor-top-column elementor-element elementor-element-396a1af6\" data-id=\"396a1af6\" data-element_type=\"column\" data-e-type=\"column\">\n\t\t\t<div class=\"elementor-widget-wrap\">\n\t\t\t\t\t\t\t<\/div>\n\t\t<\/div>\n\t\t\t\t\t<\/div>\n\t\t<\/section>\n\t\t\t\t<section class=\"elementor-section elementor-top-section elementor-element elementor-element-981d9f0 elementor-section-boxed elementor-section-height-default elementor-section-height-default\" data-id=\"981d9f0\" data-element_type=\"section\" data-e-type=\"section\">\n\t\t\t\t\t\t<div class=\"elementor-container elementor-column-gap-default\">\n\t\t\t\t\t<div class=\"elementor-column elementor-col-25 elementor-top-column elementor-element elementor-element-f5133ac\" data-id=\"f5133ac\" data-element_type=\"column\" data-e-type=\"column\">\n\t\t\t<div class=\"elementor-widget-wrap\">\n\t\t\t\t\t\t\t<\/div>\n\t\t<\/div>\n\t\t\t\t<div class=\"elementor-column elementor-col-50 elementor-top-column elementor-element elementor-element-546b37f\" data-id=\"546b37f\" data-element_type=\"column\" data-e-type=\"column\">\n\t\t\t<div class=\"elementor-widget-wrap elementor-element-populated\">\n\t\t\t\t\t\t<div class=\"elementor-element elementor-element-5e4086a elementor-widget elementor-widget-heading\" data-id=\"5e4086a\" data-element_type=\"widget\" data-e-type=\"widget\" data-widget_type=\"heading.default\">\n\t\t\t\t<div class=\"elementor-widget-container\">\n\t\t\t\t\t<h2 class=\"elementor-heading-title elementor-size-default\"><b>Ny rapport<\/b><\/h2>\t\t\t\t<\/div>\n\t\t\t\t<\/div>\n\t\t\t\t<div class=\"elementor-element elementor-element-bf9edd6 elementor-widget elementor-widget-text-editor\" data-id=\"bf9edd6\" data-element_type=\"widget\" data-e-type=\"widget\" data-widget_type=\"text-editor.default\">\n\t\t\t\t<div class=\"elementor-widget-container\">\n\t\t\t\t\t\t\t\t\t<p>I november 2020 utga NOAS en <a href=\"https:\/\/www.noas.no\/wp-content\/uploads\/2020\/11\/NOAS_Statsl%C3%B8se-i-norsk-rettspraksis_WEB.pdf\">rapport<\/a> som f\u00f8lger opp FNs kartlegging, og viser at n\u00f8dvendige endringer ikke er gjennomf\u00f8rt. Fortsatt f\u00e5r statsl\u00f8se ikke oppfylt sine rettigheter etter FN-konvensjonen om statsl\u00f8ses stilling, selv om det har g\u00e5tt over 60 \u00e5r siden Norge ratifiserte konvensjonen.<\/p><p>NOAS har gjennom domstolsprosjektet pr\u00f8vd flere saker om statsl\u00f8shet for norsk rett. Rapporten fra november 2020 viser at norsk rettspraksis st\u00e5r i sterk kontrast til FNs anbefalinger. Statsl\u00f8se overlates til \u00e5 pr\u00f8ve alle mulige m\u00e5ter for \u00e5 bli registrert som statsborgere av sitt antatte opprinnelsesland, selv om utsiktene for \u00e5 f\u00e5 statsborgerskap for mange ikke er reelle.<\/p>\t\t\t\t\t\t\t\t<\/div>\n\t\t\t\t<\/div>\n\t\t\t\t<div class=\"elementor-element elementor-element-a49a4a5 elementor-widget elementor-widget-heading\" data-id=\"a49a4a5\" data-element_type=\"widget\" data-e-type=\"widget\" data-widget_type=\"heading.default\">\n\t\t\t\t<div class=\"elementor-widget-container\">\n\t\t\t\t\t<h2 class=\"elementor-heading-title elementor-size-default\"><b>Vurderer ikke konvensjonen\n<\/b><\/h2>\t\t\t\t<\/div>\n\t\t\t\t<\/div>\n\t\t\t\t<div class=\"elementor-element elementor-element-97dc79c elementor-widget elementor-widget-text-editor\" data-id=\"97dc79c\" data-element_type=\"widget\" data-e-type=\"widget\" data-widget_type=\"text-editor.default\">\n\t\t\t\t<div class=\"elementor-widget-container\">\n\t\t\t\t\t\t\t\t\t<p>I asylsaker ser NOAS dessverre at utlendingsforvaltningen ofte avviser argumenter om statsl\u00f8shet, uten en konkret individuell vurderingen av om vedkommende er statsl\u00f8s i samsvar med konvensjonen. Vi ser eksempler p\u00e5 at forvaltningen legger til grunn at statsl\u00f8se har rettslig krav p\u00e5 statsborgerskap i et annet land, uten en individuell vurdering av hvordan det aktuelle landets regelverk anvendes i praksis.<\/p><p>Norsk praksis er her ikke i samsvar med <a href=\"https:\/\/www.unhcr.org\/protection\/statelessness\/53b698ab9\/handbook-protection-stateless-persons.html\">UNHCRs h\u00e5ndbok om beskyttelse av statsl\u00f8se<\/a> etter statsl\u00f8shetskonvensjonen.<\/p>\t\t\t\t\t\t\t\t<\/div>\n\t\t\t\t<\/div>\n\t\t\t\t<div class=\"elementor-element elementor-element-601c289 elementor-widget elementor-widget-heading\" data-id=\"601c289\" data-element_type=\"widget\" data-e-type=\"widget\" data-widget_type=\"heading.default\">\n\t\t\t\t<div class=\"elementor-widget-container\">\n\t\t\t\t\t<h2 class=\"elementor-heading-title elementor-size-default\"><b>Barn som f\u00f8des til statsl\u00f8shet i Norge\n<\/b><\/h2>\t\t\t\t<\/div>\n\t\t\t\t<\/div>\n\t\t\t\t<div class=\"elementor-element elementor-element-f04c7ef elementor-widget elementor-widget-text-editor\" data-id=\"f04c7ef\" data-element_type=\"widget\" data-e-type=\"widget\" data-widget_type=\"text-editor.default\">\n\t\t\t\t<div class=\"elementor-widget-container\">\n\t\t\t\t\t\t\t\t\t<p>B\u00e5de UNHCR og NOAS har flere ganger minnet norske myndigheter p\u00e5 Norges folkerettslige forpliktelse til \u00e5 begrense statsl\u00f8shet. I oktober 2016 <a href=\"https:\/\/www.noas.no\/viktig-seier-for-statslose-barn-fodt-i-norge\/\">instruerte endelig Justis- og beredskapsdepartementet<\/a> UDI om tolkningen av statsborgerloven, for \u00e5 sikre at barn f\u00f8dt til statsl\u00f8shet i Norge kan f\u00e5 norsk statsborgerskap i tr\u00e5d med folkeretten.\u00a0<\/p><p>If\u00f8lge instruksen har barn f\u00f8dt til statsl\u00f8shet rett til norsk statsborgerskap etter tre \u00e5rs sammenhengende oppholdstid i Norge, selv om verken barnet eller foreldrene har hatt oppholdstillatelse. Det stilles ikke krav om botid, dersom en av foreldrene oppfyller vilk\u00e5rene for permanent oppholdstillatelse eller dersom en av foreldrene har oppholdt seg i Norge de siste tre \u00e5rene med oppholdsrett som E\u00d8S-borger.<\/p>\t\t\t\t\t\t\t\t<\/div>\n\t\t\t\t<\/div>\n\t\t\t\t\t<\/div>\n\t\t<\/div>\n\t\t\t\t<div class=\"elementor-column elementor-col-25 elementor-top-column elementor-element elementor-element-9aa435e\" data-id=\"9aa435e\" data-element_type=\"column\" data-e-type=\"column\">\n\t\t\t<div class=\"elementor-widget-wrap\">\n\t\t\t\t\t\t\t<\/div>\n\t\t<\/div>\n\t\t\t\t\t<\/div>\n\t\t<\/section>\n\t\t\t\t<\/div>\n\t\t","protected":false},"excerpt":{"rendered":"<p>Statsl\u00f8se Statsl\u00f8se i Norge uten opphold er rettighetsl\u00f8se og uten noen stat de kan returnere til. Norge bryter FN-konvensjon om statsl\u00f8se. FOTO: SHUTTERSTOCK I Norge er det registrert i overkant av 2000 statsl\u00f8se. De langt fleste av disse har f\u00e5tt oppholdstillatelse etter s\u00f8knad om beskyttelse. Det er sannsynligvis kun noen titalls statsl\u00f8se uten lovlig opphold, [&hellip;]<\/p>\n","protected":false},"author":1,"featured_media":0,"parent":3011,"menu_order":0,"comment_status":"closed","ping_status":"closed","template":"","meta":{"_acf_changed":false,"site-sidebar-layout":"no-sidebar","site-content-layout":"page-builder","ast-site-content-layout":"default","site-content-style":"default","site-sidebar-style":"default","ast-global-header-display":"","ast-banner-title-visibility":"","ast-main-header-display":"","ast-hfb-above-header-display":"","ast-hfb-below-header-display":"","ast-hfb-mobile-header-display":"","site-post-title":"disabled","ast-breadcrumbs-content":"","ast-featured-img":"disabled","footer-sml-layout":"","ast-disable-related-posts":"","theme-transparent-header-meta":"default","adv-header-id-meta":"","stick-header-meta":"","header-above-stick-meta":"","header-main-stick-meta":"","header-below-stick-meta":"","astra-migrate-meta-layouts":"default","ast-page-background-enabled":"default","ast-page-background-meta":{"desktop":{"background-color":"var(--ast-global-color-4)","background-image":"","background-repeat":"repeat","background-position":"center center","background-size":"auto","background-attachment":"scroll","background-type":"","background-media":"","overlay-type":"","overlay-color":"","overlay-opacity":"","overlay-gradient":""},"tablet":{"background-color":"","background-image":"","background-repeat":"repeat","background-position":"center center","background-size":"auto","background-attachment":"scroll","background-type":"","background-media":"","overlay-type":"","overlay-color":"","overlay-opacity":"","overlay-gradient":""},"mobile":{"background-color":"","background-image":"","background-repeat":"repeat","background-position":"center center","background-size":"auto","background-attachment":"scroll","background-type":"","background-media":"","overlay-type":"","overlay-color":"","overlay-opacity":"","overlay-gradient":""}},"ast-content-background-meta":{"desktop":{"background-color":"var(--ast-global-color-5)","background-image":"","background-repeat":"repeat","background-position":"center center","background-size":"auto","background-attachment":"scroll","background-type":"","background-media":"","overlay-type":"","overlay-color":"","overlay-opacity":"","overlay-gradient":""},"tablet":{"background-color":"var(--ast-global-color-5)","background-image":"","background-repeat":"repeat","background-position":"center center","background-size":"auto","background-attachment":"scroll","background-type":"","background-media":"","overlay-type":"","overlay-color":"","overlay-opacity":"","overlay-gradient":""},"mobile":{"background-color":"var(--ast-global-color-5)","background-image":"","background-repeat":"repeat","background-position":"center center","background-size":"auto","background-attachment":"scroll","background-type":"","background-media":"","overlay-type":"","overlay-color":"","overlay-opacity":"","overlay-gradient":""}},"footnotes":""},"class_list":["post-6543","page","type-page","status-publish","hentry"],"acf":[],"_links":{"self":[{"href":"https:\/\/noas.no\/riketstilstand\/wp-json\/wp\/v2\/pages\/6543","targetHints":{"allow":["GET"]}}],"collection":[{"href":"https:\/\/noas.no\/riketstilstand\/wp-json\/wp\/v2\/pages"}],"about":[{"href":"https:\/\/noas.no\/riketstilstand\/wp-json\/wp\/v2\/types\/page"}],"author":[{"embeddable":true,"href":"https:\/\/noas.no\/riketstilstand\/wp-json\/wp\/v2\/users\/1"}],"replies":[{"embeddable":true,"href":"https:\/\/noas.no\/riketstilstand\/wp-json\/wp\/v2\/comments?post=6543"}],"version-history":[{"count":7,"href":"https:\/\/noas.no\/riketstilstand\/wp-json\/wp\/v2\/pages\/6543\/revisions"}],"predecessor-version":[{"id":6874,"href":"https:\/\/noas.no\/riketstilstand\/wp-json\/wp\/v2\/pages\/6543\/revisions\/6874"}],"up":[{"embeddable":true,"href":"https:\/\/noas.no\/riketstilstand\/wp-json\/wp\/v2\/pages\/3011"}],"wp:attachment":[{"href":"https:\/\/noas.no\/riketstilstand\/wp-json\/wp\/v2\/media?parent=6543"}],"curies":[{"name":"wp","href":"https:\/\/api.w.org\/{rel}","templated":true}]}}