{"id":6046,"date":"2022-09-23T13:14:20","date_gmt":"2022-09-23T13:14:20","guid":{"rendered":"https:\/\/noas.no\/riketstilstand\/?page_id=6046"},"modified":"2022-09-23T13:18:46","modified_gmt":"2022-09-23T13:18:46","slug":"annette-thommessens-hederspris","status":"publish","type":"page","link":"https:\/\/noas.no\/riketstilstand\/annette-thommessens-hederspris\/","title":{"rendered":"ANNETTE THOMMESSENS HEDERSPRIS"},"content":{"rendered":"\t\t<div data-elementor-type=\"wp-page\" data-elementor-id=\"6046\" class=\"elementor elementor-6046\">\n\t\t\t\t\t\t<section class=\"elementor-section elementor-top-section elementor-element elementor-element-b2acc20 elementor-section-boxed elementor-section-height-default elementor-section-height-default\" data-id=\"b2acc20\" data-element_type=\"section\" data-e-type=\"section\">\n\t\t\t\t\t\t<div class=\"elementor-container elementor-column-gap-default\">\n\t\t\t\t\t<div class=\"elementor-column elementor-col-50 elementor-top-column elementor-element elementor-element-7d5fa04\" data-id=\"7d5fa04\" data-element_type=\"column\" data-e-type=\"column\">\n\t\t\t<div class=\"elementor-widget-wrap elementor-element-populated\">\n\t\t\t\t\t\t<div class=\"elementor-element elementor-element-19156c7 elementor-widget elementor-widget-image\" data-id=\"19156c7\" data-element_type=\"widget\" data-e-type=\"widget\" data-widget_type=\"image.default\">\n\t\t\t\t<div class=\"elementor-widget-container\">\n\t\t\t\t\t\t\t\t\t\t\t\t\t\t\t<img fetchpriority=\"high\" decoding=\"async\" width=\"750\" height=\"418\" src=\"https:\/\/noas.no\/riketstilstand\/wp-content\/uploads\/2022\/09\/Annette-Thommessen5_web_wide.jpg\" class=\"attachment-large size-large wp-image-6048\" alt=\"\" srcset=\"https:\/\/noas.no\/riketstilstand\/wp-content\/uploads\/2022\/09\/Annette-Thommessen5_web_wide.jpg 750w, https:\/\/noas.no\/riketstilstand\/wp-content\/uploads\/2022\/09\/Annette-Thommessen5_web_wide-300x167.jpg 300w\" sizes=\"(max-width: 750px) 100vw, 750px\" \/>\t\t\t\t\t\t\t\t\t\t\t\t\t\t\t<\/div>\n\t\t\t\t<\/div>\n\t\t\t\t\t<\/div>\n\t\t<\/div>\n\t\t\t\t<div class=\"elementor-column elementor-col-50 elementor-top-column elementor-element elementor-element-1d1290b\" data-id=\"1d1290b\" data-element_type=\"column\" data-e-type=\"column\">\n\t\t\t<div class=\"elementor-widget-wrap elementor-element-populated\">\n\t\t\t\t\t\t<div class=\"elementor-element elementor-element-1ec7f1b elementor-widget elementor-widget-text-editor\" data-id=\"1ec7f1b\" data-element_type=\"widget\" data-e-type=\"widget\" data-widget_type=\"text-editor.default\">\n\t\t\t\t<div class=\"elementor-widget-container\">\n\t\t\t\t\t\t\t\t\t<h1>ANNETTE THOMMESSENS HEDERSPRIS<\/h1>\n<p><em>Annette Thommessens hederspris ble i 2019 tildelt journalistene Anders S\u00f8mme Hammer, Maren S\u00e6b\u00f8 og Nilas Johnsen.<\/em><\/p>\t\t\t\t\t\t\t\t<\/div>\n\t\t\t\t<\/div>\n\t\t\t\t\t<\/div>\n\t\t<\/div>\n\t\t\t\t\t<\/div>\n\t\t<\/section>\n\t\t\t\t<section class=\"elementor-section elementor-top-section elementor-element elementor-element-4a86637 elementor-section-boxed elementor-section-height-default elementor-section-height-default\" data-id=\"4a86637\" data-element_type=\"section\" data-e-type=\"section\">\n\t\t\t\t\t\t<div class=\"elementor-container elementor-column-gap-default\">\n\t\t\t\t\t<div class=\"elementor-column elementor-col-50 elementor-top-column elementor-element elementor-element-13a09aa\" data-id=\"13a09aa\" data-element_type=\"column\" data-e-type=\"column\">\n\t\t\t<div class=\"elementor-widget-wrap elementor-element-populated\">\n\t\t\t\t\t\t<div class=\"elementor-element elementor-element-499ac6e elementor-widget elementor-widget-text-editor\" data-id=\"499ac6e\" data-element_type=\"widget\" data-e-type=\"widget\" data-widget_type=\"text-editor.default\">\n\t\t\t\t<div class=\"elementor-widget-container\">\n\t\t\t\t\t\t\t\t\t<h3>Hederspristildeling 2019<\/h3><p class=\"\">I 2019 gikk hedersprisen til journalistene Anders S\u00f8mme Hammer, Maren S\u00e6b\u00f8 og Nilas Johnsen.<\/p><p class=\"\">Med hederspristildelingen \u00f8nsket styret i Annette Thommessens Minnefond \u00e5 markere hvilket viktig samfunnsoppdrag de tre journalistene utf\u00f8rer, ved \u00e5 opplyse norsk offentlighet om forhold som bidrar til flukt, formidle flyktningenes egne historier, og vise oss konsekvenser av norsk og europeisk politikk overfor mennesker p\u00e5 flukt.<\/p><p class=\"\">Styret i Annette Thommessens minnefond viste til den polariserte debatten om mennesker p\u00e5 flukt, og framhevet betydningen av god journalistikk som grunnlag for en opplyst offentlig samtale om utfordringer og l\u00f8sninger.<\/p>\t\t\t\t\t\t\t\t<\/div>\n\t\t\t\t<\/div>\n\t\t\t\t\t<\/div>\n\t\t<\/div>\n\t\t\t\t<div class=\"elementor-column elementor-col-50 elementor-top-column elementor-element elementor-element-07d9ccf\" data-id=\"07d9ccf\" data-element_type=\"column\" data-e-type=\"column\">\n\t\t\t<div class=\"elementor-widget-wrap elementor-element-populated\">\n\t\t\t\t\t\t<div class=\"elementor-element elementor-element-490e090 elementor-widget elementor-widget-text-editor\" data-id=\"490e090\" data-element_type=\"widget\" data-e-type=\"widget\" data-widget_type=\"text-editor.default\">\n\t\t\t\t<div class=\"elementor-widget-container\">\n\t\t\t\t\t\t\t\t\t<h3>Om minnefondet og hedersprisen<\/h3><p>Annette A. Thommessen (1932 -1994) stiftet NOAS i 1984, og ledet organisasjonen helt frem til sin bortgang. Minnefondet og -prisen ble opprettet for \u00e5 hedre hennes minne, og bidra til at hennes engasjement og arbeid for asyls\u00f8kere i Norge blir f\u00f8rt videre.\u00a0 Fondet har som form\u00e5l \u00e5 stimulere til \u00f8kt rettssikkerhet for asyls\u00f8kere og flyktninger og forst\u00e5else for asyls\u00f8keres og flyktningers situasjon i Norge. Fondet kan alene, eller sammen med andre samarbeidspartnere, utdele en \u00e5rlig pris til en eller flere personer eller organisasjoner som har utvist et engasjement og\/eller st\u00e5tt for et arbeid som faller innenfor fondets form\u00e5l.<\/p>\t\t\t\t\t\t\t\t<\/div>\n\t\t\t\t<\/div>\n\t\t\t\t\t<\/div>\n\t\t<\/div>\n\t\t\t\t\t<\/div>\n\t\t<\/section>\n\t\t\t\t<section class=\"elementor-section elementor-top-section elementor-element elementor-element-fed98a2 elementor-section-boxed elementor-section-height-default elementor-section-height-default\" data-id=\"fed98a2\" data-element_type=\"section\" data-e-type=\"section\">\n\t\t\t\t\t\t<div class=\"elementor-container elementor-column-gap-default\">\n\t\t\t\t\t<div class=\"elementor-column elementor-col-100 elementor-top-column elementor-element elementor-element-1d69638\" data-id=\"1d69638\" data-element_type=\"column\" data-e-type=\"column\">\n\t\t\t<div class=\"elementor-widget-wrap elementor-element-populated\">\n\t\t\t\t\t\t<section class=\"elementor-section elementor-inner-section elementor-element elementor-element-a450965 elementor-section-boxed elementor-section-height-default elementor-section-height-default\" data-id=\"a450965\" data-element_type=\"section\" data-e-type=\"section\">\n\t\t\t\t\t\t<div class=\"elementor-container elementor-column-gap-default\">\n\t\t\t\t\t<div class=\"elementor-column elementor-col-100 elementor-inner-column elementor-element elementor-element-57389a7\" data-id=\"57389a7\" data-element_type=\"column\" data-e-type=\"column\">\n\t\t\t<div class=\"elementor-widget-wrap elementor-element-populated\">\n\t\t\t\t\t\t<div class=\"elementor-element elementor-element-aa855fd elementor-widget elementor-widget-text-editor\" data-id=\"aa855fd\" data-element_type=\"widget\" data-e-type=\"widget\" data-widget_type=\"text-editor.default\">\n\t\t\t\t<div class=\"elementor-widget-container\">\n\t\t\t\t\t\t\t\t\t<p class=\"\">I styrets begrunnelse for pristildelingen, fremheves at i en tid hvor de store utfordringene er internasjonale og krever flernasjonale l\u00f8sninger, trapper store redaksjoner ned antallet korrespondenter og egen internasjonal dekning. Arbeid som utf\u00f8res av kompetente og engasjerte frilansere, stringere og gjennom reportasjeprosjekter blir desto viktigere for \u00e5 sikre en best mulig opplyst, offentlig samtale om internasjonale utfordringer som situasjonen for flyktninger og internt fordrevne.<\/p><p class=\"\">Styret peker p\u00e5 frav\u00e6ret av mediedekning av konfliktsituasjoner som ikke lenger er akutte, flyktningsituasjoner som blir permanente og asyls\u00f8kere som ikke lenger kommer til v\u00e5rt land. Stengte grenser og EU-Tyrkia-avtalen gj\u00f8r at langt f\u00e6rre asyls\u00f8kere kommer til Europa og videre til Norge. I denne situasjonen er det et stort behov for journalistikk om de faktiske forhold som driver mennesker p\u00e5 flukt, hva mange opplever av utnytting og overgrep underveis, og hvilke umulige situasjoner mange flyktninger strander i.<\/p>\t\t\t\t\t\t\t\t<\/div>\n\t\t\t\t<\/div>\n\t\t\t\t\t<\/div>\n\t\t<\/div>\n\t\t\t\t\t<\/div>\n\t\t<\/section>\n\t\t\t\t\t<\/div>\n\t\t<\/div>\n\t\t\t\t\t<\/div>\n\t\t<\/section>\n\t\t\t\t<section class=\"elementor-section elementor-top-section elementor-element elementor-element-479a7fa elementor-section-boxed elementor-section-height-default elementor-section-height-default\" data-id=\"479a7fa\" data-element_type=\"section\" data-e-type=\"section\">\n\t\t\t\t\t\t<div class=\"elementor-container elementor-column-gap-default\">\n\t\t\t\t\t<div class=\"elementor-column elementor-col-50 elementor-top-column elementor-element elementor-element-38612f3\" data-id=\"38612f3\" data-element_type=\"column\" data-e-type=\"column\">\n\t\t\t<div class=\"elementor-widget-wrap elementor-element-populated\">\n\t\t\t\t\t\t<div class=\"elementor-element elementor-element-26c2475 elementor-widget elementor-widget-image\" data-id=\"26c2475\" data-element_type=\"widget\" data-e-type=\"widget\" data-widget_type=\"image.default\">\n\t\t\t\t<div class=\"elementor-widget-container\">\n\t\t\t\t\t\t\t\t\t\t\t\t<figure class=\"wp-caption\">\n\t\t\t\t\t\t\t\t\t\t<img decoding=\"async\" width=\"750\" height=\"500\" src=\"https:\/\/noas.no\/riketstilstand\/wp-content\/uploads\/2022\/09\/Utdeling-av-Annette-Thommessens-hederspris-1200x800-2.jpg\" class=\"attachment-large size-large wp-image-6063\" alt=\"\" srcset=\"https:\/\/noas.no\/riketstilstand\/wp-content\/uploads\/2022\/09\/Utdeling-av-Annette-Thommessens-hederspris-1200x800-2.jpg 750w, https:\/\/noas.no\/riketstilstand\/wp-content\/uploads\/2022\/09\/Utdeling-av-Annette-Thommessens-hederspris-1200x800-2-300x200.jpg 300w\" sizes=\"(max-width: 750px) 100vw, 750px\" \/>\t\t\t\t\t\t\t\t\t\t\t<figcaption class=\"widget-image-caption wp-caption-text\">ANNETTE THOMMESSENS HEDERSPRIS 2019 ER TILDELT TRE JOURNALISTER. P\u00c5 BILDET, FRA VENSTRE: PRISVINNERE MAREN S\u00c6B\u00d8, ANDERS S\u00d8MME HAMMER OG NILAS JOHNSON, SAMMEN MED KAI EIDE - STYRELEDER I ANNETTE THOMMESSENS MINNEFOND (FOTO: \u00c5SMUND AUSTEN\u00c5 L\u00d8VDAL).<\/figcaption>\n\t\t\t\t\t\t\t\t\t\t<\/figure>\n\t\t\t\t\t\t\t\t\t<\/div>\n\t\t\t\t<\/div>\n\t\t\t\t\t<\/div>\n\t\t<\/div>\n\t\t\t\t<div class=\"elementor-column elementor-col-50 elementor-top-column elementor-element elementor-element-58d6f3e\" data-id=\"58d6f3e\" data-element_type=\"column\" data-e-type=\"column\">\n\t\t\t<div class=\"elementor-widget-wrap elementor-element-populated\">\n\t\t\t\t\t\t<div class=\"elementor-element elementor-element-5e5355a elementor-widget elementor-widget-text-editor\" data-id=\"5e5355a\" data-element_type=\"widget\" data-e-type=\"widget\" data-widget_type=\"text-editor.default\">\n\t\t\t\t<div class=\"elementor-widget-container\">\n\t\t\t\t\t\t\t\t\t<h3>Om prisvinnerne<\/h3><p class=\"\"><strong><em>Anders S\u00f8mme Hammer<\/em><\/strong>\u00a0er frilans reporter og forfatter. Han har i reportasjer og dokumentarer p\u00e5 NRK fortalt om krigf\u00f8ring, konflikt og konsekvenser av vestlig, milit\u00e6r tilstedev\u00e6relse i Afghanistan. Hans b\u00f8ker har fortalt andre historier om Norges krigf\u00f8ring i Afghanistan enn den offisielle om bidrag til demokrati og likestilling.\u00a0 Han har formidlet enkeltpersoners historier; om en ung afghansk kvinnes kamp for \u00e5 f\u00e5 spille fotball og unge, syriske Ranias flukt til \u00d8sterrike. Han har laget en dokumentar om tre unge afghanske asyls\u00f8kere, som alle fikk avslag p\u00e5 s\u00f8knad om beskyttelse i Norge, og deres situasjon etter tvangsretur og fors\u00f8k p\u00e5 tvangsretur fra Norge.<\/p><p class=\"\"><strong><em>Maren S\u00e6b\u00f8<\/em><\/strong>\u00a0er frilanser og skriver fast for Dagsavisen. Hun har i flere \u00e5r v\u00e6rt en av landets best informerte journalister om politiske og \u00f8konomiske prosesser som bidrar til ustabilitet, konflikt og flukt p\u00e5 det afrikanske kontinentet. Hun er en modig, kunnskapsrik og markant stemme i den norske utenriksjournalistikken generelt og fra det afrikanske kontinentet spesielt. I juli 2016 dro hun for egen risiko, med reisest\u00f8tte fra Fritt Ord, til Juba som eneste norske journalist for \u00e5 dekke 5-\u00e5rsfeiringen av S\u00f8r-Sudans selvstendighet. Hun havnet midt i en borgerkrigsliknende situasjon med intense kamper, og m\u00e5tte evakueres ut av landet med bistand fra Norsk Folkehjelp.<\/p>\t\t\t\t\t\t\t\t<\/div>\n\t\t\t\t<\/div>\n\t\t\t\t\t<\/div>\n\t\t<\/div>\n\t\t\t\t\t<\/div>\n\t\t<\/section>\n\t\t\t\t<section class=\"elementor-section elementor-top-section elementor-element elementor-element-df67e9f elementor-section-boxed elementor-section-height-default elementor-section-height-default\" data-id=\"df67e9f\" data-element_type=\"section\" data-e-type=\"section\">\n\t\t\t\t\t\t<div class=\"elementor-container elementor-column-gap-default\">\n\t\t\t\t\t<div class=\"elementor-column elementor-col-100 elementor-top-column elementor-element elementor-element-15ca292\" data-id=\"15ca292\" data-element_type=\"column\" data-e-type=\"column\">\n\t\t\t<div class=\"elementor-widget-wrap elementor-element-populated\">\n\t\t\t\t\t\t<div class=\"elementor-element elementor-element-92ea048 elementor-widget elementor-widget-text-editor\" data-id=\"92ea048\" data-element_type=\"widget\" data-e-type=\"widget\" data-widget_type=\"text-editor.default\">\n\t\t\t\t<div class=\"elementor-widget-container\">\n\t\t\t\t\t\t\t\t\t<p class=\"\"><strong><em>Nilas Johnsen<\/em><\/strong>\u00a0er journalist i VG, og har over lang tid dokumentert situasjonen for asyls\u00f8kere i Norge og konsekvenser av politikk og innstramminger. De seinere \u00e5rene har han hatt base i Tyrkia, og har formidlet historiene til syriske flyktninger i landet. Han har skrevet boken\u00a0<em>Erdogan \u2013 Tyrkias nye sultan<\/em>. Den omhandler Tyrkias president og det eneveldige regimet som fengsler flest journalister i verden, sl\u00e5r hardt ned p\u00e5 rettighetsforkjempere og advokater, og setter munnkurv p\u00e5 internasjonale organisasjoner som arbeider blant flyktningene i Tyrkia.<\/p><p class=\"\" data-rte-preserve-empty=\"true\">\u00a0<\/p><p class=\"\"><strong><em>Medieomtale av pristildelingen:<\/em><\/strong><\/p><ul data-rte-list=\"default\"><li><p class=\"\"><a href=\"https:\/\/www.dagsavisen.no\/kultur\/vi-gjor-ikke-jobben-var-om-vi-ikke-er-folelsesmessig-motivert-1.1530251?paywall=true?paywall=expired\"><em>https:\/\/www.dagsavisen.no\/kultur\/vi-gjor-ikke-jobben-var-om-vi-ikke-er-folelsesmessig-motivert-1.1530251?paywall=true?paywall=expired<\/em><\/a><\/p><\/li><li><p class=\"\"><a href=\"https:\/\/www.vg.no\/nyheter\/innenriks\/i\/2GjWAq\/hederspris-til-vg-journalist\"><em>https:\/\/www.vg.no\/nyheter\/innenriks\/i\/2GjWAq\/hederspris-til-vg-journalist<\/em><\/a><\/p><\/li><li><p class=\"\"><a href=\"https:\/\/journalisten.no\/anders-somme-hammer-anette-thommessens-hederspris-maren-saebo\/maren-saebo-nilas-johnsen-og-anders-somme-hammer-hedres-for-sin-journalistikk-om-mennesker-pa-flukt\/364978\"><em>https:\/\/journalisten.no\/anders-somme-hammer-anette-thommessens-hederspris-maren-saebo\/maren-saebo-nilas-johnsen-og-anders-somme-hammer-hedres-for-sin-journalistikk-om-mennesker-pa-flukt\/364978<\/em><\/a><\/p><\/li><\/ul><p class=\"\"><br \/>Les mer om minnefondet, hedersprisen og tidligere prismottakere <a href=\"https:\/\/www.noas.no\/annette-thommessens-minnefond\/\">her<\/a>.<\/p>\t\t\t\t\t\t\t\t<\/div>\n\t\t\t\t<\/div>\n\t\t\t\t\t<\/div>\n\t\t<\/div>\n\t\t\t\t\t<\/div>\n\t\t<\/section>\n\t\t\t\t<\/div>\n\t\t","protected":false},"excerpt":{"rendered":"<p>ANNETTE THOMMESSENS HEDERSPRIS Annette Thommessens hederspris ble i 2019 tildelt journalistene Anders S\u00f8mme Hammer, Maren S\u00e6b\u00f8 og Nilas Johnsen. Hederspristildeling 2019 I 2019 gikk hedersprisen til journalistene Anders S\u00f8mme Hammer, Maren S\u00e6b\u00f8 og Nilas Johnsen. Med hederspristildelingen \u00f8nsket styret i Annette Thommessens Minnefond \u00e5 markere hvilket viktig samfunnsoppdrag de tre journalistene utf\u00f8rer, ved \u00e5 opplyse [&hellip;]<\/p>\n","protected":false},"author":1,"featured_media":0,"parent":0,"menu_order":0,"comment_status":"closed","ping_status":"closed","template":"","meta":{"_acf_changed":false,"site-sidebar-layout":"no-sidebar","site-content-layout":"page-builder","ast-site-content-layout":"default","site-content-style":"default","site-sidebar-style":"default","ast-global-header-display":"","ast-banner-title-visibility":"","ast-main-header-display":"","ast-hfb-above-header-display":"","ast-hfb-below-header-display":"","ast-hfb-mobile-header-display":"","site-post-title":"disabled","ast-breadcrumbs-content":"","ast-featured-img":"disabled","footer-sml-layout":"","ast-disable-related-posts":"","theme-transparent-header-meta":"default","adv-header-id-meta":"","stick-header-meta":"","header-above-stick-meta":"","header-main-stick-meta":"","header-below-stick-meta":"","astra-migrate-meta-layouts":"default","ast-page-background-enabled":"default","ast-page-background-meta":{"desktop":{"background-color":"var(--ast-global-color-4)","background-image":"","background-repeat":"repeat","background-position":"center center","background-size":"auto","background-attachment":"scroll","background-type":"","background-media":"","overlay-type":"","overlay-color":"","overlay-opacity":"","overlay-gradient":""},"tablet":{"background-color":"","background-image":"","background-repeat":"repeat","background-position":"center center","background-size":"auto","background-attachment":"scroll","background-type":"","background-media":"","overlay-type":"","overlay-color":"","overlay-opacity":"","overlay-gradient":""},"mobile":{"background-color":"","background-image":"","background-repeat":"repeat","background-position":"center center","background-size":"auto","background-attachment":"scroll","background-type":"","background-media":"","overlay-type":"","overlay-color":"","overlay-opacity":"","overlay-gradient":""}},"ast-content-background-meta":{"desktop":{"background-color":"var(--ast-global-color-5)","background-image":"","background-repeat":"repeat","background-position":"center center","background-size":"auto","background-attachment":"scroll","background-type":"","background-media":"","overlay-type":"","overlay-color":"","overlay-opacity":"","overlay-gradient":""},"tablet":{"background-color":"var(--ast-global-color-5)","background-image":"","background-repeat":"repeat","background-position":"center center","background-size":"auto","background-attachment":"scroll","background-type":"","background-media":"","overlay-type":"","overlay-color":"","overlay-opacity":"","overlay-gradient":""},"mobile":{"background-color":"var(--ast-global-color-5)","background-image":"","background-repeat":"repeat","background-position":"center center","background-size":"auto","background-attachment":"scroll","background-type":"","background-media":"","overlay-type":"","overlay-color":"","overlay-opacity":"","overlay-gradient":""}},"footnotes":""},"class_list":["post-6046","page","type-page","status-publish","hentry"],"acf":[],"_links":{"self":[{"href":"https:\/\/noas.no\/riketstilstand\/wp-json\/wp\/v2\/pages\/6046","targetHints":{"allow":["GET"]}}],"collection":[{"href":"https:\/\/noas.no\/riketstilstand\/wp-json\/wp\/v2\/pages"}],"about":[{"href":"https:\/\/noas.no\/riketstilstand\/wp-json\/wp\/v2\/types\/page"}],"author":[{"embeddable":true,"href":"https:\/\/noas.no\/riketstilstand\/wp-json\/wp\/v2\/users\/1"}],"replies":[{"embeddable":true,"href":"https:\/\/noas.no\/riketstilstand\/wp-json\/wp\/v2\/comments?post=6046"}],"version-history":[{"count":7,"href":"https:\/\/noas.no\/riketstilstand\/wp-json\/wp\/v2\/pages\/6046\/revisions"}],"predecessor-version":[{"id":6069,"href":"https:\/\/noas.no\/riketstilstand\/wp-json\/wp\/v2\/pages\/6046\/revisions\/6069"}],"wp:attachment":[{"href":"https:\/\/noas.no\/riketstilstand\/wp-json\/wp\/v2\/media?parent=6046"}],"curies":[{"name":"wp","href":"https:\/\/api.w.org\/{rel}","templated":true}]}}