{"id":3737,"date":"2022-09-13T07:00:47","date_gmt":"2022-09-13T07:00:47","guid":{"rendered":"https:\/\/noas.no\/riketstilstand\/?page_id=3737"},"modified":"2023-05-23T08:47:15","modified_gmt":"2023-05-23T08:47:15","slug":"syria","status":"publish","type":"page","link":"https:\/\/noas.no\/riketstilstand\/2019-2\/landprofiler-2\/syria\/","title":{"rendered":"Syria"},"content":{"rendered":"\t\t<div data-elementor-type=\"wp-page\" data-elementor-id=\"3737\" class=\"elementor elementor-3737\">\n\t\t\t\t\t\t<section class=\"elementor-section elementor-top-section elementor-element elementor-element-0d79d13 elementor-section-height-min-height elementor-section-stretched elementor-section-boxed elementor-section-height-default elementor-section-items-middle\" data-id=\"0d79d13\" data-element_type=\"section\" data-e-type=\"section\" data-settings=\"{&quot;background_background&quot;:&quot;classic&quot;,&quot;stretch_section&quot;:&quot;section-stretched&quot;}\">\n\t\t\t\t\t\t\t<div class=\"elementor-background-overlay\"><\/div>\n\t\t\t\t\t\t\t<div class=\"elementor-container elementor-column-gap-default\">\n\t\t\t\t\t<div class=\"elementor-column elementor-col-100 elementor-top-column elementor-element elementor-element-5208142\" data-id=\"5208142\" data-element_type=\"column\" data-e-type=\"column\">\n\t\t\t<div class=\"elementor-widget-wrap elementor-element-populated\">\n\t\t\t\t\t\t<div class=\"elementor-element elementor-element-2066159 elementor-widget elementor-widget-heading\" data-id=\"2066159\" data-element_type=\"widget\" data-e-type=\"widget\" data-widget_type=\"heading.default\">\n\t\t\t\t<div class=\"elementor-widget-container\">\n\t\t\t\t\t<h4 class=\"elementor-heading-title elementor-size-default\">LANDPROFILER 2020<\/h4>\t\t\t\t<\/div>\n\t\t\t\t<\/div>\n\t\t\t\t\t<\/div>\n\t\t<\/div>\n\t\t\t\t\t<\/div>\n\t\t<\/section>\n\t\t\t\t<section class=\"elementor-section elementor-top-section elementor-element elementor-element-5a2600d4 elementor-section-boxed elementor-section-height-default elementor-section-height-default\" data-id=\"5a2600d4\" data-element_type=\"section\" data-e-type=\"section\">\n\t\t\t\t\t\t<div class=\"elementor-container elementor-column-gap-default\">\n\t\t\t\t\t<div class=\"elementor-column elementor-col-100 elementor-top-column elementor-element elementor-element-44426d37\" data-id=\"44426d37\" data-element_type=\"column\" data-e-type=\"column\">\n\t\t\t<div class=\"elementor-widget-wrap elementor-element-populated\">\n\t\t\t\t\t\t<div class=\"elementor-element elementor-element-30385e73 elementor-widget elementor-widget-heading\" data-id=\"30385e73\" data-element_type=\"widget\" data-e-type=\"widget\" data-widget_type=\"heading.default\">\n\t\t\t\t<div class=\"elementor-widget-container\">\n\t\t\t\t\t<h2 class=\"elementor-heading-title elementor-size-default\"><a href=\"#\">SYRIA<\/a><\/h2>\t\t\t\t<\/div>\n\t\t\t\t<\/div>\n\t\t\t\t\t<\/div>\n\t\t<\/div>\n\t\t\t\t\t<\/div>\n\t\t<\/section>\n\t\t\t\t<section class=\"elementor-section elementor-top-section elementor-element elementor-element-5948eecb elementor-section-boxed elementor-section-height-default elementor-section-height-default\" data-id=\"5948eecb\" data-element_type=\"section\" data-e-type=\"section\">\n\t\t\t\t\t\t<div class=\"elementor-container elementor-column-gap-default\">\n\t\t\t\t\t<div class=\"elementor-column elementor-col-33 elementor-top-column elementor-element elementor-element-51a784d9\" data-id=\"51a784d9\" data-element_type=\"column\" data-e-type=\"column\">\n\t\t\t<div class=\"elementor-widget-wrap elementor-element-populated\">\n\t\t\t\t\t\t<div class=\"elementor-element elementor-element-2277db64 elementor-widget elementor-widget-image\" data-id=\"2277db64\" data-element_type=\"widget\" data-e-type=\"widget\" data-widget_type=\"image.default\">\n\t\t\t\t<div class=\"elementor-widget-container\">\n\t\t\t\t\t\t\t\t\t\t\t\t\t\t\t<img fetchpriority=\"high\" decoding=\"async\" width=\"721\" height=\"526\" src=\"https:\/\/noas.no\/riketstilstand\/wp-content\/uploads\/2022\/09\/Landkort_Syria.png\" class=\"attachment-large size-large wp-image-3912\" alt=\"\" srcset=\"https:\/\/noas.no\/riketstilstand\/wp-content\/uploads\/2022\/09\/Landkort_Syria.png 721w, https:\/\/noas.no\/riketstilstand\/wp-content\/uploads\/2022\/09\/Landkort_Syria-300x219.png 300w\" sizes=\"(max-width: 721px) 100vw, 721px\" \/>\t\t\t\t\t\t\t\t\t\t\t\t\t\t\t<\/div>\n\t\t\t\t<\/div>\n\t\t\t\t<div class=\"elementor-element elementor-element-5f153b59 elementor-widget elementor-widget-button\" data-id=\"5f153b59\" data-element_type=\"widget\" data-e-type=\"widget\" data-widget_type=\"button.default\">\n\t\t\t\t<div class=\"elementor-widget-container\">\n\t\t\t\t\t\t\t\t\t<div class=\"elementor-button-wrapper\">\n\t\t\t\t\t<a class=\"elementor-button elementor-button-link elementor-size-md\" href=\"https:\/\/www.udiregelverk.no\/rettskilder\/udi-retningslinjer\/udi-2014-004\/\">\n\t\t\t\t\t\t<span class=\"elementor-button-content-wrapper\">\n\t\t\t\t\t\t\t\t\t<span class=\"elementor-button-text\">LES UDIS PRAKSISNOTAT FOR SYRIA<\/span>\n\t\t\t\t\t<\/span>\n\t\t\t\t\t<\/a>\n\t\t\t\t<\/div>\n\t\t\t\t\t\t\t\t<\/div>\n\t\t\t\t<\/div>\n\t\t\t\t\t<\/div>\n\t\t<\/div>\n\t\t\t\t<div class=\"elementor-column elementor-col-66 elementor-top-column elementor-element elementor-element-561d3c30\" data-id=\"561d3c30\" data-element_type=\"column\" data-e-type=\"column\">\n\t\t\t<div class=\"elementor-widget-wrap elementor-element-populated\">\n\t\t\t\t\t\t<div class=\"elementor-element elementor-element-53f022f2 elementor-widget elementor-widget-text-editor\" data-id=\"53f022f2\" data-element_type=\"widget\" data-e-type=\"widget\" data-widget_type=\"text-editor.default\">\n\t\t\t\t<div class=\"elementor-widget-container\">\n\t\t\t\t\t\t\t\t\t<h3>Norge revurderer Syria-praksis<\/h3><p class=\"\">P\u00e5 grunn av borgerkrigen og den generelle voldssituasjonen i Syria, fattet UDI i 2019 ingen vedtak som inneb\u00e6rer at syriske asyls\u00f8kere m\u00e5 reise tilbake til hjemlandet. Voldsbruken i landet er i stor grad rettet mot sivile. Syriske myndigheter tillegger ofte innbyggerne en politisk oppfatning og anser dem som opponenter, gjerne hele byer og landsbyer. Syrere f\u00e5r derfor hovedsakelig beskyttelse i Norge etter FNs flyktningkonvensjon, p\u00e5 grunn av tillagt politisk oppfatning. \u00a0<\/p><p class=\"\">Selv om krigen fortsatt p\u00e5g\u00e5r, har antall voldshendelser i de regjeringskontrollerte delene av landet <a href=\"https:\/\/landinfo.no\/wp-content\/uploads\/2019\/08\/Temanotat-Syria-Sikkerhetssituasjonen-30082019.pdf\">g\u00e5tt ned<\/a> de siste \u00e5rene. Det har gjort at UDI n\u00e5 <a href=\"https:\/\/www.dagbladet.no\/nyheter\/norge-vurderer-a-sende-asylsokere-tilbake-til-syria\/71666578\">revurderer<\/a> sin praksis i Syria-saker. Det er fortsatt uklart om det vil komme endringer og eventuelt hva slags endringer det vil v\u00e6re.\u00a0<\/p><p class=\"\">Syrere trenger fortsatt beskyttelse i Norge. If\u00f8lge en <a href=\"https:\/\/www.ohchr.org\/Documents\/HRBodies\/HRCouncil\/CoISyria\/A_HRC_40_70.pdf\">FN-rapport<\/a> gjennomf\u00f8rer syriske regjeringsstyrker vilk\u00e5rlige arrestasjoner og varetektsfengslinger. Titusener av anholdte mennesker har plutselig havnet p\u00e5 offisielle lister over d\u00f8de. Syriske myndigheter har lav terskel for \u00e5 anse returnerte som opposisjonelle. Mange nylige returnerte har blitt internert og avh\u00f8rt, og myndighetene fors\u00f8ker \u00e5 unders\u00f8ke om de returnerte selv eller personer de kjenner er regimemotstandere. I Syria er det vanlig \u00e5 bruke tortur under avh\u00f8r.<\/p>\t\t\t\t\t\t\t\t<\/div>\n\t\t\t\t<\/div>\n\t\t\t\t\t<\/div>\n\t\t<\/div>\n\t\t\t\t\t<\/div>\n\t\t<\/section>\n\t\t\t\t<section class=\"elementor-section elementor-top-section elementor-element elementor-element-2dffe13d elementor-section-boxed elementor-section-height-default elementor-section-height-default\" data-id=\"2dffe13d\" data-element_type=\"section\" data-e-type=\"section\">\n\t\t\t\t\t\t<div class=\"elementor-container elementor-column-gap-default\">\n\t\t\t\t\t<div class=\"elementor-column elementor-col-50 elementor-top-column elementor-element elementor-element-5c33b50c\" data-id=\"5c33b50c\" data-element_type=\"column\" data-e-type=\"column\">\n\t\t\t<div class=\"elementor-widget-wrap elementor-element-populated\">\n\t\t\t\t\t\t<div class=\"elementor-element elementor-element-58887db elementor-widget elementor-widget-text-editor\" data-id=\"58887db\" data-element_type=\"widget\" data-e-type=\"widget\" data-widget_type=\"text-editor.default\">\n\t\t\t\t<div class=\"elementor-widget-container\">\n\t\t\t\t\t\t\t\t\t<h3>Flere eksklusjonssaker<\/h3><p id=\"yui_3_17_2_1_1663086717014_299\" class=\"\">I NOAS\u2019 rettshjelpsarbeid i 2018, s\u00e5 vi en \u00f8kning i antall Syria-saker der personer har blitt utelukket fra retten til flyktningstatus (eksklusjon). Vi s\u00e5 f\u00e5 slike saker i 2019, som kan ha sammenheng med at forvaltningen behandlet f\u00e6rre asyls\u00f8knader fra syriske borgere enn tidligere. \u00a0<\/p>\t\t\t\t\t\t\t\t<\/div>\n\t\t\t\t<\/div>\n\t\t\t\t\t<\/div>\n\t\t<\/div>\n\t\t\t\t<div class=\"elementor-column elementor-col-50 elementor-top-column elementor-element elementor-element-3597cb6\" data-id=\"3597cb6\" data-element_type=\"column\" data-e-type=\"column\">\n\t\t\t<div class=\"elementor-widget-wrap elementor-element-populated\">\n\t\t\t\t\t\t<div class=\"elementor-element elementor-element-047ff59 elementor-widget elementor-widget-text-editor\" data-id=\"047ff59\" data-element_type=\"widget\" data-e-type=\"widget\" data-widget_type=\"text-editor.default\">\n\t\t\t\t<div class=\"elementor-widget-container\">\n\t\t\t\t\t\t\t\t\t<blockquote><p>\u201cVoldsbruken i landet er i stor grad rettet mot sivile.\u201d<\/p><\/blockquote>\t\t\t\t\t\t\t\t<\/div>\n\t\t\t\t<\/div>\n\t\t\t\t\t<\/div>\n\t\t<\/div>\n\t\t\t\t\t<\/div>\n\t\t<\/section>\n\t\t\t\t<section class=\"elementor-section elementor-top-section elementor-element elementor-element-6ac76e4e elementor-section-boxed elementor-section-height-default elementor-section-height-default\" data-id=\"6ac76e4e\" data-element_type=\"section\" data-e-type=\"section\">\n\t\t\t\t\t\t<div class=\"elementor-container elementor-column-gap-default\">\n\t\t\t\t\t<div class=\"elementor-column elementor-col-100 elementor-top-column elementor-element elementor-element-1c3457a7\" data-id=\"1c3457a7\" data-element_type=\"column\" data-e-type=\"column\">\n\t\t\t<div class=\"elementor-widget-wrap\">\n\t\t\t\t\t\t\t<\/div>\n\t\t<\/div>\n\t\t\t\t\t<\/div>\n\t\t<\/section>\n\t\t\t\t<section class=\"elementor-section elementor-top-section elementor-element elementor-element-1c40d7da elementor-section-boxed elementor-section-height-default elementor-section-height-default\" data-id=\"1c40d7da\" data-element_type=\"section\" data-e-type=\"section\">\n\t\t\t\t\t\t<div class=\"elementor-container elementor-column-gap-default\">\n\t\t\t\t\t<div class=\"elementor-column elementor-col-100 elementor-top-column elementor-element elementor-element-75a1d370\" data-id=\"75a1d370\" data-element_type=\"column\" data-e-type=\"column\">\n\t\t\t<div class=\"elementor-widget-wrap elementor-element-populated\">\n\t\t\t\t\t\t<div class=\"elementor-element elementor-element-274f354b elementor-widget elementor-widget-text-editor\" data-id=\"274f354b\" data-element_type=\"widget\" data-e-type=\"widget\" data-widget_type=\"text-editor.default\">\n\t\t\t\t<div class=\"elementor-widget-container\">\n\t\t\t\t\t\t\t\t\t<p class=\"\">Norske myndigheter kan if\u00f8lge FNs flyktningkonvensjon ekskludere personer som har beg\u00e5tt alvorlige handlinger, som for eksempel krigsforbrytelser. I Syria-sakene NOAS ser, gjelder det en del personer som har v\u00e6rt med i etterretningen til presidenten, Bashar al-Assad, eller som har kjempet mot han.<\/p><p class=\"\">Personer som blir ekskludert fra flyktningstatus, kan gis en midlertidig oppholdstillatelse fram til de ikke lenger vil v\u00e6re i fare ved en retur. Med en slik tillatelse f\u00e5r personen ikke familiegjenforening, som er sv\u00e6rt uheldig for familiemedlemmer som fortsatt befinner seg i Syria.\u00a0<\/p><h3>Syrere som kom over Storskog<\/h3><p class=\"\">125 syriske flyktninger som kom over Storskog h\u00f8sten 2015 ble nektet asyls\u00f8knaden behandlet i Norge, og ble henvist tilbake til Russland. Flyktninger som returnerer til Russland f\u00e5r ikke en forsvarlig behandling av asyls\u00f8knaden, og risikerer \u00e5 bli returnert til forf\u00f8lgelse i Syria. Les mer om Storskog-praksis <a href=\"https:\/\/www.riketstilstand.noas.no\/2018\/storskog\">her<\/a>.<\/p>\t\t\t\t\t\t\t\t<\/div>\n\t\t\t\t<\/div>\n\t\t\t\t\t<\/div>\n\t\t<\/div>\n\t\t\t\t\t<\/div>\n\t\t<\/section>\n\t\t\t\t<section class=\"elementor-section elementor-top-section elementor-element elementor-element-30583e7b elementor-section-boxed elementor-section-height-default elementor-section-height-default\" data-id=\"30583e7b\" data-element_type=\"section\" data-e-type=\"section\">\n\t\t\t\t\t\t<div class=\"elementor-container elementor-column-gap-default\">\n\t\t\t\t\t<div class=\"elementor-column elementor-col-100 elementor-top-column elementor-element elementor-element-3cd5ef59\" data-id=\"3cd5ef59\" data-element_type=\"column\" data-e-type=\"column\">\n\t\t\t<div class=\"elementor-widget-wrap elementor-element-populated\">\n\t\t\t\t\t\t<div class=\"elementor-element elementor-element-24abd334 elementor-widget elementor-widget-shortcode\" data-id=\"24abd334\" data-element_type=\"widget\" data-e-type=\"widget\" data-widget_type=\"shortcode.default\">\n\t\t\t\t<div class=\"elementor-widget-container\">\n\t\t\t\t\t\t\t<div class=\"elementor-shortcode\">[landprofiler-bottom]<\/div>\n\t\t\t\t\t\t<\/div>\n\t\t\t\t<\/div>\n\t\t\t\t\t<\/div>\n\t\t<\/div>\n\t\t\t\t\t<\/div>\n\t\t<\/section>\n\t\t\t\t<\/div>\n\t\t","protected":false},"excerpt":{"rendered":"<p>LANDPROFILER 2020 SYRIA LES UDIS PRAKSISNOTAT FOR SYRIA Norge revurderer Syria-praksis P\u00e5 grunn av borgerkrigen og den generelle voldssituasjonen i Syria, fattet UDI i 2019 ingen vedtak som inneb\u00e6rer at syriske asyls\u00f8kere m\u00e5 reise tilbake til hjemlandet. Voldsbruken i landet er i stor grad rettet mot sivile. Syriske myndigheter tillegger ofte innbyggerne en politisk oppfatning [&hellip;]<\/p>\n","protected":false},"author":1,"featured_media":0,"parent":3722,"menu_order":0,"comment_status":"closed","ping_status":"closed","template":"","meta":{"_acf_changed":false,"site-sidebar-layout":"no-sidebar","site-content-layout":"page-builder","ast-site-content-layout":"default","site-content-style":"default","site-sidebar-style":"default","ast-global-header-display":"","ast-banner-title-visibility":"","ast-main-header-display":"","ast-hfb-above-header-display":"","ast-hfb-below-header-display":"","ast-hfb-mobile-header-display":"","site-post-title":"disabled","ast-breadcrumbs-content":"","ast-featured-img":"disabled","footer-sml-layout":"","ast-disable-related-posts":"","theme-transparent-header-meta":"default","adv-header-id-meta":"","stick-header-meta":"","header-above-stick-meta":"","header-main-stick-meta":"","header-below-stick-meta":"","astra-migrate-meta-layouts":"default","ast-page-background-enabled":"default","ast-page-background-meta":{"desktop":{"background-color":"var(--ast-global-color-4)","background-image":"","background-repeat":"repeat","background-position":"center center","background-size":"auto","background-attachment":"scroll","background-type":"","background-media":"","overlay-type":"","overlay-color":"","overlay-opacity":"","overlay-gradient":""},"tablet":{"background-color":"","background-image":"","background-repeat":"repeat","background-position":"center center","background-size":"auto","background-attachment":"scroll","background-type":"","background-media":"","overlay-type":"","overlay-color":"","overlay-opacity":"","overlay-gradient":""},"mobile":{"background-color":"","background-image":"","background-repeat":"repeat","background-position":"center center","background-size":"auto","background-attachment":"scroll","background-type":"","background-media":"","overlay-type":"","overlay-color":"","overlay-opacity":"","overlay-gradient":""}},"ast-content-background-meta":{"desktop":{"background-color":"var(--ast-global-color-5)","background-image":"","background-repeat":"repeat","background-position":"center center","background-size":"auto","background-attachment":"scroll","background-type":"","background-media":"","overlay-type":"","overlay-color":"","overlay-opacity":"","overlay-gradient":""},"tablet":{"background-color":"var(--ast-global-color-5)","background-image":"","background-repeat":"repeat","background-position":"center center","background-size":"auto","background-attachment":"scroll","background-type":"","background-media":"","overlay-type":"","overlay-color":"","overlay-opacity":"","overlay-gradient":""},"mobile":{"background-color":"var(--ast-global-color-5)","background-image":"","background-repeat":"repeat","background-position":"center center","background-size":"auto","background-attachment":"scroll","background-type":"","background-media":"","overlay-type":"","overlay-color":"","overlay-opacity":"","overlay-gradient":""}},"footnotes":""},"class_list":["post-3737","page","type-page","status-publish","hentry"],"acf":[],"_links":{"self":[{"href":"https:\/\/noas.no\/riketstilstand\/wp-json\/wp\/v2\/pages\/3737","targetHints":{"allow":["GET"]}}],"collection":[{"href":"https:\/\/noas.no\/riketstilstand\/wp-json\/wp\/v2\/pages"}],"about":[{"href":"https:\/\/noas.no\/riketstilstand\/wp-json\/wp\/v2\/types\/page"}],"author":[{"embeddable":true,"href":"https:\/\/noas.no\/riketstilstand\/wp-json\/wp\/v2\/users\/1"}],"replies":[{"embeddable":true,"href":"https:\/\/noas.no\/riketstilstand\/wp-json\/wp\/v2\/comments?post=3737"}],"version-history":[{"count":34,"href":"https:\/\/noas.no\/riketstilstand\/wp-json\/wp\/v2\/pages\/3737\/revisions"}],"predecessor-version":[{"id":7543,"href":"https:\/\/noas.no\/riketstilstand\/wp-json\/wp\/v2\/pages\/3737\/revisions\/7543"}],"up":[{"embeddable":true,"href":"https:\/\/noas.no\/riketstilstand\/wp-json\/wp\/v2\/pages\/3722"}],"wp:attachment":[{"href":"https:\/\/noas.no\/riketstilstand\/wp-json\/wp\/v2\/media?parent=3737"}],"curies":[{"name":"wp","href":"https:\/\/api.w.org\/{rel}","templated":true}]}}